{"id":9888,"date":"2025-01-20T05:05:34","date_gmt":"2025-01-20T05:05:34","guid":{"rendered":"https:\/\/lofimusic.com.es\/index.php\/producto\/b08vj38cgy_es\/"},"modified":"2025-01-20T05:05:34","modified_gmt":"2025-01-20T05:05:34","slug":"b08vj38cgy_es","status":"publish","type":"product","link":"https:\/\/lofimusic.com.es\/index.php\/producto\/b08vj38cgy_es\/","title":{"rendered":"B08VJ38CGY_ES"},"content":{"rendered":"<p>&#8211; Vibrador de punto G femenino \u00fanico: gracias a la tecnolog\u00eda de pulso, experimentar\u00e1 un placer incre\u00edble de latir diferente de la vibraci\u00f3n general. Esta mujer de Juguete sexual est\u00e1 equipada con 20 potentes est\u00edmulos para satisfacer tus diferentes necesidades en diferentes momentos.<br \/>\n&#8211; Vibrador cl\u00edtoris juguetes sexuales 3 en 1: este vibradorador mujer juguetes er\u00f3ticos tiene 10 modos de vibraci\u00f3n, 5 modos de pulso y 5 modos de lamer la lengua. Est\u00e1 dise\u00f1ado para estimular y ofrecer diversas formas de explorar todo tipo de diversi\u00f3n. El volumen es inferior a 40 decibelios.<br \/>\n&#8211; Juguetes de dise\u00f1o de consolador ergon\u00f3mico: te mereces este consoladores.. para mujer con vibraci\u00f3n. Este dildo est\u00e1 equipado con modos de vibraci\u00f3n, pulso y lame de lengua que le permiten sumergirse en el mundo de los sue\u00f1os en m\u00faltiples modos. Se recomienda usar lubricantes sexuales \u00edntimos para obtener los mejores resultados.<br \/>\n&#8211; Material impermeable suave ipx 7 vibradores consoladores: el Consolador de realidad sexual femenino NS est\u00e1 hecho de silicona de alta calidad y es muy suave. El dise\u00f1o impermeable le permite disfrutar de una ba\u00f1era, ducha, jacuzzi o donde quiera. F\u00e1cil nettor.<br \/>\n&#8211; Envases prudentes y buen servicio a las mujeres: Los juguetes sexuales se entregar\u00e1n a usted en un embalaje prudente. Trabajamos constantemente para mejorar nuestros productos y servicios. succionador de cl\u00edtoris femenino\uff01<\/p>\n","protected":false},"excerpt":{"rendered":"<p>Publicidad Vibradorador Mujer Juguetes Er\u00f3ticos y Puntos G, 3 en 1 Consoladores.. para Mujer con Vibraci\u00f3n Vibrador, Succionador de Cl\u00edtoris Femenino Dildo Juguetes Sexuales de modo 10x5x5 Vibradores<\/p>\n","protected":false},"featured_media":9887,"comment_status":"open","ping_status":"closed","template":"","meta":[],"product_cat":[15],"product_tag":[],"class_list":{"0":"post-9888","1":"product","2":"type-product","3":"status-publish","4":"has-post-thumbnail","6":"product_cat-sin-categorizar","7":"nodate","8":"item-wrap","10":"first","11":"instock","12":"shipping-taxable","13":"product-type-external"},"_links":{"self":[{"href":"https:\/\/lofimusic.com.es\/index.php\/wp-json\/wp\/v2\/product\/9888","targetHints":{"allow":["GET"]}}],"collection":[{"href":"https:\/\/lofimusic.com.es\/index.php\/wp-json\/wp\/v2\/product"}],"about":[{"href":"https:\/\/lofimusic.com.es\/index.php\/wp-json\/wp\/v2\/types\/product"}],"replies":[{"embeddable":true,"href":"https:\/\/lofimusic.com.es\/index.php\/wp-json\/wp\/v2\/comments?post=9888"}],"wp:featuredmedia":[{"embeddable":true,"href":"https:\/\/lofimusic.com.es\/index.php\/wp-json\/wp\/v2\/media\/9887"}],"wp:attachment":[{"href":"https:\/\/lofimusic.com.es\/index.php\/wp-json\/wp\/v2\/media?parent=9888"}],"wp:term":[{"taxonomy":"product_cat","embeddable":true,"href":"https:\/\/lofimusic.com.es\/index.php\/wp-json\/wp\/v2\/product_cat?post=9888"},{"taxonomy":"product_tag","embeddable":true,"href":"https:\/\/lofimusic.com.es\/index.php\/wp-json\/wp\/v2\/product_tag?post=9888"}],"curies":[{"name":"wp","href":"https:\/\/api.w.org\/{rel}","templated":true}]}}