{"id":9882,"date":"2025-01-20T05:03:55","date_gmt":"2025-01-20T05:03:55","guid":{"rendered":"https:\/\/lofimusic.com.es\/index.php\/producto\/b0dj5cnmkh_es-2\/"},"modified":"2025-01-20T05:03:55","modified_gmt":"2025-01-20T05:03:55","slug":"b0dj5cnmkh_es-2","status":"publish","type":"product","link":"https:\/\/lofimusic.com.es\/index.php\/producto\/b0dj5cnmkh_es-2\/","title":{"rendered":"B0DJ5CNMKH_ES"},"content":{"rendered":"<p>&#8211; CONTENIDO DEL PAQUETE: Recibir\u00e1 una caja de toallitas limpiadoras para o\u00eddos de mascotas que contiene 50 toallitas para satisfacer sus necesidades de limpieza diarias.<br \/>\n&#8211; F\u00d3RMULA SUAVE: los dedales para el cuidado de los o\u00eddos de las mascotas contienen agua, extracto de aloe vera, extracto de aciano, vitamina E y otros ingredientes naturales, que son naturales y seguros. No irritar\u00e1 sus manos y brindar\u00e1 una limpieza suave y segura a su mascota.<br \/>\n&#8211; CUIDADO DE LOS O\u00cdDOS: los dedales para el cuidado de los o\u00eddos de las mascotas pueden reducir el olor alrededor de las orejas de la mascota, eliminar el cerumen y proporcionar efectos de limpieza e hidrataci\u00f3n para los o\u00eddos. Alivia el picor y las molestias en los o\u00eddos de tu mascota, previene infecciones de o\u00eddo y mejora el confort de tu mascota.<br \/>\n&#8211; DISE\u00d1O EN FORMA DE DEDO: los dedales para el cuidado de los o\u00eddos adoptan un dise\u00f1o en forma de dedo, que es c\u00f3modo de usar, flexible y f\u00e1cil de usar. Tambi\u00e9n se adapta bien a las curvas de las orejas de tu mascota, proporcionando mejores resultados de limpieza.<br \/>\n&#8211; C\u00d3MO UTILIZAR: Despu\u00e9s de colocar la toallita h\u00fameda en el dedo, \u00fasela para limpiar suavemente la aur\u00edcula y el canal auditivo externo de su mascota. Tambi\u00e9n puede realizar un masaje lento para ayudar a su mascota a limpiarse y relajarse.<\/p>\n","protected":false},"excerpt":{"rendered":"<p>Publicidad KMANGMAN 50 Pcs Limpiador Orejas Perros,Limpiador Oidos Perros,Limpia Orejas para Perros,Limpiar Orejas Perro,Toallitas Higiene Almohadillas de Dedo para Cuidado e Higiene Orejas Perros<\/p>\n","protected":false},"featured_media":9881,"comment_status":"open","ping_status":"closed","template":"","meta":[],"product_cat":[15],"product_tag":[],"class_list":{"0":"post-9882","1":"product","2":"type-product","3":"status-publish","4":"has-post-thumbnail","6":"product_cat-sin-categorizar","7":"nodate","8":"item-wrap","10":"first","11":"instock","12":"shipping-taxable","13":"product-type-external"},"_links":{"self":[{"href":"https:\/\/lofimusic.com.es\/index.php\/wp-json\/wp\/v2\/product\/9882","targetHints":{"allow":["GET"]}}],"collection":[{"href":"https:\/\/lofimusic.com.es\/index.php\/wp-json\/wp\/v2\/product"}],"about":[{"href":"https:\/\/lofimusic.com.es\/index.php\/wp-json\/wp\/v2\/types\/product"}],"replies":[{"embeddable":true,"href":"https:\/\/lofimusic.com.es\/index.php\/wp-json\/wp\/v2\/comments?post=9882"}],"wp:featuredmedia":[{"embeddable":true,"href":"https:\/\/lofimusic.com.es\/index.php\/wp-json\/wp\/v2\/media\/9881"}],"wp:attachment":[{"href":"https:\/\/lofimusic.com.es\/index.php\/wp-json\/wp\/v2\/media?parent=9882"}],"wp:term":[{"taxonomy":"product_cat","embeddable":true,"href":"https:\/\/lofimusic.com.es\/index.php\/wp-json\/wp\/v2\/product_cat?post=9882"},{"taxonomy":"product_tag","embeddable":true,"href":"https:\/\/lofimusic.com.es\/index.php\/wp-json\/wp\/v2\/product_tag?post=9882"}],"curies":[{"name":"wp","href":"https:\/\/api.w.org\/{rel}","templated":true}]}}