{"id":9848,"date":"2025-01-19T16:28:18","date_gmt":"2025-01-19T16:28:18","guid":{"rendered":"https:\/\/lofimusic.com.es\/index.php\/producto\/b0dfpscc79_fr\/"},"modified":"2025-01-19T16:28:18","modified_gmt":"2025-01-19T16:28:18","slug":"b0dfpscc79_fr","status":"publish","type":"product","link":"https:\/\/lofimusic.com.es\/index.php\/producto\/b0dfpscc79_fr\/","title":{"rendered":"B0DFPSCC79_FR"},"content":{"rendered":"<p>&#8211; \u3010Rampe de r\u00e9cif de corail professionnelle\u3011 Cette rampe de r\u00e9cif de corail poss\u00e8de 338 puces LED, contient des LED rouges, bleues, violettes, blanches et vertes et simule parfaitement la lumi\u00e8re naturelle du soleil n\u00e9cessaire \u00e0 la croissance des coraux et des poissons. La lumi\u00e8re rouge peut favoriser une croissance saine des poissons; La lumi\u00e8re bleue peut favoriser la vitamine D pour que les coraux SPS LPS absorbent le calcium et atteignent une croissance saine.<br \/>\n&#8211; \u30103 modes d&#8217;\u00e9clairage et 5 niveaux de gradation\u3011 Rampe led aquarium eau de mer est fourni avec une t\u00e9l\u00e9commande avec laquelle vous pouvez r\u00e9gler la lumi\u00e8re de votre aquarium dans le confort de votre canap\u00e9. 3 modes d&#8217;\u00e9clairage diff\u00e9rents (blanc \/ bleu \/ blanc avec lumi\u00e8re bleue), 5 niveaux de gradation, tous r\u00e9glables via la t\u00e9l\u00e9commande, afin que vous puissiez r\u00e9gler l&#8217;intensit\u00e9 lumineuse et le spectre de rampe led aquarium eau de mer.<br \/>\n&#8211; \u3010Pas de ventilateur, pas de bruit\u3011 Rampe led aquarium eau de mer est \u00e9quip\u00e9 d&#8217;un panneau arri\u00e8re en aluminium aviation avanc\u00e9 et d&#8217;un petit refroidisseur, qui contribuent tous deux \u00e0 garantir que rampe led aquarium eau de mer a une excellente dissipation thermique. La conception sans ventilateur garantit des conditions de travail optimales pour rampe led aquarium eau de mer et vous permet de profiter d&#8217;un climat ambiant calme.<br \/>\n&#8211; \u3010\u00e9clairage LED aquarium marin fiable\u3011 Nous ne sommes pas seulement le vendeur, mais \u00e9galement un fabricant professionnel avec de nombreuses ann\u00e9es d&#8217;exp\u00e9rience en R&amp;D et en production de \u00e9clairage LED aquarium. Cette \u00e9clairage LED aquarium marin convient aux aquariums, aux r\u00e9servoirs d&#8217;eau douce et aux r\u00e9servoirs d&#8217;eau de mer, aux coraux LPS et SPS, favorise la croissance des coraux, des r\u00e9cifs coralliens, des poissons et des plantes.<\/p>\n","protected":false},"excerpt":{"rendered":"<p>publicit\u00e9Relassy Rampe LED Aquarium, 60W Dimmable \u00c9clairage Aquarium avec T\u00e9l\u00e9commande, Lampe Led Aquarium pour d&#8217;eau de mer R\u00e9cifs Coralliens<\/p>\n","protected":false},"featured_media":9847,"comment_status":"open","ping_status":"closed","template":"","meta":[],"product_cat":[15],"product_tag":[],"class_list":{"0":"post-9848","1":"product","2":"type-product","3":"status-publish","4":"has-post-thumbnail","6":"product_cat-sin-categorizar","7":"nodate","8":"item-wrap","10":"first","11":"instock","12":"shipping-taxable","13":"product-type-external"},"_links":{"self":[{"href":"https:\/\/lofimusic.com.es\/index.php\/wp-json\/wp\/v2\/product\/9848","targetHints":{"allow":["GET"]}}],"collection":[{"href":"https:\/\/lofimusic.com.es\/index.php\/wp-json\/wp\/v2\/product"}],"about":[{"href":"https:\/\/lofimusic.com.es\/index.php\/wp-json\/wp\/v2\/types\/product"}],"replies":[{"embeddable":true,"href":"https:\/\/lofimusic.com.es\/index.php\/wp-json\/wp\/v2\/comments?post=9848"}],"wp:featuredmedia":[{"embeddable":true,"href":"https:\/\/lofimusic.com.es\/index.php\/wp-json\/wp\/v2\/media\/9847"}],"wp:attachment":[{"href":"https:\/\/lofimusic.com.es\/index.php\/wp-json\/wp\/v2\/media?parent=9848"}],"wp:term":[{"taxonomy":"product_cat","embeddable":true,"href":"https:\/\/lofimusic.com.es\/index.php\/wp-json\/wp\/v2\/product_cat?post=9848"},{"taxonomy":"product_tag","embeddable":true,"href":"https:\/\/lofimusic.com.es\/index.php\/wp-json\/wp\/v2\/product_tag?post=9848"}],"curies":[{"name":"wp","href":"https:\/\/api.w.org\/{rel}","templated":true}]}}