{"id":9824,"date":"2025-01-19T11:12:54","date_gmt":"2025-01-19T11:12:54","guid":{"rendered":"https:\/\/lofimusic.com.es\/index.php\/producto\/b0dpfz8bdd_es-3\/"},"modified":"2025-01-19T11:12:54","modified_gmt":"2025-01-19T11:12:54","slug":"b0dpfz8bdd_es-3","status":"publish","type":"product","link":"https:\/\/lofimusic.com.es\/index.php\/producto\/b0dpfz8bdd_es-3\/","title":{"rendered":"B0DPFZ8BDD_ES"},"content":{"rendered":"<p>&#8211; [Equipado con altavoces HiFi] Los altavoces envolventes independientes de 5W ofrecen una calidad de sonido excepcional, brindando una experiencia de audio inigualable. El dise\u00f1o de los altavoces independientes mejora eficazmente la disipaci\u00f3n del calor, lo que los hace m\u00e1s adecuados para cine en casa, juegos y otras actividades de entretenimiento.<br \/>\n&#8211; [Proyector de cine en casa Full HD] El proyector Sepymp tiene una luminosidad de hasta 350 ANSI l\u00famenes, asegurando im\u00e1genes proyectadas brillantes y detalladas. Su resoluci\u00f3n es de 1920x1080p y admite reproducci\u00f3n de video en 4K, permiti\u00e9ndole disfrutar de una experiencia visual en alta definici\u00f3n a\u00fan m\u00e1s inmersiva.<br \/>\n&#8211; [Funci\u00f3n de ajuste inteligente] A trav\u00e9s del enfoque electr\u00f3nico y la correcci\u00f3n trapezoidal vertical, puede ajustar f\u00e1cilmente la imagen para garantizar un efecto de proyecci\u00f3n perfecto que satisfaga diferentes necesidades de proyecci\u00f3n.<br \/>\n&#8211; [Ajuste flexible y proyecci\u00f3n en pantalla grande] Equipado con un soporte rotatorio de 180 grados, le permite ajustar f\u00e1cilmente el \u00e1ngulo de proyecci\u00f3n. Puede proyectar im\u00e1genes claras en pantallas de 30 a 130 pulgadas, transformando su sala de estar u otras \u00e1reas de su hogar en un verdadero cine.<br \/>\n&#8211; [Combinaci\u00f3n de portabilidad e inteligencia] Equipado con Wi-Fi 6, Bluetooth 5.0 y el sistema operativo Android 11, con dimensiones de 3.7 x 3.7 x 9.1 pulgadas, es ligero y f\u00e1cil de transportar, lo que lo convierte en una opci\u00f3n ideal para el hogar, la oficina y actividades al aire libre.<\/p>\n","protected":false},"excerpt":{"rendered":"<p>Publicidad Mini Proyector Port\u00e1til, Proyector SEPYMP 4K, Altavoz Independiente de 5 Watts, HD 1080P, 350 ANSI, Android 11, Correcci\u00f3n Trapezoidal Vertical Autom\u00e1tica, Preinstalado con Youtube, Netflix.<\/p>\n","protected":false},"featured_media":9823,"comment_status":"open","ping_status":"closed","template":"","meta":[],"product_cat":[15],"product_tag":[],"class_list":{"0":"post-9824","1":"product","2":"type-product","3":"status-publish","4":"has-post-thumbnail","6":"product_cat-sin-categorizar","7":"nodate","8":"item-wrap","10":"first","11":"instock","12":"shipping-taxable","13":"product-type-external"},"_links":{"self":[{"href":"https:\/\/lofimusic.com.es\/index.php\/wp-json\/wp\/v2\/product\/9824","targetHints":{"allow":["GET"]}}],"collection":[{"href":"https:\/\/lofimusic.com.es\/index.php\/wp-json\/wp\/v2\/product"}],"about":[{"href":"https:\/\/lofimusic.com.es\/index.php\/wp-json\/wp\/v2\/types\/product"}],"replies":[{"embeddable":true,"href":"https:\/\/lofimusic.com.es\/index.php\/wp-json\/wp\/v2\/comments?post=9824"}],"wp:featuredmedia":[{"embeddable":true,"href":"https:\/\/lofimusic.com.es\/index.php\/wp-json\/wp\/v2\/media\/9823"}],"wp:attachment":[{"href":"https:\/\/lofimusic.com.es\/index.php\/wp-json\/wp\/v2\/media?parent=9824"}],"wp:term":[{"taxonomy":"product_cat","embeddable":true,"href":"https:\/\/lofimusic.com.es\/index.php\/wp-json\/wp\/v2\/product_cat?post=9824"},{"taxonomy":"product_tag","embeddable":true,"href":"https:\/\/lofimusic.com.es\/index.php\/wp-json\/wp\/v2\/product_tag?post=9824"}],"curies":[{"name":"wp","href":"https:\/\/api.w.org\/{rel}","templated":true}]}}