{"id":9820,"date":"2025-01-18T23:04:49","date_gmt":"2025-01-18T23:04:49","guid":{"rendered":"https:\/\/lofimusic.com.es\/index.php\/producto\/b0d1xfmt3q_es\/"},"modified":"2025-01-18T23:04:49","modified_gmt":"2025-01-18T23:04:49","slug":"b0d1xfmt3q_es","status":"publish","type":"product","link":"https:\/\/lofimusic.com.es\/index.php\/producto\/b0d1xfmt3q_es\/","title":{"rendered":"B0D1XFMT3Q_ES"},"content":{"rendered":"<p>&#8211; \u3010Potente Arrancador de Coches\u3011: Este arrancador de coche es un arrancador de coche port\u00e1til de 12 V (hasta para 8L Gasolina o 6L Diesel ). El arrancador de coches de YUSMAN genera una corriente m\u00e1xima de 4000A en segundos y es perfecto para motos, coches, camiones, scooters, barcos, veh\u00edculos recreativos o tractores.<br \/>\n&#8211; \u3010Arrancador de Coche R\u00e1pida de 12800mAh\u3011\uff1aEste no es solo un arrancador de baterias de coche,sino tambi\u00e9n un Power Bank con una capacidad de 12800 mAh. 4 paquetes de bater\u00edas incorporados m\u00e1s delgados y de gran capacidad, dise\u00f1ados con 2 salidas USB y entrada\/salida tipo C(Equipado con una salida de carga r\u00e1pida 3.0), puede cargar completamente sus tel\u00e9fonos celulares, tabletas y otros dispositivos m\u00f3viles al mismo tiempo como suplemento en caso de emergencia.<br \/>\n&#8211; \u30104 modos de luz LED\u3011: Este arrancador de coches tiene 4 modos de luz LED que se pueden cambiar: linterna \/ estrobosc\u00f3pico \/ SOS \/ advertencia. Por ello, es de gran ayuda para largas distancias, aventuras al aire libre, para el d\u00eda a d\u00eda, cualquier emergencia, viajes, etc.<br \/>\n&#8211; \u3010Clip de arranque inteligente y pantalla LCD integrada\u3011: El arrancador de bater\u00eda funciona con pinzas de arranque inteligentes a prueba de chispas protecci\u00f3n antipolar,que proporcionan m\u00faltiples protecciones de seguridad para garantizar su uso seguro. Nuestro producto adopta una Pantalla LCD todo en uno la gran pantalla LCD puede mostrar datos importantes como la potencia de la bater\u00eda, el estado de carga y la temperatura anormal de la bater\u00eda, puede hacer que su uso sea m\u00e1s c\u00f3modo y claro.<br \/>\n&#8211; \u3010Dise\u00f1o compacto y port\u00e1til\u3011: Este arrancador de coches tiene un estuche de almacenamiento de EVA que le permite almacenar este arrancador de baterias de coche m\u00e1s convenientemente. El arrancador del coches del coche es construcci\u00f3n ligera permite que usted lo lleve con usted dondequiera que usted vaya, asegur\u00e1ndose que usted nunca consigue varado con una bater\u00eda muerta otra vez.<br \/>\n&#8211; \u3010Este producto contiene\u3011:1 x arrancador de coche,1 x abrazaderas inteligentes,1 x cable USB a type-c,1 x manual de usuario,1 x almacenamiento de EVA. Adem\u00e1s, lea las instrucciones cuidadosamente antes de usar para evitar un funcionamiento incorrecto.\u00a1Cualquier pregunta sobre el producto siempre se puede dejar un mensaje a nuestro fondo!<\/p>\n","protected":false},"excerpt":{"rendered":"<p>Publicidad YUSMAN Arrancador de Coches,4000A Arrancador de Baterias de Coche, 12V Arrancador de Coche Port\u00e1til con para 8L Gasolina o 6L Diesel, Linterna LED de Emergencia,Carga R\u00e1pida,Pantalla LCD Extragrande<\/p>\n","protected":false},"featured_media":9819,"comment_status":"open","ping_status":"closed","template":"","meta":[],"product_cat":[15],"product_tag":[],"class_list":{"0":"post-9820","1":"product","2":"type-product","3":"status-publish","4":"has-post-thumbnail","6":"product_cat-sin-categorizar","7":"nodate","8":"item-wrap","10":"first","11":"instock","12":"shipping-taxable","13":"product-type-external"},"_links":{"self":[{"href":"https:\/\/lofimusic.com.es\/index.php\/wp-json\/wp\/v2\/product\/9820","targetHints":{"allow":["GET"]}}],"collection":[{"href":"https:\/\/lofimusic.com.es\/index.php\/wp-json\/wp\/v2\/product"}],"about":[{"href":"https:\/\/lofimusic.com.es\/index.php\/wp-json\/wp\/v2\/types\/product"}],"replies":[{"embeddable":true,"href":"https:\/\/lofimusic.com.es\/index.php\/wp-json\/wp\/v2\/comments?post=9820"}],"wp:featuredmedia":[{"embeddable":true,"href":"https:\/\/lofimusic.com.es\/index.php\/wp-json\/wp\/v2\/media\/9819"}],"wp:attachment":[{"href":"https:\/\/lofimusic.com.es\/index.php\/wp-json\/wp\/v2\/media?parent=9820"}],"wp:term":[{"taxonomy":"product_cat","embeddable":true,"href":"https:\/\/lofimusic.com.es\/index.php\/wp-json\/wp\/v2\/product_cat?post=9820"},{"taxonomy":"product_tag","embeddable":true,"href":"https:\/\/lofimusic.com.es\/index.php\/wp-json\/wp\/v2\/product_tag?post=9820"}],"curies":[{"name":"wp","href":"https:\/\/api.w.org\/{rel}","templated":true}]}}