{"id":9784,"date":"2025-01-17T10:45:06","date_gmt":"2025-01-17T10:45:06","guid":{"rendered":"https:\/\/lofimusic.com.es\/index.php\/producto\/b0dqg1lq9k_de\/"},"modified":"2025-01-17T10:45:06","modified_gmt":"2025-01-17T10:45:06","slug":"b0dqg1lq9k_de","status":"publish","type":"product","link":"https:\/\/lofimusic.com.es\/index.php\/producto\/b0dqg1lq9k_de\/","title":{"rendered":"B0DQG1LQ9K_DE"},"content":{"rendered":"<p>&#8211; Bluetooth Anruf und Information Erinnerung: Die Smartwatch verf\u00fcgt \u00fcber ein integriertes Mikrofon und einen Lautsprecher. Nach dem Herstellen einer Bluetooth Verbindung k\u00f6nnen Sie jederzeit und \u00fcberall direkt auf der Uhr Anrufe entgegennehmen oder t\u00e4tigen. Sie k\u00f6nnen \u00fcber Ihre Smartwatch auch Informationsbenachrichtigungen erhalten (Textnachrichten, Nachrichten von Facebook, WhatsApp, Instagram usw.).<br \/>\n&#8211; 1,85&#8243; HD Display und Personalisiertes Zifferblatt: Smartwatch Damen Herren verf\u00fcgen \u00fcber einen 1,85 Zoll Full Touch Farbbildschirm f\u00fcr ein ultrascharfes und breites Anzeigeerlebnis. Die Helligkeit wird manuell angepasst, um Daten auch bei starkem Licht deutlich anzuzeigen. In der smartwatch App stehen \u00fcber 100 Online-Zifferbl\u00e4tter zur Auswahl. Sie k\u00f6nnen auch Fotos anpassen und sie in Ihrem bevorzugten Zifferblattstil gestalten.<br \/>\n&#8211; Gesundheits \u00dcberwachungssystem: Die fitnessuhr herren verf\u00fcgt \u00fcber eine integrierte hochpr\u00e4zise LC11S-Sensortechnologie, mit der Sie 24 Stunden am Tag Ihre Herzfrequenz\/Blutsauerstoffs\u00e4ttigung\/Schlaf \u00fcberwachen k\u00f6nnen, damit Sie Ihre k\u00f6rperliche Gesundheit besser verstehen k\u00f6nnen. Die Fitnessuhr zeichnet au\u00dferdem t\u00e4gliche Schritte, Distanz und Kalorien auf Verbrauch. Smart watch herren verf\u00fcgen au\u00dferdem \u00fcber viele praktische Funktionen, wie Wettervorhersage, Musiksteuerung, Wecker, Telefon finden etc.<br \/>\n&#8211; 112+ Sportmodi und IP68 Wasserdicht: Diese Smartwatch Damen Herren unterst\u00fctzt 112+ Sportmodi (Laufen im Freien, Radfahren, Seilspringen, etc). Messen Sie Ihr Trainingsvolumen und Ihren Kalorienverbrauch in Echtzeit, um Ihnen dabei zu helfen, die Trainingsintensit\u00e4t so anzupassen, dass Sie den besten Trainingseffekt erzielen. Und die fitnessuhr herren verf\u00fcgt \u00fcber ein wasserdichtes IP68 Design, Es kann Ihren t\u00e4glichen wasserdichten Bedarf vollst\u00e4ndig decken.<br \/>\n&#8211; 30 Tage langer Standby und Kompatibilit\u00e4t: Die smart watch ist mit einer Hochleistungsbatterie ausgestattet, erm\u00f6glicht magnetisches Schnellladen f\u00fcr eine lange Akkulaufzeit. Eine 2 st\u00fcndige Aufladung erm\u00f6glicht eine Nutzungsdauer von 7 Tagen und eine Standby Zeit von 30 Tagen. Die Smartwatch herren ist mit Smartphones mit Android 5.0 oder iOS 9.0 und h\u00f6her kompatibel. Sie k\u00f6nnen auch die exklusive Smartwatch APP \u201eGloryFit\u201c herunterladen, um Uhrendaten anzuzeigen und zu steuern.<\/p>\n","protected":false},"excerpt":{"rendered":"<p>Werbung<br \/>\nSmartwatch Damen Herren mit Telefonfunktion, 1.85\u00bb Zoll HD Smart Watch, 112+ Sportmodi Sportuhr mit Pulsuhr\/Schlafmonitor, IP68 Wasserdicht Fitnessuhr mit Information Erinnerung f\u00fcr iOS Android<\/p>\n","protected":false},"featured_media":9782,"comment_status":"open","ping_status":"closed","template":"","meta":[],"product_cat":[15],"product_tag":[],"class_list":{"0":"post-9784","1":"product","2":"type-product","3":"status-publish","4":"has-post-thumbnail","6":"product_cat-sin-categorizar","7":"nodate","8":"item-wrap","10":"first","11":"instock","12":"shipping-taxable","13":"product-type-external"},"_links":{"self":[{"href":"https:\/\/lofimusic.com.es\/index.php\/wp-json\/wp\/v2\/product\/9784","targetHints":{"allow":["GET"]}}],"collection":[{"href":"https:\/\/lofimusic.com.es\/index.php\/wp-json\/wp\/v2\/product"}],"about":[{"href":"https:\/\/lofimusic.com.es\/index.php\/wp-json\/wp\/v2\/types\/product"}],"replies":[{"embeddable":true,"href":"https:\/\/lofimusic.com.es\/index.php\/wp-json\/wp\/v2\/comments?post=9784"}],"wp:featuredmedia":[{"embeddable":true,"href":"https:\/\/lofimusic.com.es\/index.php\/wp-json\/wp\/v2\/media\/9782"}],"wp:attachment":[{"href":"https:\/\/lofimusic.com.es\/index.php\/wp-json\/wp\/v2\/media?parent=9784"}],"wp:term":[{"taxonomy":"product_cat","embeddable":true,"href":"https:\/\/lofimusic.com.es\/index.php\/wp-json\/wp\/v2\/product_cat?post=9784"},{"taxonomy":"product_tag","embeddable":true,"href":"https:\/\/lofimusic.com.es\/index.php\/wp-json\/wp\/v2\/product_tag?post=9784"}],"curies":[{"name":"wp","href":"https:\/\/api.w.org\/{rel}","templated":true}]}}