{"id":9774,"date":"2025-01-17T10:30:44","date_gmt":"2025-01-17T10:30:44","guid":{"rendered":"https:\/\/lofimusic.com.es\/index.php\/producto\/b0cc4spbjq_fr\/"},"modified":"2025-01-17T10:30:44","modified_gmt":"2025-01-17T10:30:44","slug":"b0cc4spbjq_fr","status":"publish","type":"product","link":"https:\/\/lofimusic.com.es\/index.php\/producto\/b0cc4spbjq_fr\/","title":{"rendered":"B0CC4SPBJQ_FR"},"content":{"rendered":"<p>&#8211; Hauteur r\u00e9glable \u00e0 3 niveaux : Ce trotteur r\u00e9glable sur 3 niveaux (51\/53\/55 cm) s&#8217;adapte aux diff\u00e9rents stades de d\u00e9veloppement de votre enfant, de sorte que votre petit ange est toujours dans la position id\u00e9ale. De plus, cela permet d&#8217;\u00e9viter les jambes en O.<br \/>\n&#8211; S\u00e9curit\u00e9 avant tout: Ce trotteur en PP et m\u00e9tal de haute qualit\u00e9 est dot\u00e9 de 6 patins antid\u00e9rapants et de bords arrondis lisses pour une utilisation s\u00fbre et saine. La diff\u00e9rence de distance de s\u00e9curit\u00e9 de 9 cm rend l&#8217;apprentissage de la marche plus s\u00fbr et \u00e9vite les collisions violentes.<br \/>\n&#8211; Coussin amovible et confortable : Le coussin doux et respirant offre \u00e0 votre enfant un si\u00e8ge confortable et pr\u00e9vient la transpiration et les allergies sur la peau d\u00e9licate. Le dossier sur\u00e9lev\u00e9 offre un soutien fiable. De plus, le coussin amovible et lavable en machine facilite le nettoyage en profondeur, ce qui permet \u00e0 votre b\u00e9b\u00e9 de l&#8217;utiliser de mani\u00e8re plus hygi\u00e9nique.<br \/>\n&#8211; Trotteur pliable : Lorsqu&#8217;il n&#8217;est pas utilis\u00e9, vous pouvez facilement plier ce trotteur dans une taille compacte dans plusieurs pi\u00e8ces pour \u00e9conomiser de l&#8217;espace. Une fois repli\u00e9, il se range facilement sous un lit, dans un coin, ou dans le coffre d&#8217;une voiture lors d&#8217;un d\u00e9m\u00e9nagement.<br \/>\n&#8211; Apprentissage et divertissement 2 en 1 : En plus d&#8217;aider votre enfant \u00e0 apprendre \u00e0 marcher, ce trotteur multifonctionnel est dot\u00e9 d&#8217;un grand plateau de rangement et d&#8217;une barre de jouets amovible pour que votre enfant s&#8217;amuse encore plus. L&#8217;aspect mignon et la vari\u00e9t\u00e9 des jouets attireront l&#8217;attention de l&#8217;enfant et l&#8217;amuseront.<\/p>\n","protected":false},"excerpt":{"rendered":"<p>publicit\u00e9GOPLUS Trotteur B\u00e9b\u00e9 Fille Gar\u00e7on 6-36 Mois, Trotteur Bebe Evolutif 2 en 1 avec 3 Jouets, Trotteur Pliable Hauteur R\u00e9glable \u00e0 3 Niveaux, Marcheur pour B\u00e9b\u00e9 avec Coussin Souple D\u00e9tachable, Gris<\/p>\n","protected":false},"featured_media":9773,"comment_status":"open","ping_status":"closed","template":"","meta":[],"product_cat":[15],"product_tag":[],"class_list":{"0":"post-9774","1":"product","2":"type-product","3":"status-publish","4":"has-post-thumbnail","6":"product_cat-sin-categorizar","7":"nodate","8":"item-wrap","10":"first","11":"instock","12":"shipping-taxable","13":"product-type-external"},"_links":{"self":[{"href":"https:\/\/lofimusic.com.es\/index.php\/wp-json\/wp\/v2\/product\/9774","targetHints":{"allow":["GET"]}}],"collection":[{"href":"https:\/\/lofimusic.com.es\/index.php\/wp-json\/wp\/v2\/product"}],"about":[{"href":"https:\/\/lofimusic.com.es\/index.php\/wp-json\/wp\/v2\/types\/product"}],"replies":[{"embeddable":true,"href":"https:\/\/lofimusic.com.es\/index.php\/wp-json\/wp\/v2\/comments?post=9774"}],"wp:featuredmedia":[{"embeddable":true,"href":"https:\/\/lofimusic.com.es\/index.php\/wp-json\/wp\/v2\/media\/9773"}],"wp:attachment":[{"href":"https:\/\/lofimusic.com.es\/index.php\/wp-json\/wp\/v2\/media?parent=9774"}],"wp:term":[{"taxonomy":"product_cat","embeddable":true,"href":"https:\/\/lofimusic.com.es\/index.php\/wp-json\/wp\/v2\/product_cat?post=9774"},{"taxonomy":"product_tag","embeddable":true,"href":"https:\/\/lofimusic.com.es\/index.php\/wp-json\/wp\/v2\/product_tag?post=9774"}],"curies":[{"name":"wp","href":"https:\/\/api.w.org\/{rel}","templated":true}]}}