{"id":9772,"date":"2025-01-17T10:28:42","date_gmt":"2025-01-17T10:28:42","guid":{"rendered":"https:\/\/lofimusic.com.es\/index.php\/producto\/b0cs39f24c_fr\/"},"modified":"2025-01-17T10:28:42","modified_gmt":"2025-01-17T10:28:42","slug":"b0cs39f24c_fr","status":"publish","type":"product","link":"https:\/\/lofimusic.com.es\/index.php\/producto\/b0cs39f24c_fr\/","title":{"rendered":"B0CS39F24C_FR"},"content":{"rendered":"<p>&#8211; Plateau r\u00e9glable multifonctionnel : Les deux petits plateaux r\u00e9glables peuvent \u00eatre utilis\u00e9s comme pupitre pour lire ou comme planches \u00e0 dessin permettant aux enfants de lib\u00e9rer leurs talents de peintre. Bien entendu, ils peuvent \u00e9galement former un grand plateau magn\u00e9tique pour faciliter les \u00e9tudes ou les repas.<br \/>\n&#8211; 3 hauteurs r\u00e9glables : La hauteur est r\u00e9glable entre 45 cm, 50 cm et 55 cm, cette table d&#8217;art pour enfants convient aux enfants de diff\u00e9rentes hauteurs. La table est associ\u00e9e \u00e0 une chaise ergonomique, permettant aux enfants de 1 \u00e0 12 ans de trouver leur position la plus confortable.<br \/>\n&#8211; Grand espace de rangement : En plus du bureau spacieux, cette table pour enfants est \u00e9galement con\u00e7ue avec des plumiers int\u00e9gr\u00e9s et des paniers de rangement suppl\u00e9mentaires pour ranger divers articles de papeterie et jouets. De plus, le support de stockage sous le bureau enrichit encore l&#8217;espace de stockage. Cela aide les enfants \u00e0 d\u00e9velopper de bonnes habitudes de stockage.<br \/>\n&#8211; Conception adapt\u00e9e aux enfants : Fabriqu\u00e9 en PP et PE de haute qualit\u00e9, cette table \u00e0 dessin durable et robuste peut garantir la s\u00e9curit\u00e9 d&#8217;utilisation. La conception \u00e0 bords arrondis prot\u00e8ge les enfants des rayures et des abrasions. De plus, une chaise avec de jolies oreilles de lapin peut attirer l&#8217;int\u00e9r\u00eat de votre enfant.<br \/>\n&#8211; Accessoires riches et montage simple : Le processus d&#8217;installation est simple et ne n\u00e9cessite aucun outil suppl\u00e9mentaire, ce qui vous permet d&#8217;\u00e9conomiser du temps et de l&#8217;\u00e9nergie. En plus de la table et de la chaise, vous recevrez une gomme, 12 stylos aquarelle et 26 lettres magn\u00e9tiques pour une utilisation plus facile. Des lettres magn\u00e9tiques peuvent \u00eatre fix\u00e9es sur des tableaux magn\u00e9tiques.<\/p>\n","protected":false},"excerpt":{"rendered":"<p>publicit\u00e9GOPLUS Table Enfant avec Chaise, Table d&#8217;art avec 2 Plateaux R\u00e9versibles pour Lire, Dessiner, Manger, Table d&#8217;Activit\u00e9s pour 1-12 Ans avec Tableaux Magn\u00e9tiques, Panier de Rangement, Gris<\/p>\n","protected":false},"featured_media":9771,"comment_status":"open","ping_status":"closed","template":"","meta":[],"product_cat":[15],"product_tag":[],"class_list":{"0":"post-9772","1":"product","2":"type-product","3":"status-publish","4":"has-post-thumbnail","6":"product_cat-sin-categorizar","7":"nodate","8":"item-wrap","10":"first","11":"instock","12":"shipping-taxable","13":"product-type-external"},"_links":{"self":[{"href":"https:\/\/lofimusic.com.es\/index.php\/wp-json\/wp\/v2\/product\/9772","targetHints":{"allow":["GET"]}}],"collection":[{"href":"https:\/\/lofimusic.com.es\/index.php\/wp-json\/wp\/v2\/product"}],"about":[{"href":"https:\/\/lofimusic.com.es\/index.php\/wp-json\/wp\/v2\/types\/product"}],"replies":[{"embeddable":true,"href":"https:\/\/lofimusic.com.es\/index.php\/wp-json\/wp\/v2\/comments?post=9772"}],"wp:featuredmedia":[{"embeddable":true,"href":"https:\/\/lofimusic.com.es\/index.php\/wp-json\/wp\/v2\/media\/9771"}],"wp:attachment":[{"href":"https:\/\/lofimusic.com.es\/index.php\/wp-json\/wp\/v2\/media?parent=9772"}],"wp:term":[{"taxonomy":"product_cat","embeddable":true,"href":"https:\/\/lofimusic.com.es\/index.php\/wp-json\/wp\/v2\/product_cat?post=9772"},{"taxonomy":"product_tag","embeddable":true,"href":"https:\/\/lofimusic.com.es\/index.php\/wp-json\/wp\/v2\/product_tag?post=9772"}],"curies":[{"name":"wp","href":"https:\/\/api.w.org\/{rel}","templated":true}]}}