{"id":9763,"date":"2025-01-16T20:23:35","date_gmt":"2025-01-16T20:23:35","guid":{"rendered":"https:\/\/lofimusic.com.es\/index.php\/producto\/b0dkwn77yw_fr\/"},"modified":"2025-01-16T20:23:35","modified_gmt":"2025-01-16T20:23:35","slug":"b0dkwn77yw_fr","status":"publish","type":"product","link":"https:\/\/lofimusic.com.es\/index.php\/producto\/b0dkwn77yw_fr\/","title":{"rendered":"B0DKWN77YW_FR"},"content":{"rendered":"<p>&#8211; \u2705\u301010 Gbps Transmission \u00e0 Grande Vitesse\u3011 M.2 NVMe utilise la derni\u00e8re interface USB 3.1 Gen 2 et supporte la vitesse de transfert de donn\u00e9es th\u00e9orique allant jusqu&#8217;\u00e0 10 Gbps, sans avoir \u00e0 supporter des transferts lents et erratiques. Un transfert de film HD ne prend que 2 secondes. Il prend en charge les fonctions UASP, TRIM, S.M.A.R.T. La vitesse de transfert r\u00e9elle d\u00e9pend de la vitesse du SSD et du type de port USB.<br \/>\n&#8211; \u2705\u3010Conception et Conviviale Installation plug-and-play \u3011Aucun pilote n&#8217;est requis pour ce bo\u00eetier SSD M.2. Ouvrez simplement le couvercle, ins\u00e9rez le pilote, fermez le couvercle et branchez et jouez. L&#8217;int\u00e9rieur est compact et stable et ne tremble pas.<br \/>\n&#8211; \u2705\u3010Bonne Dissipation Thermique Conception transparente\u3011Conception transparente qui est non seulement robuste et durable, Vous permet de conna\u00eetre l&#8217;\u00e9tat de fonctionnement de l&#8217;\u00e9quipement en temps r\u00e9el mais offre \u00e9galement une excellente dissipation de la chaleur, offrant \u00e0 votre SSD les meilleures performances et une dur\u00e9e de vie plus longue.<br \/>\n&#8211; \u2705\u3010Forte Compatibilit\u00e9\u3011Ce bo\u00eetier SATA NVME est compatible avec SATA et NVMe en taille 2242\/2260\/2280, comme la cl\u00e9 M.2 NVMe\/SATA PCIe M key SSD.Bo\u00eetier SATA NVME compatible avec plusieurs syst\u00e8mes d&#8217;exploitation, Windows, Mac OS, Linux, Android. Compatible avec Thunderbolt 3, prend en charge UASP\/Trim avec une vitesse de transmission ultra-rapide. Il prend en charge le Plug &amp; Play et le remplacement \u00e0 chaud.<br \/>\n&#8211; \u2705\u3010Super garantie\u3011 : 2 ans de garantie inconditionnelle, support de garantie convivial.S&#8217;il y a des probl\u00e8mes avec le produit dans l&#8217;emballage, j&#8217;esp\u00e8re que vous nous contacterez imm\u00e9diatement par e-mail. Nous offrons une garantie de retour \u00e0 100% et vous fournissons un service satisfaisant. J&#8217;ai offert le mien \u00e0 un ami et il l&#8217;adore. C&#8217;est le meilleur qu&#8217;ils aient jamais eu<\/p>\n","protected":false},"excerpt":{"rendered":"<p>publicit\u00e9Bo\u00eetier SSD M.2 nvme Adaptateur m2 Lecteur Disque Dur Externe,bo\u00eetier nvme Adaptateur ssd m2 USB 3.1 USB-C Bo\u00eetier Disque Dur pour M.2 PCIe NVME M-Key 2230\/2242\/2260\/2280 SSD<\/p>\n","protected":false},"featured_media":9762,"comment_status":"open","ping_status":"closed","template":"","meta":[],"product_cat":[15],"product_tag":[],"class_list":{"0":"post-9763","1":"product","2":"type-product","3":"status-publish","4":"has-post-thumbnail","6":"product_cat-sin-categorizar","7":"nodate","8":"item-wrap","10":"first","11":"instock","12":"shipping-taxable","13":"product-type-external"},"_links":{"self":[{"href":"https:\/\/lofimusic.com.es\/index.php\/wp-json\/wp\/v2\/product\/9763","targetHints":{"allow":["GET"]}}],"collection":[{"href":"https:\/\/lofimusic.com.es\/index.php\/wp-json\/wp\/v2\/product"}],"about":[{"href":"https:\/\/lofimusic.com.es\/index.php\/wp-json\/wp\/v2\/types\/product"}],"replies":[{"embeddable":true,"href":"https:\/\/lofimusic.com.es\/index.php\/wp-json\/wp\/v2\/comments?post=9763"}],"wp:featuredmedia":[{"embeddable":true,"href":"https:\/\/lofimusic.com.es\/index.php\/wp-json\/wp\/v2\/media\/9762"}],"wp:attachment":[{"href":"https:\/\/lofimusic.com.es\/index.php\/wp-json\/wp\/v2\/media?parent=9763"}],"wp:term":[{"taxonomy":"product_cat","embeddable":true,"href":"https:\/\/lofimusic.com.es\/index.php\/wp-json\/wp\/v2\/product_cat?post=9763"},{"taxonomy":"product_tag","embeddable":true,"href":"https:\/\/lofimusic.com.es\/index.php\/wp-json\/wp\/v2\/product_tag?post=9763"}],"curies":[{"name":"wp","href":"https:\/\/api.w.org\/{rel}","templated":true}]}}