{"id":923,"date":"2024-09-14T02:09:03","date_gmt":"2024-09-14T02:09:03","guid":{"rendered":"https:\/\/lofimusic.com.es\/index.php\/producto\/b0d5cwng2j_de\/"},"modified":"2024-09-14T02:09:03","modified_gmt":"2024-09-14T02:09:03","slug":"b0d5cwng2j_de","status":"publish","type":"product","link":"https:\/\/lofimusic.com.es\/index.php\/producto\/b0d5cwng2j_de\/","title":{"rendered":"B0D5CWNG2J_DE"},"content":{"rendered":"<p>&#8211; \u3010Effiziente Vernebelung und zwei Modi\u3011Der NIKYPJ Inhalationsger\u00e4t kann L\u00f6sungen schnell vernebeln und dabei Partikel zwischen 1-5 \u03bcm erzeugen, die die verschiedenen Teile der Atemwege genau erreichen. Er verf\u00fcgt auch \u00fcber zwei Geschwindigkeitsmodi: &gt;0,25 ml\/min f\u00fcr Kinder und &gt;0,4 ml\/min f\u00fcr Erwachsene, die der menschlichen Physiologie entsprechen.<br \/>\n&#8211; \u3010Leises Design\u3011Der NIKYPJ Vernebler arbeitet nahezu ger\u00e4uschlos und nimmt Kindern effektiv die Angst. Sie k\u00f6nnen ihn jederzeit verwenden, sei es im ruhigen B\u00fcro oder neben einem schlafenden Kinder.<br \/>\n&#8211; \u3010Automatische Reinigungsfunktion\u3011Das neu aufger\u00fcstete einzigartige Merkmal des NIKYPJ Inhalationsger\u00e4t stellt sicher, dass das Innere gr\u00fcndlich gereinigt wird, ohne R\u00fcckst\u00e4nde zu hinterlassen, wodurch das Vermischen verschiedener Medikamente verhindert und die Nutzung sicherer und hygienischer wird.<br \/>\n&#8211; \u3010Geeignet f\u00fcr alle Familienmitglieder\u3011Das Inhalator-Set enth\u00e4lt drei verschiedene Masken, um den Bed\u00fcrfnissen verschiedener Medikamente und Familienmitglieder gerecht zu werden. Zusammen mit der automatischen Reinigungsfunktion ist es einfach perfekt.<br \/>\n&#8211; \u3010USB-Ladedesign\u3011Das Set enth\u00e4lt ein USB-C-Ladekabel, mit dem Sie es an verschiedene Ger\u00e4te zum Laden anschlie\u00dfen k\u00f6nnen. Sie k\u00f6nnen es an eine Powerbank, ein Auto oder den USB-Anschluss eines Laptops anschlie\u00dfen. Nach vollst\u00e4ndiger Aufladung kann es kontinuierlich zwei Stunden lang verwendet werden.<\/p>\n","protected":false},"excerpt":{"rendered":"<p>Werbung<br \/>\nInhalationsger\u00e4t, NIKYPJ Leiser Tragbarer Inhalationsger\u00e4t f\u00fcr Erwachsene Kinder, USB Aufladbarer Inhalator mit 2 Masken und 1 Mundst\u00fcck<\/p>\n","protected":false},"featured_media":922,"comment_status":"open","ping_status":"closed","template":"","meta":[],"product_cat":[15],"product_tag":[],"class_list":{"0":"post-923","1":"product","2":"type-product","3":"status-publish","4":"has-post-thumbnail","6":"product_cat-sin-categorizar","7":"nodate","8":"item-wrap","10":"first","11":"instock","12":"shipping-taxable","13":"product-type-external"},"_links":{"self":[{"href":"https:\/\/lofimusic.com.es\/index.php\/wp-json\/wp\/v2\/product\/923","targetHints":{"allow":["GET"]}}],"collection":[{"href":"https:\/\/lofimusic.com.es\/index.php\/wp-json\/wp\/v2\/product"}],"about":[{"href":"https:\/\/lofimusic.com.es\/index.php\/wp-json\/wp\/v2\/types\/product"}],"replies":[{"embeddable":true,"href":"https:\/\/lofimusic.com.es\/index.php\/wp-json\/wp\/v2\/comments?post=923"}],"wp:featuredmedia":[{"embeddable":true,"href":"https:\/\/lofimusic.com.es\/index.php\/wp-json\/wp\/v2\/media\/922"}],"wp:attachment":[{"href":"https:\/\/lofimusic.com.es\/index.php\/wp-json\/wp\/v2\/media?parent=923"}],"wp:term":[{"taxonomy":"product_cat","embeddable":true,"href":"https:\/\/lofimusic.com.es\/index.php\/wp-json\/wp\/v2\/product_cat?post=923"},{"taxonomy":"product_tag","embeddable":true,"href":"https:\/\/lofimusic.com.es\/index.php\/wp-json\/wp\/v2\/product_tag?post=923"}],"curies":[{"name":"wp","href":"https:\/\/api.w.org\/{rel}","templated":true}]}}