{"id":905,"date":"2024-09-14T01:49:04","date_gmt":"2024-09-14T01:49:04","guid":{"rendered":"https:\/\/lofimusic.com.es\/index.php\/producto\/b0bx4jsvrz_de\/"},"modified":"2024-09-14T01:49:04","modified_gmt":"2024-09-14T01:49:04","slug":"b0bx4jsvrz_de","status":"publish","type":"product","link":"https:\/\/lofimusic.com.es\/index.php\/producto\/b0bx4jsvrz_de\/","title":{"rendered":"B0BX4JSVRZ_DE"},"content":{"rendered":"<p>&#8211; \ud83d\udd25\ud83d\udd25 \ud835\uddd9\ud835\uddd8\ud835\udde8\ud835\uddd8\ud835\udde5\ud835\uddd5\ud835\uddd8\ud835\udde6\ud835\udde7\u00c4\ud835\udde1\ud835\uddd7\ud835\udddc\ud835\uddda: Diese Grillmatte Bodenschutz ist ideal als feuerfeste Unterlage, um sie unter Ihrem Gasgrill oder Kamin zu legen. Sie ist feuerbest\u00e4ndig, da sie aus 3 Schichten Silikon und Fiberglas hergestellt ist. Die Grillunterlage ist mit 160 cm x 130 cm recht gro\u00df.<br \/>\n&#8211; \ud83d\udc63 \ud835\uddd9\ud835\udddf\ud835\uddd8\ud835\uddd6\ud835\uddde\ud835\uddd8\ud835\udde1\ud835\udde6\ud835\uddd6\ud835\udddb\ud835\udde8\ud835\udde7\ud835\udded: Der Grillteppich besteht aus wasserabweisendem und rutschfestem Material, sodass der Boden auch vor Fett, \u00d6l und Essensresten gesch\u00fctzt ist. Die Grillschutzmatte eignet sich f\u00fcr jede Art von Boden und ist zudem korrosionsbest\u00e4ndig.<br \/>\n&#8211; \ud83d\udca6 \ud835\udde3\ud835\uddd9\ud835\udddf\ud835\uddd8\ud835\uddda\ud835\uddd8\ud835\udddf\ud835\uddd8\ud835\udddc\ud835\uddd6\ud835\udddb\ud835\udde7: Die Grill Bodenschutzmatte kann mit einem einfachen Schlauch oder einem feuchten Tuch gereinigt werden. Dank des Antifouling- und Anti-Rutsch-Materials perlt der Schmutz leicht ab. Sie l\u00e4sst sich sehr gut lagern und transportieren. Die Grillmatte f\u00fcr Gasgrill Bodenschutz ist besonders praktisch.<br \/>\n&#8211; \ud83c\udd95 \ud835\udde1\ud835\uddd8\ud835\udde8\ud835\uddd8\ud835\udde6 \ud835\udde0\ud835\udde2\ud835\uddd7\ud835\uddd8\ud835\udddf\ud835\udddf \ud835\udfee\ud835\udfec\ud835\udfee\ud835\udff0: F\u00fcr das neue Modell 2024 haben wir hitzebest\u00e4ndigere Materialien verwendet. Der Grillteppich outdoor ist dicker und gr\u00f6\u00dfer, mit abgesteppten Kanten. Er gibt keinen Geruch ab.<br \/>\n&#8211; \ud83d\udee0\ufe0f \ud835\udde9\ud835\udddc\ud835\uddd8\ud835\udddf\ud835\udde6\ud835\uddd8\ud835\udddc\ud835\udde7\ud835\udddc\ud835\uddda \ud835\uddd8\ud835\udddc\ud835\udde1\ud835\udde6\ud835\uddd8\ud835\udde7\ud835\udded\ud835\uddd5\ud835\uddd4\ud835\udde5: Die feuerfeste Grill Unterlage kann auch in Innenr\u00e4umen am Fu\u00dfe eines Kamins oder Herds platziert werden. Es ist wichtig, dass Sie die W\u00e4rmequelle nicht direkt auf der Grillunterlage Boden platzieren und einen Mindestabstand von 40 cm einhalten<br \/>\n&#8211; \ud83d\udc68\u200d\ud83c\udf73 \ud835\udddc\ud835\udde1\ud835\uddde\ud835\udddf\ud835\udde8\ud835\udde6\ud835\udddc\ud835\udde9\ud835\uddd8 \ud835\udde6\ud835\uddd6\ud835\udddb\u00dc\ud835\udde5\ud835\udded\ud835\uddd8: Sch\u00fctzen Sie Ihre Klamotten vor Spritzern, Fett und Funken mit einem exklusiven Design, das Ihre G\u00e4ste nicht kalt l\u00e4sst. Werden Sie zum Grillk\u00f6nig oder zur Grillk\u00f6nigin.<br \/>\n&#8211; \ud83d\udcd5 \ud835\udde1\ud835\uddde\ud835\udddf\ud835\udde8\ud835\udde6\ud835\udddc\ud835\udde9\ud835\uddd8 \ud835\uddda\ud835\udde5\ud835\udddc\ud835\udddf\ud835\udddf\ud835\udde5\ud835\uddd8\ud835\udded\ud835\uddd8\ud835\udde3\ud835\udde7-\ud835\uddd8\ud835\uddd5\ud835\udde2\ud835\udde2\ud835\uddde: Entdecken Sie die Geheimnisse des amerikanischen Barbecues! Erforschen Sie authentische Aromen und traditionelle Techniken, die Ihre Barbecues legend\u00e4r machen werden. Von saftig ger\u00e4ucherten Rippchen bis zu saftigen Gourmet-Burgern.<br \/>\n&#8211; \u2705 \ud835\udfed\ud835\udfec\ud835\udfec% \ud835\udde4\ud835\udde8\ud835\uddd4\ud835\udddf\ud835\udddc\ud835\udde7\u00c4\ud835\udde7 \ud835\udde8\ud835\udde1\ud835\uddd7 \ud835\uddda\ud835\uddd4\ud835\udde5\ud835\uddd4\ud835\udde1\ud835\udde7\ud835\udddc\ud835\uddd8: Um Ihnen zu garantieren, dass Sie mit Ihrem Kauf vollkommen zufrieden sind, bieten wir Ihnen eine volle R\u00fccknahme- und Erstattungsgarantie f\u00fcr unsere Grillmatte Bodenschutz.<\/p>\n","protected":false},"excerpt":{"rendered":"<p>Werbung<br \/>\nGrillunterlage Bodenschutzmatte | Extra gro\u00df 160 x 130 cm | Matte f\u00fcr unter Grill |Inklusive Sch\u00fcrze BBQ | Verhindert Verbrennungen und Verschmutzungen des Rasens oder Bodens | Grillteppich Outdoor<\/p>\n","protected":false},"featured_media":904,"comment_status":"open","ping_status":"closed","template":"","meta":[],"product_cat":[15],"product_tag":[],"class_list":{"0":"post-905","1":"product","2":"type-product","3":"status-publish","4":"has-post-thumbnail","6":"product_cat-sin-categorizar","7":"nodate","8":"item-wrap","10":"first","11":"instock","12":"shipping-taxable","13":"product-type-external"},"_links":{"self":[{"href":"https:\/\/lofimusic.com.es\/index.php\/wp-json\/wp\/v2\/product\/905","targetHints":{"allow":["GET"]}}],"collection":[{"href":"https:\/\/lofimusic.com.es\/index.php\/wp-json\/wp\/v2\/product"}],"about":[{"href":"https:\/\/lofimusic.com.es\/index.php\/wp-json\/wp\/v2\/types\/product"}],"replies":[{"embeddable":true,"href":"https:\/\/lofimusic.com.es\/index.php\/wp-json\/wp\/v2\/comments?post=905"}],"wp:featuredmedia":[{"embeddable":true,"href":"https:\/\/lofimusic.com.es\/index.php\/wp-json\/wp\/v2\/media\/904"}],"wp:attachment":[{"href":"https:\/\/lofimusic.com.es\/index.php\/wp-json\/wp\/v2\/media?parent=905"}],"wp:term":[{"taxonomy":"product_cat","embeddable":true,"href":"https:\/\/lofimusic.com.es\/index.php\/wp-json\/wp\/v2\/product_cat?post=905"},{"taxonomy":"product_tag","embeddable":true,"href":"https:\/\/lofimusic.com.es\/index.php\/wp-json\/wp\/v2\/product_tag?post=905"}],"curies":[{"name":"wp","href":"https:\/\/api.w.org\/{rel}","templated":true}]}}