{"id":833,"date":"2024-09-14T00:49:04","date_gmt":"2024-09-14T00:49:04","guid":{"rendered":"https:\/\/lofimusic.com.es\/index.php\/producto\/b0d9nqz6d3_de\/"},"modified":"2024-09-14T00:49:04","modified_gmt":"2024-09-14T00:49:04","slug":"b0d9nqz6d3_de","status":"publish","type":"product","link":"https:\/\/lofimusic.com.es\/index.php\/producto\/b0d9nqz6d3_de\/","title":{"rendered":"B0D9NQZ6D3_DE"},"content":{"rendered":"<p>&#8211; \u30104K-Ultra-High-Definition-Same-Screen-Projektion\u3011: Mit FIYAPOO&#8217;s kabellosem Miracast Dongle k\u00f6nnen Sie 4K-Inhalte (3840 x 2160) auf gro\u00dfen Bildschirmen erleben, was eine viermal h\u00f6here Aufl\u00f6sung als 1080P bietet. Die High Dynamic Range (HDR)-Technologie sorgt f\u00fcr lebendigere und realistischere Farben sowie detailliertere Bilder, sodass Sie Inhalte von Ihrem Telefon, Tablet oder Computer in beeindruckender Klarheit projizieren k\u00f6nnen.<br \/>\n&#8211; \u3010Mehrfachkompatibilit\u00e4t\u3011: Der FIYAPOO Miracast-Dongle bietet umfassende Kompatibilit\u00e4t mit g\u00e4ngigen Betriebssystemen wie iOS, Android, Windows und Mac OS. Egal ob iPhone, iPad, MacBook, Samsung, LG, HTC oder PC &#8211; dieser Dongle unterst\u00fctzt Miracast-, Airplay- und DLNA-Funktionen, wodurch eine nahtlose drahtlose Bildschirmfreigabe gew\u00e4hrleistet wird.<br \/>\n&#8211; \u3010Stabile \u00dcbertragung mit Dualband-Technologie\u3011: Ausgestattet mit der fortschrittlichen 2,4G+5GHz Dualband-Technologie und Unterst\u00fctzung f\u00fcr das 802.11AC-Protokoll, sorgt der FIYAPOO Miracast-Dongle f\u00fcr eine stabile und schnelle Verbindung. Dies minimiert Interferenzen und erm\u00f6glicht eine reibungslose \u00dcbertragung von Filmen, Spielen oder Dateien ohne Unterbrechungen durch Signalst\u00f6rungen.<br \/>\n&#8211; \u3010Einfach zu bedienen\u3011: Dieser Dongle ist benutzerfreundlich gestaltet und erm\u00f6glicht eine schnelle und einfache Einrichtung. Mit nur wenigen Schritten k\u00f6nnen Sie Ger\u00e4te \u00fcber AirPlay, DLNA oder Miracast verbinden und so Filme, Bilder, Musik, Dokumente oder Spiele von Android-, iOS-, Mac- oder Windows-Ger\u00e4ten auf einen Gro\u00dfbildfernseher oder Monitor \u00fcbertragen.<br \/>\n&#8211; \u3010Tragbares Design\u3011: Der FIYAPOO Miracast-Dongle ist kompakt und leicht, sodass er einfach zu transportieren ist. Egal ob zu Hause, im B\u00fcro oder unterwegs &#8211; genie\u00dfen Sie jederzeit die Vorteile der kabellosen Bildschirmfreigabe und teilen Sie besondere Momente problemlos.<\/p>\n","protected":false},"excerpt":{"rendered":"<p>Werbung<br \/>\nFIYAPOO Wireless HDMI Dongle Streaming,WIFI Display Dongle 4K&amp;5G f\u00fcr iPhone\/iPad\/Android\/iOS\/Windows\/Mac Laptop, PC HD Fire Netflix Stick f\u00fcr TV\/Monitor\/Projektor (unterst\u00fctzt Miracast, DLNA, Airplay)<\/p>\n","protected":false},"featured_media":832,"comment_status":"open","ping_status":"closed","template":"","meta":[],"product_cat":[15],"product_tag":[],"class_list":{"0":"post-833","1":"product","2":"type-product","3":"status-publish","4":"has-post-thumbnail","6":"product_cat-sin-categorizar","7":"nodate","8":"item-wrap","10":"first","11":"instock","12":"shipping-taxable","13":"product-type-external"},"_links":{"self":[{"href":"https:\/\/lofimusic.com.es\/index.php\/wp-json\/wp\/v2\/product\/833","targetHints":{"allow":["GET"]}}],"collection":[{"href":"https:\/\/lofimusic.com.es\/index.php\/wp-json\/wp\/v2\/product"}],"about":[{"href":"https:\/\/lofimusic.com.es\/index.php\/wp-json\/wp\/v2\/types\/product"}],"replies":[{"embeddable":true,"href":"https:\/\/lofimusic.com.es\/index.php\/wp-json\/wp\/v2\/comments?post=833"}],"wp:featuredmedia":[{"embeddable":true,"href":"https:\/\/lofimusic.com.es\/index.php\/wp-json\/wp\/v2\/media\/832"}],"wp:attachment":[{"href":"https:\/\/lofimusic.com.es\/index.php\/wp-json\/wp\/v2\/media?parent=833"}],"wp:term":[{"taxonomy":"product_cat","embeddable":true,"href":"https:\/\/lofimusic.com.es\/index.php\/wp-json\/wp\/v2\/product_cat?post=833"},{"taxonomy":"product_tag","embeddable":true,"href":"https:\/\/lofimusic.com.es\/index.php\/wp-json\/wp\/v2\/product_tag?post=833"}],"curies":[{"name":"wp","href":"https:\/\/api.w.org\/{rel}","templated":true}]}}