{"id":825,"date":"2024-09-14T00:44:04","date_gmt":"2024-09-14T00:44:04","guid":{"rendered":"https:\/\/lofimusic.com.es\/index.php\/producto\/b0d9nq2mj8_de\/"},"modified":"2024-09-14T00:44:04","modified_gmt":"2024-09-14T00:44:04","slug":"b0d9nq2mj8_de","status":"publish","type":"product","link":"https:\/\/lofimusic.com.es\/index.php\/producto\/b0d9nq2mj8_de\/","title":{"rendered":"B0D9NQ2MJ8_DE"},"content":{"rendered":"<p>&#8211; \u30104K Ultra HD-Projektion\u3011: Der FIYAPOO Miracast Dongle unterst\u00fctzt eine Aufl\u00f6sung von 4K (3840 x 2160) und bietet eine extrem klare Bildqualit\u00e4t, die viermal so hoch ist wie bei 1080P. Die HDR-Technologie verbessert die Helligkeit, den Realismus und die Detailtreue des Bildes noch weiter, sodass Sie den Inhalt Ihres Mobiltelefons, Tablets oder Computers problemlos auf den gro\u00dfen Bildschirm projizieren und ein noch schockierenderes visuelles Fest genie\u00dfen k\u00f6nnen.<br \/>\n&#8211; \u3010Umfassende Kompatibilit\u00e4t\u3011: Der FIYAPOO Miracast Dongle ist leistungsstark plattform\u00fcbergreifend kompatibel, unterst\u00fctzt Betriebssysteme wie iOS, Android, Windows und Mac OS und ist f\u00fcr iPhone, iPad, Macbook, Samsung, LG, HTC, PC und andere Ger\u00e4te geeignet. Egal, welches Ger\u00e4t Sie verwenden, Sie k\u00f6nnen problemlos eine drahtlose Bildschirmfreigabe \u00fcber die Miracast-, Airplay- oder DLNA-Funktion erreichen.<br \/>\n&#8211; \u3010Hochgeschwindigkeits- und stabile \u00dcbertragung\u3011: Es verwendet die fortschrittliche Miracast 2.4G-Technologie und unterst\u00fctzt das 802.11AC-Protokoll, um Signalst\u00f6rungen effektiv zu reduzieren und die \u00dcbertragungsgeschwindigkeit zu verbessern. Egal, ob Sie Filme ansehen, Spiele spielen oder Dateien \u00fcbertragen, es sorgt f\u00fcr fl\u00fcssige Bilder, die nicht durch instabile Signale beeintr\u00e4chtigt werden, und bietet ein hochwertiges Benutzererlebnis.<br \/>\n&#8211; \u3010Einfache Bedienung\u3011: Das FIYAPOO Wireless Screen Sharing Device ist einfach und leicht zu bedienen. Es sind nur wenige Schritte erforderlich, um schnell eine Verbindung zwischen Ger\u00e4ten herzustellen, ohne komplizierte Kabelverbindungen. \u00dcber AirPlay-, DLNA- oder Miracast-Funktionen k\u00f6nnen Sie Filme, Bilder, Musik, Dokumente oder Spiele von Android-, iOS-, Mac- und Windows-Ger\u00e4ten auf einen Gro\u00dfbildfernseher oder -monitor projizieren. Es ist einfach zu bedienen und f\u00fcr jeden verf\u00fcgbar.<br \/>\n&#8211; \u3010Tragbares Design\u3011: Der FIYAPOO Miracast-Dongle verf\u00fcgt \u00fcber ein leichtes Design und ist einfach zu tragen. Ob zu Hause, im B\u00fcro oder unterwegs, Sie k\u00f6nnen immer die bequeme Erfahrung der drahtlosen Bildschirmfreigabe genie\u00dfen und wunderbare Inhalte problemlos teilen. Seine Portabilit\u00e4t macht es zur idealen Wahl f\u00fcr Home-Entertainment, Gesch\u00e4ftspr\u00e4sentationen und Reisen.<\/p>\n","protected":false},"excerpt":{"rendered":"<p>Werbung<br \/>\nFIYAPOO Miracast Dongle Streaming Wireless HDMI,WiFi Display Dongle 4K f\u00fcr iPhone\/iPad\/Android\/iOS\/Windows\/Mac Laptop, PC HD Fire Netflix Stick f\u00fcr TV\/Monitor\/Projektor (unterst\u00fctzt DLNA, Airplay)<\/p>\n","protected":false},"featured_media":824,"comment_status":"open","ping_status":"closed","template":"","meta":[],"product_cat":[15],"product_tag":[],"class_list":{"0":"post-825","1":"product","2":"type-product","3":"status-publish","4":"has-post-thumbnail","6":"product_cat-sin-categorizar","7":"nodate","8":"item-wrap","10":"first","11":"instock","12":"shipping-taxable","13":"product-type-external"},"_links":{"self":[{"href":"https:\/\/lofimusic.com.es\/index.php\/wp-json\/wp\/v2\/product\/825","targetHints":{"allow":["GET"]}}],"collection":[{"href":"https:\/\/lofimusic.com.es\/index.php\/wp-json\/wp\/v2\/product"}],"about":[{"href":"https:\/\/lofimusic.com.es\/index.php\/wp-json\/wp\/v2\/types\/product"}],"replies":[{"embeddable":true,"href":"https:\/\/lofimusic.com.es\/index.php\/wp-json\/wp\/v2\/comments?post=825"}],"wp:featuredmedia":[{"embeddable":true,"href":"https:\/\/lofimusic.com.es\/index.php\/wp-json\/wp\/v2\/media\/824"}],"wp:attachment":[{"href":"https:\/\/lofimusic.com.es\/index.php\/wp-json\/wp\/v2\/media?parent=825"}],"wp:term":[{"taxonomy":"product_cat","embeddable":true,"href":"https:\/\/lofimusic.com.es\/index.php\/wp-json\/wp\/v2\/product_cat?post=825"},{"taxonomy":"product_tag","embeddable":true,"href":"https:\/\/lofimusic.com.es\/index.php\/wp-json\/wp\/v2\/product_tag?post=825"}],"curies":[{"name":"wp","href":"https:\/\/api.w.org\/{rel}","templated":true}]}}