{"id":809,"date":"2024-09-14T00:33:03","date_gmt":"2024-09-14T00:33:03","guid":{"rendered":"https:\/\/lofimusic.com.es\/index.php\/producto\/b0d8hpfm63_fr\/"},"modified":"2024-09-14T00:33:03","modified_gmt":"2024-09-14T00:33:03","slug":"b0d8hpfm63_fr","status":"publish","type":"product","link":"https:\/\/lofimusic.com.es\/index.php\/producto\/b0d8hpfm63_fr\/","title":{"rendered":"B0D8HPFM63_FR"},"content":{"rendered":"<p>&#8211; \u3010Dossier et Accoudoirs Confortables\u3011Chaque chaise de salle \u00e0 manger est dot\u00e9e d&#8217;un dossier ergonomique et d&#8217;accoudoirs soigneusement con\u00e7us pour \u00e9pouser la posture naturelle de votre corps. Ainsi, l\u2019ensemble de chaises favorisera une assise confortable pendant de longues p\u00e9riodes.<br \/>\n&#8211; \u3010Tissu Confortable et Durable\u3011L&#8217;ensemble de chaises de terrasse est fabriqu\u00e9 \u00e0 partir d&#8217;un tissu de qualit\u00e9 sup\u00e9rieure qui est non seulement facile \u00e0 s\u00e9cher et respirant, garantissant une r\u00e9sistance aux conditions m\u00e9t\u00e9orologiques, mais \u00e9galement ind\u00e9chirable et r\u00e9sistant \u00e0 l&#8217;usure pour une qualit\u00e9 durable.<br \/>\n&#8211; \u3010Cadre en M\u00e9tal Robuste\u3011La structure en m\u00e9tal pulv\u00e9ris\u00e9 de chaque chaise de jardin comprend des barres transversales en m\u00e9tal et des patins antid\u00e9rapants qui am\u00e9liorent la stabilit\u00e9. Avec une capacit\u00e9 de charge de 150 kg, ce cadre robuste garantit la s\u00e9curit\u00e9 de vos chaises.<br \/>\n&#8211; \u3010Rangement Empilable et Compact\u3011De mani\u00e8re plus r\u00e9fl\u00e9chie, l&#8217;ensemble de meubles de salle \u00e0 manger d&#8217;ext\u00e9rieur permet un rangement pratique en empilant soigneusement les chaises de jardin lorsqu&#8217;elles ne sont pas utilis\u00e9es, lib\u00e9rant ainsi un espace pr\u00e9cieux pour d&#8217;autres activit\u00e9s.<br \/>\n&#8211; \u3010Pour les Loisirs en Plein Air\u3011L&#8217;ensemble de chaises de patio offre une fusion harmonieuse d&#8217;utilit\u00e9 et d&#8217;esth\u00e9tique, con\u00e7ue pour embellir n&#8217;importe quel espace ext\u00e9rieur. Id\u00e9ales pour les jardins, la d\u00e9tente au bord de la piscine ou la d\u00e9tente sur le balcon, ces chaises offrent une solution d&#8217;assise polyvalente.<\/p>\n","protected":false},"excerpt":{"rendered":"<p>publicit\u00e9<br \/>\nCOSTWAY Lot de 2\/4 Chaises de Jardin Exterieures avec Cadre en M\u00e9tal, Chaise de Salle \u00e0 Manger Empilable en Tissu Respirant, Fauteuil d&#8217;Ext\u00e9rieur pour Cour, Balcon, Piscine, Charge 150 KG (Gris,2)<\/p>\n","protected":false},"featured_media":808,"comment_status":"open","ping_status":"closed","template":"","meta":[],"product_cat":[15],"product_tag":[],"class_list":{"0":"post-809","1":"product","2":"type-product","3":"status-publish","4":"has-post-thumbnail","6":"product_cat-sin-categorizar","7":"nodate","8":"item-wrap","10":"first","11":"instock","12":"shipping-taxable","13":"product-type-external"},"_links":{"self":[{"href":"https:\/\/lofimusic.com.es\/index.php\/wp-json\/wp\/v2\/product\/809","targetHints":{"allow":["GET"]}}],"collection":[{"href":"https:\/\/lofimusic.com.es\/index.php\/wp-json\/wp\/v2\/product"}],"about":[{"href":"https:\/\/lofimusic.com.es\/index.php\/wp-json\/wp\/v2\/types\/product"}],"replies":[{"embeddable":true,"href":"https:\/\/lofimusic.com.es\/index.php\/wp-json\/wp\/v2\/comments?post=809"}],"wp:featuredmedia":[{"embeddable":true,"href":"https:\/\/lofimusic.com.es\/index.php\/wp-json\/wp\/v2\/media\/808"}],"wp:attachment":[{"href":"https:\/\/lofimusic.com.es\/index.php\/wp-json\/wp\/v2\/media?parent=809"}],"wp:term":[{"taxonomy":"product_cat","embeddable":true,"href":"https:\/\/lofimusic.com.es\/index.php\/wp-json\/wp\/v2\/product_cat?post=809"},{"taxonomy":"product_tag","embeddable":true,"href":"https:\/\/lofimusic.com.es\/index.php\/wp-json\/wp\/v2\/product_tag?post=809"}],"curies":[{"name":"wp","href":"https:\/\/api.w.org\/{rel}","templated":true}]}}