{"id":789,"date":"2024-09-14T00:19:03","date_gmt":"2024-09-14T00:19:03","guid":{"rendered":"https:\/\/lofimusic.com.es\/index.php\/producto\/b0d4lh325w_de\/"},"modified":"2024-09-14T00:19:03","modified_gmt":"2024-09-14T00:19:03","slug":"b0d4lh325w_de","status":"publish","type":"product","link":"https:\/\/lofimusic.com.es\/index.php\/producto\/b0d4lh325w_de\/","title":{"rendered":"B0D4LH325W_DE"},"content":{"rendered":"<p>&#8211; \u2602\u3010Ultraschallschutz\u3011 Hundeabwehrmittel emittieren nur Ultraschallwellen von 13 kHz bis 45 kHz, was f\u00fcr den menschlichen K\u00f6rper sicher und f\u00fcr den menschlichen K\u00f6rper harmlos ist. Gleichzeitig enth\u00e4lt es keine Chemikalien und gef\u00e4hrliche Substanzen. Es wird nur Tiere f\u00fchren, ohne sie zu besch\u00e4digen. Das humanisierte Design schadet Ihren Katzen, Hunden oder anderen Haustieren nicht.<br \/>\n&#8211; \u263a\u3010Infrarot-Sensor\u3011 Die Nase des Eulenvertreibers ist ein Infrarot-Sensor (PIR), der Tiere aller Gr\u00f6\u00dfen erkennen kann. Der tats\u00e4chliche Bereich deckt einen Bogen von 120 Grad und eine Entfernung von bis zu 30 Fu\u00df (10 m) ab. Sobald die Tiere in den Umkreis von 30 Fu\u00df gelangen, emittiert der Bewegungssensor Ultraschallwellen und die LED-Beleuchtung macht das Tier unangenehm und entkommen.<br \/>\n&#8211; \u263a\u3010Ultraschall + starkes blinkendes LED + akustischer Alarm\u3011 Es gibt 14 starke LED-Leuchten in den Augen der Eule. In Bezug auf seinen Mund ist es ein Ultraschallsender. Wenn das externe Repellent Bewegung und K\u00f6rperw\u00e4rme erkennt, gibt es eine Mischung aus Ultraschall aus verschiedenen Wellen, starken Blinklichtern und akustischem Alarm, um Tiere zu erschrecken. Es besteht keine Gefahr f\u00fcr Mensch oder Tier.<br \/>\n&#8211; \u263a Auf dem Kopf der Eule befindet sich ein Solarpanel. Lassen Sie die Eulen Energie absorbieren, wenn die Sonne scheint. Dar\u00fcber hinaus ist es mit einem wiederaufladbaren Lithium-Akku mit 2000 mAh ausgestattet! Sie k\u00f6nnen den Ultraschall-M\u00fcckenschutz auch \u00fcber USB aufladen. Dieses Produkt enth\u00e4lt kein USB-Kabel!<br \/>\n&#8211; \u2602\u3010IP66 wasserdicht und einfach zu installieren\u3011 Dieses Katzenabwehrmittel ist IP66 wasserdicht. Es kann normalen Regen standhalten. Hinweis: Wenn es Gewitter oder schlechtes Wetter gibt, empfehlen wir Ihnen, es drinnen zu bringen. Es kann \u00fcberall im Haus, Garten oder Terrasse, Garten, Hof, Einfahrten, Felder, Rasen, Kanten, Garagen, Bauernh\u00f6fe und allen Au\u00dfenbereichen installiert werden.<\/p>\n","protected":false},"excerpt":{"rendered":"<p>Werbung<br \/>\nKatzen-Abwehr, Ultraschall-Tauben, Ultraschall-Abwehr, Solarenergie, IP66, wasserdicht, mit verstellbarer Frequenz, zum Vertreiben von Tieren, 5 Modi, verstellbar, Tiervertreiber<\/p>\n","protected":false},"featured_media":788,"comment_status":"open","ping_status":"closed","template":"","meta":[],"product_cat":[15],"product_tag":[],"class_list":{"0":"post-789","1":"product","2":"type-product","3":"status-publish","4":"has-post-thumbnail","6":"product_cat-sin-categorizar","7":"nodate","8":"item-wrap","10":"first","11":"instock","12":"shipping-taxable","13":"product-type-external"},"_links":{"self":[{"href":"https:\/\/lofimusic.com.es\/index.php\/wp-json\/wp\/v2\/product\/789","targetHints":{"allow":["GET"]}}],"collection":[{"href":"https:\/\/lofimusic.com.es\/index.php\/wp-json\/wp\/v2\/product"}],"about":[{"href":"https:\/\/lofimusic.com.es\/index.php\/wp-json\/wp\/v2\/types\/product"}],"replies":[{"embeddable":true,"href":"https:\/\/lofimusic.com.es\/index.php\/wp-json\/wp\/v2\/comments?post=789"}],"wp:featuredmedia":[{"embeddable":true,"href":"https:\/\/lofimusic.com.es\/index.php\/wp-json\/wp\/v2\/media\/788"}],"wp:attachment":[{"href":"https:\/\/lofimusic.com.es\/index.php\/wp-json\/wp\/v2\/media?parent=789"}],"wp:term":[{"taxonomy":"product_cat","embeddable":true,"href":"https:\/\/lofimusic.com.es\/index.php\/wp-json\/wp\/v2\/product_cat?post=789"},{"taxonomy":"product_tag","embeddable":true,"href":"https:\/\/lofimusic.com.es\/index.php\/wp-json\/wp\/v2\/product_tag?post=789"}],"curies":[{"name":"wp","href":"https:\/\/api.w.org\/{rel}","templated":true}]}}