{"id":619,"date":"2024-09-13T21:49:04","date_gmt":"2024-09-13T21:49:04","guid":{"rendered":"https:\/\/lofimusic.com.es\/index.php\/producto\/b0d86plpvp_fr\/"},"modified":"2024-09-13T21:49:04","modified_gmt":"2024-09-13T21:49:04","slug":"b0d86plpvp_fr","status":"publish","type":"product","link":"https:\/\/lofimusic.com.es\/index.php\/producto\/b0d86plpvp_fr\/","title":{"rendered":"B0D86PLPVP_FR"},"content":{"rendered":"<p>&#8211; \ud83e\udd42 Design Innovant &#8211; La table \u00e0 manger extensible peut \u00eatre utilis\u00e9e comme table basse carr\u00e9e de 80 cm pour 4 personnes ou comme table \u00e0 manger rectangulaire de 160 cm pour 6 personnes. En outre, le rail coulissant garantit une transformation simple.<br \/>\n&#8211; \ud83e\udd42 Mat\u00e9riau R\u00e9sistant &#8211; L&#8217;aluminium de haute qualit\u00e9 rend la table \u00e0 manger d&#8217;ext\u00e9rieur antirouille et assez robuste pour r\u00e9sister dans le temps. En outre, il supporte jusqu&#8217;\u00e0 160 kg, sans probl\u00e8me de support pour les objets.<br \/>\n&#8211; \ud83e\udd42 Table Effet Bois \u00e0 Lattes &#8211; Le plateau de table en aluminium pr\u00e9sente un aspect similaire au bois, ajoutant une touche \u00e9l\u00e9gante \u00e0 votre d\u00e9cor ext\u00e9rieur. Le design \u00e0 lattes permet au drainage de l&#8217;eau d&#8217;\u00eatre rapide.<br \/>\n&#8211; \ud83e\udd42 Stabilit\u00e9 Renforc\u00e9e &#8211; Les jambes \u00e9paisses de 6 cm sont \u00e9quip\u00e9es de parties de fixation pour les pieds, renfor\u00e7ant la structure et am\u00e9liorant encore la stabilit\u00e9. En outre, les pieds r\u00e9glables maintiennent la table \u00e0 manger de patio stable.<br \/>\n&#8211; \ud83e\udd42 Application Polyvalent &#8211; La table extensible polyvalente offre une solution pratique pour les repas en diff\u00e9rentes occasions. Que ce soit pr\u00e8s de la piscine, sur le patio ou dans le salon, il s&#8217;int\u00e8gre bien et est le compl\u00e9ment parfait.<\/p>\n","protected":false},"excerpt":{"rendered":"<p>publicit\u00e9<br \/>\nGiantex Table de Salle \u00e0 Manger Jardin Extensible 80-160 CM, Table Rectangulaire en Aluminium Ajustable avec Pieds Stable, Table \u00e0 Manger Ext\u00e9rieure avec Plateau \u00e0 Lattes pour 4-6 Personnes<\/p>\n","protected":false},"featured_media":618,"comment_status":"open","ping_status":"closed","template":"","meta":[],"product_cat":[15],"product_tag":[],"class_list":{"0":"post-619","1":"product","2":"type-product","3":"status-publish","4":"has-post-thumbnail","6":"product_cat-sin-categorizar","7":"nodate","8":"item-wrap","10":"first","11":"instock","12":"shipping-taxable","13":"product-type-external"},"_links":{"self":[{"href":"https:\/\/lofimusic.com.es\/index.php\/wp-json\/wp\/v2\/product\/619","targetHints":{"allow":["GET"]}}],"collection":[{"href":"https:\/\/lofimusic.com.es\/index.php\/wp-json\/wp\/v2\/product"}],"about":[{"href":"https:\/\/lofimusic.com.es\/index.php\/wp-json\/wp\/v2\/types\/product"}],"replies":[{"embeddable":true,"href":"https:\/\/lofimusic.com.es\/index.php\/wp-json\/wp\/v2\/comments?post=619"}],"wp:featuredmedia":[{"embeddable":true,"href":"https:\/\/lofimusic.com.es\/index.php\/wp-json\/wp\/v2\/media\/618"}],"wp:attachment":[{"href":"https:\/\/lofimusic.com.es\/index.php\/wp-json\/wp\/v2\/media?parent=619"}],"wp:term":[{"taxonomy":"product_cat","embeddable":true,"href":"https:\/\/lofimusic.com.es\/index.php\/wp-json\/wp\/v2\/product_cat?post=619"},{"taxonomy":"product_tag","embeddable":true,"href":"https:\/\/lofimusic.com.es\/index.php\/wp-json\/wp\/v2\/product_tag?post=619"}],"curies":[{"name":"wp","href":"https:\/\/api.w.org\/{rel}","templated":true}]}}