{"id":615,"date":"2024-09-13T21:44:04","date_gmt":"2024-09-13T21:44:04","guid":{"rendered":"https:\/\/lofimusic.com.es\/index.php\/producto\/b0d1ct247t_de\/"},"modified":"2024-09-13T21:44:04","modified_gmt":"2024-09-13T21:44:04","slug":"b0d1ct247t_de","status":"publish","type":"product","link":"https:\/\/lofimusic.com.es\/index.php\/producto\/b0d1ct247t_de\/","title":{"rendered":"B0D1CT247T_DE"},"content":{"rendered":"<p>&#8211; \u30101920P HD-Otoskop\u3011 Der 1920P HD-Ohrenschmalz Entferner Otoskop verf\u00fcgt \u00fcber 6 LED-Leuchten und ein 6-Achsen-Gyro-Richtger\u00e4t, das den Geh\u00f6rgang um 360\u00b0 beobachten kann, um ein klares Bild zu gew\u00e4hrleisten und Ihnen dabei zu helfen, leicht nach Ohrenentz\u00fcndungen zu suchen oder Ohrenschmalz zu entfernen.<br \/>\n&#8211; \u3010USB wiederaufladbar und IP67 wasserdicht\u3011 Der ohrenreiniger verf\u00fcgt \u00fcber einen integrierten 350-mAh-Akku, der nach vollst\u00e4ndiger Aufladung 90 Minuten lang verwendet werden kann und eine Standby-Zeit von bis zu 30 Tagen hat. IP67 wasserdichter Ohrreiniger f\u00fcr Erwachsene, kann nach Gebrauch mit Wasser oder Baumwolle gereinigt werden. Beachten Sie, dass nur die Linse wasserdicht ist.<br \/>\n&#8211; \u3010Anwendung\u3011: 1. Scannen Sie den QR-Code und laden Sie die Anwendung \u201eLMECHN\u201c herunter. 2. Halten Sie gedr\u00fcckt, um das Ohrreiniger zu aktivieren und eine Verbindung zum WLAN \u201eLMECHN-XXXX\u201c herzustellen. 3. Nachdem die Verbindung erfolgreich hergestellt wurde, kehren Sie zur Anwendungsseite zur\u00fcck. Das Wachsentfernungs-Otoskop ist mit allen iPhone-, iPad- und Android-Telefonen kompatibel.<br \/>\n&#8211; \u3010Multifunktionale Verwendung\u3011 Die Kamera des LMECHN Ear Cleaner kann nicht nur zum Entfernen von Ohr Reinigung verwendet werden, sondern auch zur Beobachtung anderer K\u00f6rperteile. \u00dcberpr\u00fcfen Sie t\u00e4glich den Zustand Ihres Geh\u00f6rgangs, Ihres Rachens, Ihrer Nase und Ihrer Haut und achten Sie auf die Gesundheit von Ihnen selbst, Ihrer Familie und sogar Ihren Haustieren. Dies ist auch ein tolles Geschenk f\u00fcr Verwandte und Freunde.<br \/>\n&#8211; \u3010Verpackungsliste\u3011Otoskop mit 3,5 mm Durchmesser*1, Silikon-Ohrst\u00f6pselabdeckung*6, Aufbewahrungsflasche f\u00fcr Ohrst\u00f6pselabdeckung*1, traditionelles Ohrst\u00f6pselset*6, Ohrschaufelb\u00fcrste*1, Ladekabel*1, Bedienungsanleitung.<\/p>\n","protected":false},"excerpt":{"rendered":"<p>Werbung<br \/>\nOhrenschmalz Entferner Otoskop, LMECHN 1920P WIFI Ohrreiniger f\u00fcr Erwachsene, 3,5mm Linse Otoskop, IP67 Wasserdicht Ohrreiniger f\u00fcr iPhone, iPad und Android-Smartphones(Schwarz)<\/p>\n","protected":false},"featured_media":614,"comment_status":"open","ping_status":"closed","template":"","meta":[],"product_cat":[15],"product_tag":[],"class_list":{"0":"post-615","1":"product","2":"type-product","3":"status-publish","4":"has-post-thumbnail","6":"product_cat-sin-categorizar","7":"nodate","8":"item-wrap","10":"first","11":"instock","12":"shipping-taxable","13":"product-type-external"},"_links":{"self":[{"href":"https:\/\/lofimusic.com.es\/index.php\/wp-json\/wp\/v2\/product\/615","targetHints":{"allow":["GET"]}}],"collection":[{"href":"https:\/\/lofimusic.com.es\/index.php\/wp-json\/wp\/v2\/product"}],"about":[{"href":"https:\/\/lofimusic.com.es\/index.php\/wp-json\/wp\/v2\/types\/product"}],"replies":[{"embeddable":true,"href":"https:\/\/lofimusic.com.es\/index.php\/wp-json\/wp\/v2\/comments?post=615"}],"wp:featuredmedia":[{"embeddable":true,"href":"https:\/\/lofimusic.com.es\/index.php\/wp-json\/wp\/v2\/media\/614"}],"wp:attachment":[{"href":"https:\/\/lofimusic.com.es\/index.php\/wp-json\/wp\/v2\/media?parent=615"}],"wp:term":[{"taxonomy":"product_cat","embeddable":true,"href":"https:\/\/lofimusic.com.es\/index.php\/wp-json\/wp\/v2\/product_cat?post=615"},{"taxonomy":"product_tag","embeddable":true,"href":"https:\/\/lofimusic.com.es\/index.php\/wp-json\/wp\/v2\/product_tag?post=615"}],"curies":[{"name":"wp","href":"https:\/\/api.w.org\/{rel}","templated":true}]}}