{"id":607,"date":"2024-09-13T21:34:03","date_gmt":"2024-09-13T21:34:03","guid":{"rendered":"https:\/\/lofimusic.com.es\/index.php\/producto\/b093bxzg9p_de\/"},"modified":"2024-09-13T21:34:03","modified_gmt":"2024-09-13T21:34:03","slug":"b093bxzg9p_de","status":"publish","type":"product","link":"https:\/\/lofimusic.com.es\/index.php\/producto\/b093bxzg9p_de\/","title":{"rendered":"B093BXZG9P_DE"},"content":{"rendered":"<p>&#8211; \u3010Hocheffiziente Solar-Brunnenpumpe\u3011 Die Solar-Batteriepumpe startet automatisch nach wenigen Sekunden bei direkter Sonneneinstrahlung, ohne Batterie, umweltfreundlich und energiesparend. Dies ist eine umweltfreundliche Solar-Wasserpumpe ohne Umweltverschmutzung, die Ihren Garten voller Vitalit\u00e4t macht.<br \/>\n&#8211; \u3010Umweltschutz\u3011 Es wird komplett mit Solarenergie gesteuert, ben\u00f6tigt weder Batterie noch Strom. Keine Batterie darin, eine wirklich umweltfreundliche Solar Springbrunnen. Legen Sie die Pumpe lediglich ins Wasser, Stellen Sie das Solarpanel auf das direkte Sonnenlicht und es funktioniert automatisch. Eingebauter brushless motor mit l\u00e4ngere lebensdauer und geringeren verbrauch.<br \/>\n&#8211; \u3010Einfach zu bedienen\u3011: Eigenst\u00e4ndiger Solarbrunnen. Bewegen Sie sich frei an verschiedene Orte, ohne komplizierte Installation und Wartung, Sie k\u00f6nnen das interessante Gartenleben genie\u00dfen. Das Kabel zwischen Solarpanel und Pumpe ist lang genug mit einem 3 Meter langen Kabel, um einen relativ gro\u00dfen Bereich abzudecken, ohne sich Sorgen machen zu m\u00fcssen, dass die Pumpe im Schatten nicht funktioniert.<br \/>\n&#8211; \u30106 verschiedene Wasserspr\u00fchger\u00e4te\u3011: 6 verschiedene D\u00fcsen k\u00f6nnen Ihre unterschiedlichen Anforderungen an die Wassers\u00e4ule H\u00f6he oder Wassers\u00e4ule Form. Die H\u00f6he kann durch Wechseln der D\u00fcsen eingestellt werden, um ein Versch\u00fctten aus dem Becken zu vermeiden. Sie k\u00f6nnen den Spr\u00fchkopf leicht wechseln.<br \/>\n&#8211; \u3010Mehrfachanwendung\u3011: Diese Solarpumpe ist perfekt f\u00fcr Vogelbad, Aquarium, kleinen Teich, Pool, Garten, Wasserkreislauf f\u00fcr Sauerstoff. Ihr Garten w\u00fcrde auf jeden Fall die Aufmerksamkeit der Passanten auf sich ziehen. Lassen Sie Ihren Garten von der Solarwasserpumpe so am\u00fcsant dekoriert aussehen.<\/p>\n","protected":false},"excerpt":{"rendered":"<p>Werbung<br \/>\nAISITIN Solar Springbrunnen f\u00fcr Au\u00dfen 1.5W DIY Solarbrunnen f\u00fcr Draussen 2024 Upgrade Solarpumpe mit 3m Kabel,Solar Brunnen mit 6 Font\u00e4nenstile Solar Teichpumpe f\u00fcr Garten,Vogelbad,Teich<\/p>\n","protected":false},"featured_media":606,"comment_status":"open","ping_status":"closed","template":"","meta":[],"product_cat":[15],"product_tag":[],"class_list":{"0":"post-607","1":"product","2":"type-product","3":"status-publish","4":"has-post-thumbnail","6":"product_cat-sin-categorizar","7":"nodate","8":"item-wrap","10":"first","11":"instock","12":"shipping-taxable","13":"product-type-external"},"_links":{"self":[{"href":"https:\/\/lofimusic.com.es\/index.php\/wp-json\/wp\/v2\/product\/607","targetHints":{"allow":["GET"]}}],"collection":[{"href":"https:\/\/lofimusic.com.es\/index.php\/wp-json\/wp\/v2\/product"}],"about":[{"href":"https:\/\/lofimusic.com.es\/index.php\/wp-json\/wp\/v2\/types\/product"}],"replies":[{"embeddable":true,"href":"https:\/\/lofimusic.com.es\/index.php\/wp-json\/wp\/v2\/comments?post=607"}],"wp:featuredmedia":[{"embeddable":true,"href":"https:\/\/lofimusic.com.es\/index.php\/wp-json\/wp\/v2\/media\/606"}],"wp:attachment":[{"href":"https:\/\/lofimusic.com.es\/index.php\/wp-json\/wp\/v2\/media?parent=607"}],"wp:term":[{"taxonomy":"product_cat","embeddable":true,"href":"https:\/\/lofimusic.com.es\/index.php\/wp-json\/wp\/v2\/product_cat?post=607"},{"taxonomy":"product_tag","embeddable":true,"href":"https:\/\/lofimusic.com.es\/index.php\/wp-json\/wp\/v2\/product_tag?post=607"}],"curies":[{"name":"wp","href":"https:\/\/api.w.org\/{rel}","templated":true}]}}