{"id":601,"date":"2024-09-13T21:29:04","date_gmt":"2024-09-13T21:29:04","guid":{"rendered":"https:\/\/lofimusic.com.es\/index.php\/producto\/b0cyh92b64_de\/"},"modified":"2024-09-13T21:29:04","modified_gmt":"2024-09-13T21:29:04","slug":"b0cyh92b64_de","status":"publish","type":"product","link":"https:\/\/lofimusic.com.es\/index.php\/producto\/b0cyh92b64_de\/","title":{"rendered":"B0CYH92B64_DE"},"content":{"rendered":"<p>&#8211; \u3010DIY Solarbrunnen Kit\u3011DIY Solarbrunnen Kit, sorgf\u00e4ltig gefertigt aus 4W Sonnenkollektoren. Sie k\u00f6nnen damit ein sch\u00f6nes Wasserspiel f\u00fcr Ihren Garten gestalten DIY. Oder verwenden Sie es mit Ihrem kreativen Brunnen.<br \/>\n&#8211; \u3010Zwei Installationsmethoden\u3011Sie k\u00f6nnen das Solarpanel je nach Bedarf direkt auf dem Rasen oder an der Wand installieren. Gleichzeitig kann das Solarpanel auch gedreht werden, um den Winkel anzupassen und das Sonnenlicht besser zu nutzen, die den Betrieb des Springbrunnens unterst\u00fctzt. Und die Solarbrunnen-Wasserpumpe ist mit einem 3-m-Kabel ausgestattet, um den Heimwerkeranforderungen verschiedener Gelegenheiten gerecht zu werden und eine personalisierte Wasserlandschaft zu schaffen!<br \/>\n&#8211; \u30104 Verschiedene Wasserspr\u00fchger\u00e4te\u3011Der Solar-Vogeltr\u00e4nkebrunnen ist mit 4 verschiedenen Arten von Spr\u00fchd\u00fcsen ausgestattet, die Sie nach Belieben kombinieren und kombinieren k\u00f6nnen, um verschiedene Wasserflusseffekte zu erzielen. Und die H\u00f6he des Wasserstrahls variiert je nach Bedarf Helligkeit der Sonne. Ihre Terrasse wird durch den st\u00e4ndigen Wasserfluss voller Energie und Sch\u00f6nheit sein.<br \/>\n&#8211; \u3010DIY Gestaltung Einfache Installation und Bedienung\u3011Dieser Solarbrunnen hat einen dreischichtigen Wasserflusseffekt, ist leicht zu montieren und zu reinigen. Eigenst\u00e4ndiger Solarbrunnen mit Feste Pf\u00e4hle. Bewegen Sie sich frei an verschiedene Orte, ohne komplizierte Installation und Wartung, Sie k\u00f6nnen damit ein sch\u00f6nes Wasserspiel f\u00fcr Ihren Garten gestalten DIY.<br \/>\n&#8211; \u3010Mehrere Anwendungen\u3011Diese Solarpumpe ist perfekt f\u00fcr Vogelbad, kleinen Garten, Wasserkreislauf f\u00fcr Sauerstoff. Ihr Garten w\u00fcrde auf jeden Fall die Aufmerksamkeit der Passanten auf sich ziehen. Lassen Sie Ihren Garten von der Solarwasserpumpe so am\u00fcsant dekoriert aussehen.<\/p>\n","protected":false},"excerpt":{"rendered":"<p>Werbung<br \/>\nSUJFEE DIY 4W Solar Springbrunnen f\u00fcr Au\u00dfen, Dreischichtiges Flie\u00dfwasser-Set mit Wasserpumpe,Vogelbad und Brunnen Abnehmbar mit 4 D\u00fcsen,Solarbrunnen f\u00fcr Draussen f\u00fcr DIY-Wasserspiel,Gartendekoration<\/p>\n","protected":false},"featured_media":600,"comment_status":"open","ping_status":"closed","template":"","meta":[],"product_cat":[15],"product_tag":[],"class_list":{"0":"post-601","1":"product","2":"type-product","3":"status-publish","4":"has-post-thumbnail","6":"product_cat-sin-categorizar","7":"nodate","8":"item-wrap","10":"first","11":"instock","12":"shipping-taxable","13":"product-type-external"},"_links":{"self":[{"href":"https:\/\/lofimusic.com.es\/index.php\/wp-json\/wp\/v2\/product\/601","targetHints":{"allow":["GET"]}}],"collection":[{"href":"https:\/\/lofimusic.com.es\/index.php\/wp-json\/wp\/v2\/product"}],"about":[{"href":"https:\/\/lofimusic.com.es\/index.php\/wp-json\/wp\/v2\/types\/product"}],"replies":[{"embeddable":true,"href":"https:\/\/lofimusic.com.es\/index.php\/wp-json\/wp\/v2\/comments?post=601"}],"wp:featuredmedia":[{"embeddable":true,"href":"https:\/\/lofimusic.com.es\/index.php\/wp-json\/wp\/v2\/media\/600"}],"wp:attachment":[{"href":"https:\/\/lofimusic.com.es\/index.php\/wp-json\/wp\/v2\/media?parent=601"}],"wp:term":[{"taxonomy":"product_cat","embeddable":true,"href":"https:\/\/lofimusic.com.es\/index.php\/wp-json\/wp\/v2\/product_cat?post=601"},{"taxonomy":"product_tag","embeddable":true,"href":"https:\/\/lofimusic.com.es\/index.php\/wp-json\/wp\/v2\/product_tag?post=601"}],"curies":[{"name":"wp","href":"https:\/\/api.w.org\/{rel}","templated":true}]}}