{"id":583,"date":"2024-09-13T21:09:05","date_gmt":"2024-09-13T21:09:05","guid":{"rendered":"https:\/\/lofimusic.com.es\/index.php\/producto\/b0d6vw1lfx_fr\/"},"modified":"2024-09-13T21:09:05","modified_gmt":"2024-09-13T21:09:05","slug":"b0d6vw1lfx_fr","status":"publish","type":"product","link":"https:\/\/lofimusic.com.es\/index.php\/producto\/b0d6vw1lfx_fr\/","title":{"rendered":"B0D6VW1LFX_FR"},"content":{"rendered":"<p>&#8211; \u3010Trois Couleurs\u3011Il est dot\u00e9 de 3 LED \u00e0 action color\u00e9e qui procurent diff\u00e9rents bienfaits \u00e0 votre peau. La lumi\u00e8re bleue renforce la vitalit\u00e9 de la peau. La lumi\u00e8re verte lisse les lignes s\u00e8ches du visage et du cou et rend la peau ferme et brillante. La lumi\u00e8re rouge procure une sensation de chaleur et rend la peau plus ferme et plus r\u00e9sistante. Am\u00e9liore l&#8217;absorption de la cr\u00e8me ou de la lotion pour une peau plus lisse et plus ferme gr\u00e2ce \u00e0 une temp\u00e9rature constante de 45\u00b0C.<br \/>\n&#8211; \u3010Deux Options de Chargement\u3011Le masseur facial actualis\u00e9 de BENTFINE est dot\u00e9 d&#8217;une base rechargeable. Vous pouvez le placer plus commod\u00e9ment sur votre commode ou votre \u00e9vier. Il peut \u00eatre branch\u00e9 directement sur la base pour se charger (l&#8217;article doit \u00eatre plac\u00e9 sur la base), et peut \u00e9galement \u00eatre branch\u00e9 directement sur le produit pour se charger (sans base), lorsque la charge est en cours, la lumi\u00e8re respiratoire clignote, et lorsque la charge est compl\u00e8te, la lumi\u00e8re est toujours allum\u00e9e.<br \/>\n&#8211; \u3010Constant de temp\u00e9rature Chauffage et Vibrations\u3011Favorise la circulation sanguine et la croissance des fibroblastes et du collag\u00e8ne, acc\u00e9l\u00e8re l&#8217;absorption des nutriments et \u00e9limine les d\u00e9chets. Am\u00e9liorer les ridules, les rides et l&#8217;affaissement. Le Wrinkle Remover Face Device peut \u00eatre utilis\u00e9 non seulement sur le visage mais aussi sur tout le corps. Il est pr\u00e9f\u00e9rable de l&#8217;utiliser avec une huile ou une lotion. Il peut ainsi favoriser l&#8217;absorption des nutriments pendant le massage.<br \/>\n&#8211; \u3010Ergonomie pour le Cou et le Visage\u3011La t\u00eate de massage ergonomique et profil\u00e9e vous permet d&#8217;appliquer facilement l&#8217;appareil. Il est rechargeable, compact et portable. Le masseur facial pour femmes se glisse facilement dans un sac \u00e0 main, ce qui est pratique pour les voyages d&#8217;affaires et les soir\u00e9es. L&#8217;appareil de resserrement du cou est livr\u00e9 dans un coffret cadeau, id\u00e9al pour le jour de No\u00ebl, le Nouvel An, la Saint-Valentin, la f\u00eate des m\u00e8res et la nuit des dames.<br \/>\n&#8211; \u3010Conseils de Chaleur\u3011Ne fonctionne pas lorsqu&#8217;il est en charge. Il existe une l\u00e9g\u00e8re diff\u00e9rence dans la valeur de la temp\u00e9rature de la peau, qui peut \u00eatre chaude. Pour des raisons personnelles, le mode de courant EMS peut provoquer de l\u00e9gers picotements. Appliquer le masseur du cou et du visage avec des s\u00e9rums, des cr\u00e8mes raffermissantes ou des huiles pour le visage afin d&#8217;obtenir de meilleurs r\u00e9sultats. Lorsque la batterie est inf\u00e9rieure \u00e0 10 %, le voyant rouge clignote.<\/p>\n","protected":false},"excerpt":{"rendered":"<p>publicit\u00e9<br \/>\nAppareil Anti Rides Visage, 3 en 1 EMS Appareil Lifting Massage avec Socle, Soin Anti-\u00e2ge de Peau Appareil, \u00c9lectrique Appareil de Beaut\u00e9, Vibration Tonification Pour Le Visage Raffermissement Levage<\/p>\n","protected":false},"featured_media":582,"comment_status":"open","ping_status":"closed","template":"","meta":[],"product_cat":[15],"product_tag":[],"class_list":{"0":"post-583","1":"product","2":"type-product","3":"status-publish","4":"has-post-thumbnail","6":"product_cat-sin-categorizar","7":"nodate","8":"item-wrap","10":"first","11":"instock","12":"shipping-taxable","13":"product-type-external"},"_links":{"self":[{"href":"https:\/\/lofimusic.com.es\/index.php\/wp-json\/wp\/v2\/product\/583","targetHints":{"allow":["GET"]}}],"collection":[{"href":"https:\/\/lofimusic.com.es\/index.php\/wp-json\/wp\/v2\/product"}],"about":[{"href":"https:\/\/lofimusic.com.es\/index.php\/wp-json\/wp\/v2\/types\/product"}],"replies":[{"embeddable":true,"href":"https:\/\/lofimusic.com.es\/index.php\/wp-json\/wp\/v2\/comments?post=583"}],"wp:featuredmedia":[{"embeddable":true,"href":"https:\/\/lofimusic.com.es\/index.php\/wp-json\/wp\/v2\/media\/582"}],"wp:attachment":[{"href":"https:\/\/lofimusic.com.es\/index.php\/wp-json\/wp\/v2\/media?parent=583"}],"wp:term":[{"taxonomy":"product_cat","embeddable":true,"href":"https:\/\/lofimusic.com.es\/index.php\/wp-json\/wp\/v2\/product_cat?post=583"},{"taxonomy":"product_tag","embeddable":true,"href":"https:\/\/lofimusic.com.es\/index.php\/wp-json\/wp\/v2\/product_tag?post=583"}],"curies":[{"name":"wp","href":"https:\/\/api.w.org\/{rel}","templated":true}]}}