{"id":573,"date":"2024-09-13T20:57:03","date_gmt":"2024-09-13T20:57:03","guid":{"rendered":"https:\/\/lofimusic.com.es\/index.php\/producto\/b0d49f1fpg_fr\/"},"modified":"2024-09-13T20:57:03","modified_gmt":"2024-09-13T20:57:03","slug":"b0d49f1fpg_fr","status":"publish","type":"product","link":"https:\/\/lofimusic.com.es\/index.php\/producto\/b0d49f1fpg_fr\/","title":{"rendered":"B0D49F1FPG_FR"},"content":{"rendered":"<p>&#8211; \u00c9COLOGIQUE et EFFICACE : Repulsif ultrason exterieur, fonctionne avec l&#8217;\u00e9nergie solaire ou USB, contient 3 modes pour \u00e9mettre des fr\u00e9quences ultrasons, des LED clignotantes et des vibrations dans la pique qui sont inaudibles pour l&#8217;homme mais g\u00eanantes pour les chats, chien, pigeons, rats, souris, taupe,pour les \u00e9loigner sans nuire \u00e0 leurs sant\u00e9, plus besoin de pesticides ou produits chimiques anti animal nuisible ni de pi\u00e8ges qui les tuent.<br \/>\n&#8211; PERFORMANT : Gr\u00e2ce au d\u00e9tecteur infrarouge de mouvement intelligent, ce r\u00e9pulsif multifonctions est puissant pour \u00e9loigner un plus grand nombre d&#8217;animaux : le renard, le chat, le chien, les rongeurs, le pigeon, l&#8217;\u00e9cureuil, le lapins, le cerf, le pigeon, les rats, les souris, la mouffette, le chauves-souris, le lynx, le raton laveur, le blaireau, le taupe, le serpent et autres animaux.<br \/>\n&#8211; CHARGEMENT SOLAIRE\uff1a 3 choix de chargement: le r\u00e9pulsif chat peut \u00eatre aliment\u00e9 par l&#8217;\u00e9nergie solaire, 3 piles rechargeables AA int\u00e9gr\u00e9es ou le c\u00e2ble USB. Quand il fait gris longtemps, la prise de charge vous permet de le charger par le c\u00e2ble USB . Son design est plus pratique et plus respectueuse de l&#8217;environnement. Veuillez charger la machine par le c\u00e2ble USB pour les premi\u00e8res utilisations.<br \/>\n&#8211; PLUS DE SERENITE ET SECURITE : plus besoin de surveiller vous m\u00eame votre jardin, pelouse, gazon, champ, potager, les fermes, les vergers, fruitiers, les p\u00e9pini\u00e8re, plus besoin de payer cher pour faire appel \u00e0 un jardinier pour r\u00e9parer les d\u00e9g\u00e2ts des animaux nuisible, ou nettoyer \u00e0 chaque fois votre balcon \u00e0 cause des besoins des Pigeons, vous pouvez m\u00eame utiliser le Repulsif Exterieur lors de vos vacances en camping pour vous prot\u00e9ger des serpents ou loups.<br \/>\n&#8211; Installation simple\uff1aLe r\u00e9pulsif solaire pour chats est tr\u00e8s facile \u00e0 installer et ne prend qu&#8217;une minute. Il peut \u00eatre fix\u00e9 au sol \u00e0 l&#8217;aide de poteaux de montage ou suspendu \u00e0 un arbre ou \u00e0 un mur et peut \u00eatre plac\u00e9 n&#8217;importe o\u00f9 dans le jardin, la cour, le verger, le camping et l&#8217;\u00e9tang.<\/p>\n","protected":false},"excerpt":{"rendered":"<p>publicit\u00e9<br \/>\nAILEDA Repulsif Chat Exterieur,Repulsif Chat Solaire Ext\u00e9rieur Efficace Contre Les Chats et Autres Animaux, Solaire USB Multifonctions 3 Modes,Prot\u00e9gez Votre Jardin<\/p>\n","protected":false},"featured_media":572,"comment_status":"open","ping_status":"closed","template":"","meta":[],"product_cat":[15],"product_tag":[],"class_list":{"0":"post-573","1":"product","2":"type-product","3":"status-publish","4":"has-post-thumbnail","6":"product_cat-sin-categorizar","7":"nodate","8":"item-wrap","10":"first","11":"instock","12":"shipping-taxable","13":"product-type-external"},"_links":{"self":[{"href":"https:\/\/lofimusic.com.es\/index.php\/wp-json\/wp\/v2\/product\/573","targetHints":{"allow":["GET"]}}],"collection":[{"href":"https:\/\/lofimusic.com.es\/index.php\/wp-json\/wp\/v2\/product"}],"about":[{"href":"https:\/\/lofimusic.com.es\/index.php\/wp-json\/wp\/v2\/types\/product"}],"replies":[{"embeddable":true,"href":"https:\/\/lofimusic.com.es\/index.php\/wp-json\/wp\/v2\/comments?post=573"}],"wp:featuredmedia":[{"embeddable":true,"href":"https:\/\/lofimusic.com.es\/index.php\/wp-json\/wp\/v2\/media\/572"}],"wp:attachment":[{"href":"https:\/\/lofimusic.com.es\/index.php\/wp-json\/wp\/v2\/media?parent=573"}],"wp:term":[{"taxonomy":"product_cat","embeddable":true,"href":"https:\/\/lofimusic.com.es\/index.php\/wp-json\/wp\/v2\/product_cat?post=573"},{"taxonomy":"product_tag","embeddable":true,"href":"https:\/\/lofimusic.com.es\/index.php\/wp-json\/wp\/v2\/product_tag?post=573"}],"curies":[{"name":"wp","href":"https:\/\/api.w.org\/{rel}","templated":true}]}}