{"id":569,"date":"2024-09-13T20:53:04","date_gmt":"2024-09-13T20:53:04","guid":{"rendered":"https:\/\/lofimusic.com.es\/index.php\/producto\/b0db18g2z9_fr\/"},"modified":"2024-09-13T20:53:04","modified_gmt":"2024-09-13T20:53:04","slug":"b0db18g2z9_fr","status":"publish","type":"product","link":"https:\/\/lofimusic.com.es\/index.php\/producto\/b0db18g2z9_fr\/","title":{"rendered":"B0DB18G2Z9_FR"},"content":{"rendered":"<p>&#8211; \ud83d\udc4dRAPIDE ET EFFICACE &#8211; Avec notre ceinture abdominale, vous pouvez prendre le contr\u00f4le de votre silhouette ! Avec 6 modes d&#8217;entra\u00eenement et 15 niveaux d&#8217;intensit\u00e9, cet appareil de electrostimulation appareil peut adapter chaque s\u00e9ance \u00e0 vos besoins individuels sp\u00e9cifiquement. \u00c0 l\u2019aide de ce ce produit, vous pouvez entra\u00eener vos muscles abdominaux plus efficacement et plus en s\u00e9curit\u00e9 sans avoir \u00e0 faire des exercices intenses!<br \/>\n&#8211; \ud83d\udc4dTechnologie EMS Avanc\u00e9e &#8211; Notre ceinture abdominale electrostimulation utilise une technologie EMS avanc\u00e9e pour stimuler vos muscles et vous aider \u00e0 vous entra\u00eener efficacement. L&#8217;Advanced Electrostimulateur Musculaire est la solution de fitness parfaite pour ceux qui veulent rester en forme sans sacrifier leur temps ou leur \u00e9nergie.<br \/>\n&#8211; \ud83d\udc4dPersonnalisable &#8211; Notre \u00e9lectrostimulateur abdominaux dispose de 8 modes et de 15 niveaux d&#8217;intensit\u00e9 qui conviennent aux personnes ayant des niveaux d&#8217;endurance diff\u00e9rents, vous permettant ainsi de personnaliser votre entra\u00eenement en fonction de vos besoins et de vos pr\u00e9f\u00e9rences. Que vous soyez un passionn\u00e9 de fitness ou que vous d\u00e9butiez, notre produit convient parfaitement \u00e0 toutes les niveaux de fitness<br \/>\n&#8211; \ud83d\udc4dCONFIANCE DE CORPS &#8211; \u00c0 l&#8217;aide de notre ceinture abdominale, vous pouvez atteindre un \u00e9tat physique id\u00e9al dont vous avez toujours r\u00eav\u00e9! Les s\u00e9ances rapides de 20 minutes sont enti\u00e8rement int\u00e9gr\u00e9es avec notre entra\u00eeneur de muscle abdominal dans votre routine. Vous pourrez \u00e9prouver la diff\u00e9rence dans votre \u00e9tat physique et attitude positive !<br \/>\n&#8211; \ud83d\udc4dPortable &#8211; Notre Appareil Electrostimulation Abdominale peut facilement \u00eatre rang\u00e9 dans votre sac \u00e0 main. Que vous soyez au travail, en vacances ou en d\u00e9placement, vous pouvez l&#8217;utiliser pour maintenir vos objectifs de remise en forme et maximiser votre temps, ce qui en fait la solution de remise en forme id\u00e9ale pour tous ceux qui cherchent \u00e0 rester en forme sans sacrifier de temps ni d&#8217;\u00e9nergie.<\/p>\n","protected":false},"excerpt":{"rendered":"<p>publicit\u00e9<br \/>\nAILEDA Electrostimulateur musculaire,Electrostimulation Musculaire pour Renforcer Les Muscles Abdominaux, Rechargeable,8 Modes &amp; 15 Intensit\u00e9s,Electrostimulation pour Abdos\/Bras\/Jambes\/Fesses<\/p>\n","protected":false},"featured_media":568,"comment_status":"open","ping_status":"closed","template":"","meta":[],"product_cat":[15],"product_tag":[],"class_list":{"0":"post-569","1":"product","2":"type-product","3":"status-publish","4":"has-post-thumbnail","6":"product_cat-sin-categorizar","7":"nodate","8":"item-wrap","10":"first","11":"instock","12":"shipping-taxable","13":"product-type-external"},"_links":{"self":[{"href":"https:\/\/lofimusic.com.es\/index.php\/wp-json\/wp\/v2\/product\/569","targetHints":{"allow":["GET"]}}],"collection":[{"href":"https:\/\/lofimusic.com.es\/index.php\/wp-json\/wp\/v2\/product"}],"about":[{"href":"https:\/\/lofimusic.com.es\/index.php\/wp-json\/wp\/v2\/types\/product"}],"replies":[{"embeddable":true,"href":"https:\/\/lofimusic.com.es\/index.php\/wp-json\/wp\/v2\/comments?post=569"}],"wp:featuredmedia":[{"embeddable":true,"href":"https:\/\/lofimusic.com.es\/index.php\/wp-json\/wp\/v2\/media\/568"}],"wp:attachment":[{"href":"https:\/\/lofimusic.com.es\/index.php\/wp-json\/wp\/v2\/media?parent=569"}],"wp:term":[{"taxonomy":"product_cat","embeddable":true,"href":"https:\/\/lofimusic.com.es\/index.php\/wp-json\/wp\/v2\/product_cat?post=569"},{"taxonomy":"product_tag","embeddable":true,"href":"https:\/\/lofimusic.com.es\/index.php\/wp-json\/wp\/v2\/product_tag?post=569"}],"curies":[{"name":"wp","href":"https:\/\/api.w.org\/{rel}","templated":true}]}}