{"id":561,"date":"2024-09-13T20:44:03","date_gmt":"2024-09-13T20:44:03","guid":{"rendered":"https:\/\/lofimusic.com.es\/index.php\/producto\/b0d54l8g32_de\/"},"modified":"2024-09-13T20:44:03","modified_gmt":"2024-09-13T20:44:03","slug":"b0d54l8g32_de","status":"publish","type":"product","link":"https:\/\/lofimusic.com.es\/index.php\/producto\/b0d54l8g32_de\/","title":{"rendered":"B0D54L8G32_DE"},"content":{"rendered":"<p>&#8211; \u30101920P HD-Pixel und Smart WIFI\u3011 Das ohrenreiniger verwendet 1920P HD-Pixel und ist mit Smart WIFI ausgestattet. Die Otoskop-Kamera kann das Innere des Geh\u00f6rgangs deutlich sehen und hilft so, den Geh\u00f6rgang zu reinigen, ohne regelm\u00e4\u00dfig zum Arzt gehen zu m\u00fcssen. Sie k\u00f6nnen den Geh\u00f6rgang \u00fcber Ihr Mobiltelefon betrachten und Screenshots und Videos aufnehmen.<br \/>\n&#8211; \u3010Sanfte Pflege\u3011Die Haut im Inneren der Ohren ist \u00e4u\u00dferst empfindlich und erfordert sorgf\u00e4ltige Pflege. Der manuelle Ohrenreiniger reinigt Ihre Ohren sanft, ohne die Haut zu besch\u00e4digen, beseitigt Schmerzen oder Beschwerden und entfernt Ohrenschmalz, Schmutz und Ablagerungen.<br \/>\n&#8211; \u3010Gebrauchsanweisung\u3011: Otoskop : 1.Scannen Sie den QR-Code, um die APP \u201eSoulear\u201c herunterzuladen. 2. Halten Sie gedr\u00fcckt, um das Otoskop zu starten und das Mobiltelefon zu \u00f6ffnen, um eine Verbindung mit WLAN \u201eSoulear-xxxx\u201c herzustellen. 3.Nachdem die Verbindung erfolgreich hergestellt wurde, kehren Sie zur Anwendungsseite zur\u00fcck und klicken Sie, um sich anzumelden.<br \/>\n&#8211; \u3010Gebrauchsanweisung\u3011Ohrenreiniger: 1. Gie\u00dfen Sie warmes Wasser nahe K\u00f6rpertemperatur (37\u2103+2\u2103) in die Flasche. 2. Stecken Sie die Ohrst\u00f6psel auf das Ende des Ohrenreinigers. 3. Platzieren Sie die kleine gew\u00f6lbte Fl\u00e4che des Ohrst\u00f6psels nahe am Ohr. 4. Stellen Sie die entsprechende Position ein und beginnen Sie mit der Reinigung des Ohrenschmalzes. 5. Trocknen Sie die Ohren nach dem Sp\u00fclen mit einem Handtuch oder lassen Sie sie an der Luft trocknen.<br \/>\n&#8211; \u3010Breite Kompatibilit\u00e4t\u3011 Das Ohrenreinigungs-Otoskop ist mit iOS- und Android-Smartphones oder -Tablets (au\u00dfer Windows-Systemen) kompatibel. Es ist f\u00fcr Erwachsene, Kinder und Haustiere geeignet.<\/p>\n","protected":false},"excerpt":{"rendered":"<p>Werbung<br \/>\nOhrenreiniger Ohrenschmalz Entferner, VITCOCO Ohrreiniger f\u00fcr Erwachsene, Ohrsp\u00fclsystem f\u00fcr Erwachsene &amp; Kinder, Ohrensp\u00fclung Mit 9+1 Ohr Tipps und Wasser Fang Becken, Blau<\/p>\n","protected":false},"featured_media":560,"comment_status":"open","ping_status":"closed","template":"","meta":[],"product_cat":[15],"product_tag":[],"class_list":{"0":"post-561","1":"product","2":"type-product","3":"status-publish","4":"has-post-thumbnail","6":"product_cat-sin-categorizar","7":"nodate","8":"item-wrap","10":"first","11":"instock","12":"shipping-taxable","13":"product-type-external"},"_links":{"self":[{"href":"https:\/\/lofimusic.com.es\/index.php\/wp-json\/wp\/v2\/product\/561","targetHints":{"allow":["GET"]}}],"collection":[{"href":"https:\/\/lofimusic.com.es\/index.php\/wp-json\/wp\/v2\/product"}],"about":[{"href":"https:\/\/lofimusic.com.es\/index.php\/wp-json\/wp\/v2\/types\/product"}],"replies":[{"embeddable":true,"href":"https:\/\/lofimusic.com.es\/index.php\/wp-json\/wp\/v2\/comments?post=561"}],"wp:featuredmedia":[{"embeddable":true,"href":"https:\/\/lofimusic.com.es\/index.php\/wp-json\/wp\/v2\/media\/560"}],"wp:attachment":[{"href":"https:\/\/lofimusic.com.es\/index.php\/wp-json\/wp\/v2\/media?parent=561"}],"wp:term":[{"taxonomy":"product_cat","embeddable":true,"href":"https:\/\/lofimusic.com.es\/index.php\/wp-json\/wp\/v2\/product_cat?post=561"},{"taxonomy":"product_tag","embeddable":true,"href":"https:\/\/lofimusic.com.es\/index.php\/wp-json\/wp\/v2\/product_tag?post=561"}],"curies":[{"name":"wp","href":"https:\/\/api.w.org\/{rel}","templated":true}]}}