{"id":541,"date":"2024-09-13T20:27:03","date_gmt":"2024-09-13T20:27:03","guid":{"rendered":"https:\/\/lofimusic.com.es\/index.php\/producto\/b0d9nndbxf_it\/"},"modified":"2024-09-13T20:27:03","modified_gmt":"2024-09-13T20:27:03","slug":"b0d9nndbxf_it","status":"publish","type":"product","link":"https:\/\/lofimusic.com.es\/index.php\/producto\/b0d9nndbxf_it\/","title":{"rendered":"B0D9NNDBXF_IT"},"content":{"rendered":"<p>&#8211; \u3010Proiezione Ultra HD 4K\u3011: FIYAPOO Miracast Dongle supporta la risoluzione 4K (3840 x 2160), fornendo immagini ultra nitide, quattro volte superiori a 1080P. Supporta la tecnologia HDR, rendendo i colori pi\u00f9 vividi e realistici e i dettagli pi\u00f9 ricchi. Proietta facilmente il contenuto del tuo telefono, tablet o computer sul grande schermo e goditi effetti visivi pi\u00f9 sorprendenti.<br \/>\n&#8211; \u3010Ampia compatibilit\u00e0\u3011: FIYAPOO Miracast Dongle ha una forte compatibilit\u00e0 ed \u00e8 adatto a pi\u00f9 sistemi operativi come iOS, Android, Windows e Mac OS. Supporta iPhone, iPad, Macbook, Samsung, LG, HTC, PC e altri dispositivi. Indipendentemente dal dispositivo utilizzato, \u00e8 possibile ottenere la condivisione dello schermo wireless tramite la funzione Miracast, Airplay o DLNA.<br \/>\n&#8211; \u3010Trasmissione efficiente\u3011: utilizzando la tecnologia Miracast 2.4G, supportando il protocollo 802.11AC, riducendo i segnali di interferenza e aumentando la velocit\u00e0 di trasmissione. Che si tratti di guardare film, giocare o trasferire file, pu\u00f2 garantire un funzionamento fluido e stabile senza essere influenzato da segnali instabili.<br \/>\n&#8211; \u3010Facile da usare\u3011: design semplice, facile da usare, puoi collegare rapidamente il dispositivo con pochi passaggi di configurazione, eliminando il complicato processo di connessione via cavo. Tramite la funzione AirPlay, DLNA o Miracast, puoi trasferire film, immagini, musica, documenti o giochi da dispositivi Android, iOS, Mac, Windows a una TV o un monitor a grande schermo e puoi utilizzarlo senza competenze professionali.<br \/>\n&#8211; \u3010Design portatile\u3011: il dongle FIYAPOO Miracast \u00e8 leggero e facile da trasportare. Sia a casa, in ufficio o in viaggio, puoi sempre goderti la comodit\u00e0 della condivisione dello schermo wireless e condividere facilmente momenti meravigliosi. \u00c8 una scelta ideale per l&#8217;intrattenimento domestico, le presentazioni aziendali e i viaggi<\/p>\n","protected":false},"excerpt":{"rendered":"<p>pubblicit\u00e0<br \/>\nFIYAPOO Dongle Miracast HDMI per trasmissioni wireless, Dongle WiFi 4K per iPhone\/iPad\/Android\/iOS\/Windows Laptop, PC HD, TV Fire Stick, Monitor e Proiettore (compatibile con Miracast, DLNA, Airplay)<\/p>\n","protected":false},"featured_media":540,"comment_status":"open","ping_status":"closed","template":"","meta":[],"product_cat":[15],"product_tag":[],"class_list":{"0":"post-541","1":"product","2":"type-product","3":"status-publish","4":"has-post-thumbnail","6":"product_cat-sin-categorizar","7":"nodate","8":"item-wrap","10":"first","11":"instock","12":"shipping-taxable","13":"product-type-external"},"_links":{"self":[{"href":"https:\/\/lofimusic.com.es\/index.php\/wp-json\/wp\/v2\/product\/541","targetHints":{"allow":["GET"]}}],"collection":[{"href":"https:\/\/lofimusic.com.es\/index.php\/wp-json\/wp\/v2\/product"}],"about":[{"href":"https:\/\/lofimusic.com.es\/index.php\/wp-json\/wp\/v2\/types\/product"}],"replies":[{"embeddable":true,"href":"https:\/\/lofimusic.com.es\/index.php\/wp-json\/wp\/v2\/comments?post=541"}],"wp:featuredmedia":[{"embeddable":true,"href":"https:\/\/lofimusic.com.es\/index.php\/wp-json\/wp\/v2\/media\/540"}],"wp:attachment":[{"href":"https:\/\/lofimusic.com.es\/index.php\/wp-json\/wp\/v2\/media?parent=541"}],"wp:term":[{"taxonomy":"product_cat","embeddable":true,"href":"https:\/\/lofimusic.com.es\/index.php\/wp-json\/wp\/v2\/product_cat?post=541"},{"taxonomy":"product_tag","embeddable":true,"href":"https:\/\/lofimusic.com.es\/index.php\/wp-json\/wp\/v2\/product_tag?post=541"}],"curies":[{"name":"wp","href":"https:\/\/api.w.org\/{rel}","templated":true}]}}