{"id":479,"date":"2024-09-13T19:48:03","date_gmt":"2024-09-13T19:48:03","guid":{"rendered":"https:\/\/lofimusic.com.es\/index.php\/producto\/b0d2pb582b_it\/"},"modified":"2024-09-13T19:48:03","modified_gmt":"2024-09-13T19:48:03","slug":"b0d2pb582b_it","status":"publish","type":"product","link":"https:\/\/lofimusic.com.es\/index.php\/producto\/b0d2pb582b_it\/","title":{"rendered":"B0D2PB582B_IT"},"content":{"rendered":"<p>&#8211; Massaggio Multifunzione: Questo massaggiatore anticellulite offre 3 diverse modalit\u00e0 di lavoro (D-Line: riduce le smagliature, B-Fat: brucia i grassi, L-Skin: pelle rassodata); in secondo luogo, la funzione di riscaldamento viene aggiunta per assistere, in modo da poter vivere un&#8217;esperienza confortevole. (In combinazione con una dieta sana e una forma fisica, pu\u00f2 ridurre pi\u00f9 efficacemente la cellulite e migliorare l&#8217;effetto rassodante.)<br \/>\n&#8211; Hardware Aggiornato: Il massaggiatore elettrico aggiornato ha 4 testine massaggianti e 25 luci LED, fornendo un&#8217;area di lavoro pi\u00f9 ampia e uniforme. Inoltre, ha anche 10 livelli regolabili, offrendo pi\u00f9 opzioni di intensit\u00e0 del massaggio. Puoi iniziare dal primo livello e aumentare in base alla tolleranza della tua pelle.<br \/>\n&#8211; Facile da Usare: Il massaggiatore anticellulite \u00e8 dotato di una batteria ricaricabile incorporata. Questo design elimina il problema dell&#8217;aggrovigliamento dei cavi, consentendoti di utilizzarlo facilmente sempre e ovunque. (Nota: assicurarsi che il dispositivo sia completamente carico prima dell&#8217;uso e scollegare il cavo di ricarica prima di accenderlo.)<br \/>\n&#8211; Uso Consigliato: Per ottenere i migliori risultati, utilizzare il massaggiatore 2-3 volte a settimana per 15 minuti ogni volta (si spegne automaticamente dopo 15 minuti). Si consiglia di utilizzare il massaggiatore in combinazione con gel conduttivo, crema per smagliature o olio essenziale. (Nota: nella confezione non sono inclusi gel, crema o olio essenziale!) Risultati visibili possono essere ottenuti con l&#8217;uso continuo per 85-100 giorni.<br \/>\n&#8211; Scelta Regalo Perfetta: Questo massaggiatore anticellulite professionale \u00e8 adatto a pi\u00f9 parti del corpo, tra cui addome, vita, fianchi, braccia, gambe e schiena. \u00c8 un ottimo regalo per le mamme dopo il parto, le persone che cercano di combattere la cellulite e gli appassionati di bellezza che vogliono ottenere e mantenere un corpo perfetto. (Nota: non utilizzare su viso e collo).<\/p>\n","protected":false},"excerpt":{"rendered":"<p>pubblicit\u00e0<br \/>\nDepsoul Massaggiatore Anticellulite &#8211; Massaggiatore Professionale per Gambe Massaggiatore per Scolpire Il Corpo a Casa per Pancia, Schiena, Vita, Braccia, Glutei<\/p>\n","protected":false},"featured_media":478,"comment_status":"open","ping_status":"closed","template":"","meta":[],"product_cat":[15],"product_tag":[],"class_list":{"0":"post-479","1":"product","2":"type-product","3":"status-publish","4":"has-post-thumbnail","6":"product_cat-sin-categorizar","7":"nodate","8":"item-wrap","10":"first","11":"instock","12":"shipping-taxable","13":"product-type-external"},"_links":{"self":[{"href":"https:\/\/lofimusic.com.es\/index.php\/wp-json\/wp\/v2\/product\/479","targetHints":{"allow":["GET"]}}],"collection":[{"href":"https:\/\/lofimusic.com.es\/index.php\/wp-json\/wp\/v2\/product"}],"about":[{"href":"https:\/\/lofimusic.com.es\/index.php\/wp-json\/wp\/v2\/types\/product"}],"replies":[{"embeddable":true,"href":"https:\/\/lofimusic.com.es\/index.php\/wp-json\/wp\/v2\/comments?post=479"}],"wp:featuredmedia":[{"embeddable":true,"href":"https:\/\/lofimusic.com.es\/index.php\/wp-json\/wp\/v2\/media\/478"}],"wp:attachment":[{"href":"https:\/\/lofimusic.com.es\/index.php\/wp-json\/wp\/v2\/media?parent=479"}],"wp:term":[{"taxonomy":"product_cat","embeddable":true,"href":"https:\/\/lofimusic.com.es\/index.php\/wp-json\/wp\/v2\/product_cat?post=479"},{"taxonomy":"product_tag","embeddable":true,"href":"https:\/\/lofimusic.com.es\/index.php\/wp-json\/wp\/v2\/product_tag?post=479"}],"curies":[{"name":"wp","href":"https:\/\/api.w.org\/{rel}","templated":true}]}}