{"id":477,"date":"2024-09-13T19:45:05","date_gmt":"2024-09-13T19:45:05","guid":{"rendered":"https:\/\/lofimusic.com.es\/index.php\/producto\/b0d9vzpvwf_fr\/"},"modified":"2024-09-13T19:45:05","modified_gmt":"2024-09-13T19:45:05","slug":"b0d9vzpvwf_fr","status":"publish","type":"product","link":"https:\/\/lofimusic.com.es\/index.php\/producto\/b0d9vzpvwf_fr\/","title":{"rendered":"B0D9VZPVWF_FR"},"content":{"rendered":"<p>&#8211; \u3010Construction robuste et durable\u3011 : Fabriqu\u00e9 \u00e0 partir de mat\u00e9riaux de haute qualit\u00e9, ce tableau effa\u00e7able \u00e0 sec a une bonne r\u00e9sistance \u00e0 la compression et n&#8217;est pas facile \u00e0 plier et \u00e0 d\u00e9former. Les coins arrondis en ABS et le cadre en aluminium robuste offrent la meilleure protection pour le tableau blanc, garantissant qu&#8217;il n&#8217;est pas facile \u00e0 d\u00e9former et \u00e0 fissurer apr\u00e8s l\u2019avoir cogn\u00e9.<br \/>\n&#8211; \u3010Surface lisse avec un fort magn\u00e9tisme\u3011 : La surface lisse et r\u00e9sistante aux rayures est pratique pour \u00e9crire, dessiner et essuyer (la surface est initialement recouverte d&#8217;un film protecteur, veuillez la retirer avant utilisation). De plus, le tableau magn\u00e9tique est compatible avec tous les mat\u00e9riaux magn\u00e9tiques, et il peut faire tenir efficacement des notes, des m\u00e9mos ou des listes de courses.<br \/>\n&#8211; \u3010Utilisation polyvalente\u3011: Le tableau effa\u00e7able \u00e0 sec peut \u00eatre utilis\u00e9 dans divers endroits tels que la maison, l&#8217;\u00e9cole, le bureau, etc., ce qui est tr\u00e8s appropri\u00e9 pour l&#8217;enseignement, des pr\u00e9sentations, le dessin et plus encore. Vous pouvez utiliser un marqueur pour noter des id\u00e9es cr\u00e9atives, des choses \u00e0 faire, des notes importantes ou des listes de courses sans gaspiller de papier.<br \/>\n&#8211; \u3010Plusieurs moyens d&#8217;installation\u3011: Avec des moyens d&#8217;installation flexibles, vous pouvez accrocher ce tableau blanc horizontalement ou verticalement pour r\u00e9pondre \u00e0 diff\u00e9rents besoins d&#8217;espace et d&#8217;utilisation. 2 crochets de suspension mobiles vous permettent de r\u00e9gler facilement la distance de suspension. De plus, vous pouvez \u00e9galement choisir d&#8217;installer le tableau effa\u00e7able \u00e0 sec fermement sur le mur avec des vis d&#8217;expansion.<br \/>\n&#8211; \u3010Kit tout-en-un\u3011 : Ce kit de tableau effa\u00e7able \u00e0 sec comprend 1 tableau blanc, 3 marqueurs avec bo\u00eetier d\u2019effaceur, 2 aimants, 1 plateau amovible et 1 effaceur en mousse, ce qui vous \u00e9vite d&#8217;acheter s\u00e9par\u00e9ment des outils d&#8217;\u00e9criture ou de dessin. De plus, il est l\u00e9ger et facile \u00e0 transporter \u00e0 diff\u00e9rents endroits.<\/p>\n","protected":false},"excerpt":{"rendered":"<p>publicit\u00e9<br \/>\nCOSTWAY Tableau Blanc Magn\u00e9tique Effa\u00e7able 60 x 40CM, Tableau Magnetique Mural, Marqueur Bloc Effaceur Aimant, Surface Laqu\u00e9e Aimant\u00e9e, Cadre en Aluminium<\/p>\n","protected":false},"featured_media":476,"comment_status":"open","ping_status":"closed","template":"","meta":[],"product_cat":[15],"product_tag":[],"class_list":{"0":"post-477","1":"product","2":"type-product","3":"status-publish","4":"has-post-thumbnail","6":"product_cat-sin-categorizar","7":"nodate","8":"item-wrap","10":"first","11":"instock","12":"shipping-taxable","13":"product-type-external"},"_links":{"self":[{"href":"https:\/\/lofimusic.com.es\/index.php\/wp-json\/wp\/v2\/product\/477","targetHints":{"allow":["GET"]}}],"collection":[{"href":"https:\/\/lofimusic.com.es\/index.php\/wp-json\/wp\/v2\/product"}],"about":[{"href":"https:\/\/lofimusic.com.es\/index.php\/wp-json\/wp\/v2\/types\/product"}],"replies":[{"embeddable":true,"href":"https:\/\/lofimusic.com.es\/index.php\/wp-json\/wp\/v2\/comments?post=477"}],"wp:featuredmedia":[{"embeddable":true,"href":"https:\/\/lofimusic.com.es\/index.php\/wp-json\/wp\/v2\/media\/476"}],"wp:attachment":[{"href":"https:\/\/lofimusic.com.es\/index.php\/wp-json\/wp\/v2\/media?parent=477"}],"wp:term":[{"taxonomy":"product_cat","embeddable":true,"href":"https:\/\/lofimusic.com.es\/index.php\/wp-json\/wp\/v2\/product_cat?post=477"},{"taxonomy":"product_tag","embeddable":true,"href":"https:\/\/lofimusic.com.es\/index.php\/wp-json\/wp\/v2\/product_tag?post=477"}],"curies":[{"name":"wp","href":"https:\/\/api.w.org\/{rel}","templated":true}]}}