{"id":455,"date":"2024-09-13T19:33:04","date_gmt":"2024-09-13T19:33:04","guid":{"rendered":"https:\/\/lofimusic.com.es\/index.php\/producto\/b0d7hrgd7j_it\/"},"modified":"2024-09-13T19:33:04","modified_gmt":"2024-09-13T19:33:04","slug":"b0d7hrgd7j_it","status":"publish","type":"product","link":"https:\/\/lofimusic.com.es\/index.php\/producto\/b0d7hrgd7j_it\/","title":{"rendered":"B0D7HRGD7J_IT"},"content":{"rendered":"<p>&#8211; \ud83d\udcaa\u3010Elettrostimolatore Muscolare\u3011Elettrostimolatore per Addominali, metodo Scientifico di Tonificazione Muscolare. Stimolando la corrente, invia segnali direttamente ai muscoli e promuove il movimento muscolare, eliminando il Grasso Localizzato. Lo stimolatore EMS progettato per il fitness muscolare del corpo.<br \/>\n&#8211; \ud83d\udcaa\u30106 Modi e 9 Livelli di intensita\u3011 Ci sono 8 modalit\u00e0 disponibili e 19 intensit\u00e0 per aiutare la crescita muscolare e la combustione dei grassi. Per evitare una stimolazione improvvisa, \u00e8 possibile iniziare con una modalit\u00e0 di riscaldamento a un livello di intensit\u00e0 delicato, quindi selezionare una modalit\u00e0 adeguata a un livello di intensit\u00e0 confortevole per allenare i muscoli.<br \/>\n&#8211; \ud83d\udcaa\u3010Esercizio Efficiente\u301120 minuti di utilizzo al giorno equivale a 2000M di corsa, 60 minuti di sit-ups, 60 minuti di nuoto libero e 2 settimane di dieta, risparmiando tempo ed energia per il bodybuilding. Puoi scegliere facilmente la modalit\u00e0 e l\u2019intensit\u00e0. Esercita, rafforza i muscoli, brucia i grassi, perde il peso e riforma la figura. Avrai lentamente una figura perfetta, dopo 2 mesi di utilizzo del prodotto consecutivamente.<br \/>\n&#8211; \ud83d\udcaa\u3010Super leggero e conveniente\u3011Dotato di PU morbido di alta qualit\u00e0 e cuscinetti in gel di ricambio importati.Cuscino morbido e traspirante di alta qualit\u00e0, pi\u00f9 appiccicoso alle linee del tuo corpo.Il nostro stimolatore muscolare EMS \u00e8 super leggero, ultra sottile e comodo da portare ovunque. Questo dispositivo pu\u00f2 essere indossato discretamente sotto i vestiti, perfetto per l&#8217;allenamento muscolare durante la lettura\/intrattenimento\/lavoro domestico\/lettura, ecc.<br \/>\n&#8211; \ud83d\udcaa\u3010Certificato e garantito\u3011Offriamo una garanzia di 12 mesi e faremo del nostro meglio per soddisfare le tue esigenze. Contattaci se hai incontrato problemi del prodotto, forniamo un servizio 24 ore al giorno. Inoltre offriamo il rimborso del 100% o la sostituzione gratuita.<\/p>\n","protected":false},"excerpt":{"rendered":"<p>pubblicit\u00e0<br \/>\nElettrostimolatore Muscolare,Addominali Elettrostimolatore, Smart ABS Trainer, 6 modalit\u00e0 9 livelli di intensit\u00e0 per Addome\/Braccio\/Gambe\/Waist\/Glutei<\/p>\n","protected":false},"featured_media":454,"comment_status":"open","ping_status":"closed","template":"","meta":[],"product_cat":[15],"product_tag":[],"class_list":{"0":"post-455","1":"product","2":"type-product","3":"status-publish","4":"has-post-thumbnail","6":"product_cat-sin-categorizar","7":"nodate","8":"item-wrap","10":"first","11":"instock","12":"shipping-taxable","13":"product-type-external"},"_links":{"self":[{"href":"https:\/\/lofimusic.com.es\/index.php\/wp-json\/wp\/v2\/product\/455","targetHints":{"allow":["GET"]}}],"collection":[{"href":"https:\/\/lofimusic.com.es\/index.php\/wp-json\/wp\/v2\/product"}],"about":[{"href":"https:\/\/lofimusic.com.es\/index.php\/wp-json\/wp\/v2\/types\/product"}],"replies":[{"embeddable":true,"href":"https:\/\/lofimusic.com.es\/index.php\/wp-json\/wp\/v2\/comments?post=455"}],"wp:featuredmedia":[{"embeddable":true,"href":"https:\/\/lofimusic.com.es\/index.php\/wp-json\/wp\/v2\/media\/454"}],"wp:attachment":[{"href":"https:\/\/lofimusic.com.es\/index.php\/wp-json\/wp\/v2\/media?parent=455"}],"wp:term":[{"taxonomy":"product_cat","embeddable":true,"href":"https:\/\/lofimusic.com.es\/index.php\/wp-json\/wp\/v2\/product_cat?post=455"},{"taxonomy":"product_tag","embeddable":true,"href":"https:\/\/lofimusic.com.es\/index.php\/wp-json\/wp\/v2\/product_tag?post=455"}],"curies":[{"name":"wp","href":"https:\/\/api.w.org\/{rel}","templated":true}]}}