{"id":435,"date":"2024-09-13T19:19:03","date_gmt":"2024-09-13T19:19:03","guid":{"rendered":"https:\/\/lofimusic.com.es\/index.php\/producto\/b0d3qnfxgf_de\/"},"modified":"2024-09-13T19:19:03","modified_gmt":"2024-09-13T19:19:03","slug":"b0d3qnfxgf_de","status":"publish","type":"product","link":"https:\/\/lofimusic.com.es\/index.php\/producto\/b0d3qnfxgf_de\/","title":{"rendered":"B0D3QNFXGF_DE"},"content":{"rendered":"<p>&#8211; \u3010Aufger\u00fcsteter Solarbrunnen\u3011 Die 2023 New Upgraded 5.5W Solarbrunnen ist aus PET-Laminierung Prozess, die Solarpanel-Struktur ist stabil und nicht leicht zu verformen, lange Lebensdauer, so dass die solarbetriebene Wasserpumpe kontinuierlich und konsequent zu arbeiten, und der Rahmen aus hochwertigem harten Aluminium-Legierung, wird nicht korrodiert werden, hat feste und langlebig. Ausgestattet mit einem 3 Meter Stromkabel, k\u00f6nnen Sie den besten Platz finden, um das Solarpanel zu setzen.<br \/>\n&#8211; \u30108LEDS &amp; 3000mAh Batterie\u3011 AISITIN 5.5W Solarbrunnen hat eine eingebaute 3000mAh Batterie (Betriebszeit 2,5-3 Stunden bei voller Ladung). Automatische Speicherung der Sonnenenergie w\u00e4hrend des Tages. Nachts schalten sich die 8 LEDs automatisch ein und machen die klare Kristallfont\u00e4ne farbenfroh und auff\u00e4llig (Hinweis: Solarbrunnenpaneele ben\u00f6tigen starkes Licht, um zu aktivieren, warten Sie 3-5 Sekunden).<br \/>\n&#8211; \u3010Abnehmbare 3-stufige Vogeltr\u00e4nke\u3011 Das Tablett f\u00fcr den Kristall-Solarbrunnen ist aus lebensmittelechtem PS-Acryl gefertigt, langlebig und sturzsicher, das Material ist kristallklar, und das rautenf\u00f6rmige, strukturierte Turmdesign ist einfach und unauff\u00e4llig. Ein sanftes Rinnsal von Wasser flie\u00dft von oben herab und sorgt f\u00fcr ein entspannendes Erlebnis. Die Wasserpumpe kann von der Kristall-Vogeltr\u00e4nke abgenommen werden, um das Basteln zu unterst\u00fctzen und einen reicheren Wassereffekt zu erzeugen.<br \/>\n&#8211; \u3010Multi-Szenen-Anwendungen\u3011 \u2460W\u00e4hrend der Winterzeit kann das klare Kristall-Vogelbad als Vogelfutterstelle verwendet werden, wo Sie Vogelfutter\/Wasser in verschiedenen Schalen platzieren k\u00f6nnen \u2461 Sie k\u00f6nnen D\u00fcsen\/Schl\u00e4uche kaufen, um sie mit der 5,5W-Solarstrom-Font\u00e4nenpumpe f\u00fcr Fischbecken\/kleine Teiche\/DIY-Wasserelemente usw. zu verwenden. \u2462Sie k\u00f6nnen auch Obst\/Snacks\/Bonbons etc. in das klare Kristall-Vogelbad legen.<\/p>\n","protected":false},"excerpt":{"rendered":"<p>Werbung<br \/>\nAISITIN Bunte LED Solarbrunnen mit 3 stufige Vogeltr\u00e4nke aus Kristall Sets, 2024 Verbesserter 5,5W Solar Springbrunnen Eingebaut 3000 mAh Akku mit DIY Vogelf\u00fctterer aus Kristall<\/p>\n","protected":false},"featured_media":434,"comment_status":"open","ping_status":"closed","template":"","meta":[],"product_cat":[15],"product_tag":[],"class_list":{"0":"post-435","1":"product","2":"type-product","3":"status-publish","4":"has-post-thumbnail","6":"product_cat-sin-categorizar","7":"nodate","8":"item-wrap","10":"first","11":"instock","12":"shipping-taxable","13":"product-type-external"},"_links":{"self":[{"href":"https:\/\/lofimusic.com.es\/index.php\/wp-json\/wp\/v2\/product\/435","targetHints":{"allow":["GET"]}}],"collection":[{"href":"https:\/\/lofimusic.com.es\/index.php\/wp-json\/wp\/v2\/product"}],"about":[{"href":"https:\/\/lofimusic.com.es\/index.php\/wp-json\/wp\/v2\/types\/product"}],"replies":[{"embeddable":true,"href":"https:\/\/lofimusic.com.es\/index.php\/wp-json\/wp\/v2\/comments?post=435"}],"wp:featuredmedia":[{"embeddable":true,"href":"https:\/\/lofimusic.com.es\/index.php\/wp-json\/wp\/v2\/media\/434"}],"wp:attachment":[{"href":"https:\/\/lofimusic.com.es\/index.php\/wp-json\/wp\/v2\/media?parent=435"}],"wp:term":[{"taxonomy":"product_cat","embeddable":true,"href":"https:\/\/lofimusic.com.es\/index.php\/wp-json\/wp\/v2\/product_cat?post=435"},{"taxonomy":"product_tag","embeddable":true,"href":"https:\/\/lofimusic.com.es\/index.php\/wp-json\/wp\/v2\/product_tag?post=435"}],"curies":[{"name":"wp","href":"https:\/\/api.w.org\/{rel}","templated":true}]}}