{"id":365,"date":"2024-09-13T18:34:04","date_gmt":"2024-09-13T18:34:04","guid":{"rendered":"https:\/\/lofimusic.com.es\/index.php\/producto\/b0c2hvrqll_de\/"},"modified":"2024-09-13T18:34:04","modified_gmt":"2024-09-13T18:34:04","slug":"b0c2hvrqll_de","status":"publish","type":"product","link":"https:\/\/lofimusic.com.es\/index.php\/producto\/b0c2hvrqll_de\/","title":{"rendered":"B0C2HVRQLL_DE"},"content":{"rendered":"<p>&#8211; \u3010DIY Solarbrunnen f\u00fcr Vogelbad Kit\u3011: DIY Solarbrunnen Kit, sorgf\u00e4ltig gefertigt aus hocheffizienten Sonnenkollektoren (2.8W). Sie k\u00f6nnen die Wasserpumpe und das Solarmodul zusammen in einer Vogeltr\u00e4nke unterbringen, oder Sie k\u00f6nnen die Pumpe und das Solarmodul trennen und frei kombinieren.Sie k\u00f6nnen Ihrer Kreativit\u00e4t freien Lauf lassen und frei gestalten. Oder verwenden Sie es mit Ihrem kreativen Brunnen.<br \/>\n&#8211; \u3010Umweltschutz 2.8W Solar panel\u3011 Es wird komplett mit Solarenergie gesteuert, ben\u00f6tigt weder Batterie noch Strom. Keine Batterie darin, eine wirklich umweltfreundliche Solar Springbrunnen. Legen Sie die Pumpe lediglich ins Wasser, Stellen Sie das Solarpanel auf das direkte Sonnenlicht und es funktioniert automatisch. Eingebauter brushless motor mit l\u00e4ngere lebensdauer und geringeren verbrauch.<br \/>\n&#8211; \u3010Einfach zu bedienen\u3011: Eigenst\u00e4ndiger Solarbrunnen. Bewegen Sie sich frei an verschiedene Orte, ohne komplizierte Installation und Wartung, Die Solar-Wasserfont\u00e4ne kann als Vogelbad-Brunnen und Fischtank-Wasserzirkulationsger\u00e4t verwendet werden. Das Kabel zwischen Solarpanel und Pumpe ist lang genug mit einem 1.2 Meter langen Kabel, um einen relativ gro\u00dfen Bereich abzudecken, ohne sich Sorgen machen zu m\u00fcssen, dass die Pumpe im Schatten nicht funktioniert.<br \/>\n&#8211; \u30106 verschiedene Spr\u00fchstil\u3011: verschiedene D\u00fcsen k\u00f6nnen Ihre unterschiedlichen Anforderungen an die Wassers\u00e4ule H\u00f6he oder Wassers\u00e4ule Form. Die H\u00f6he kann durch Wechseln der D\u00fcsen eingestellt werden, um ein Versch\u00fctten aus dem Becken zu vermeiden. Sie k\u00f6nnen den Spr\u00fchkopf leicht wechseln.<br \/>\n&#8211; \u3010Anti Drift Design\u3011: Der Solar-Vogelbad-Brunnen hat einen versenkbaren St\u00e4nder, der f\u00fcr Vogeltr\u00e4nken entwickelt wurde, Verhinderung des Abdriftens von Solarbrunnen. \u00d6ffnen Sie den St\u00e4nder, die Pumpe kann in der Mitte der Vogeltr\u00e4nke befestigt werden, um ein Abdriften zu vermeiden.<\/p>\n","protected":false},"excerpt":{"rendered":"<p>Werbung<br \/>\nAISITIN 2 IN 1 DIY Solar Springbrunnen f\u00fcr Au\u00dfen mit 2.8W Abnehmbares Solarpanel Solarbrunnen f\u00fcr Draussen mit Feste Halterung, Teichpumpe mit 6 Effekten f\u00fcr Garten,Teich,Vogelbad,DIY Wasserspiel<\/p>\n","protected":false},"featured_media":364,"comment_status":"open","ping_status":"closed","template":"","meta":[],"product_cat":[15],"product_tag":[],"class_list":{"0":"post-365","1":"product","2":"type-product","3":"status-publish","4":"has-post-thumbnail","6":"product_cat-sin-categorizar","7":"nodate","8":"item-wrap","10":"first","11":"instock","12":"shipping-taxable","13":"product-type-external"},"_links":{"self":[{"href":"https:\/\/lofimusic.com.es\/index.php\/wp-json\/wp\/v2\/product\/365","targetHints":{"allow":["GET"]}}],"collection":[{"href":"https:\/\/lofimusic.com.es\/index.php\/wp-json\/wp\/v2\/product"}],"about":[{"href":"https:\/\/lofimusic.com.es\/index.php\/wp-json\/wp\/v2\/types\/product"}],"replies":[{"embeddable":true,"href":"https:\/\/lofimusic.com.es\/index.php\/wp-json\/wp\/v2\/comments?post=365"}],"wp:featuredmedia":[{"embeddable":true,"href":"https:\/\/lofimusic.com.es\/index.php\/wp-json\/wp\/v2\/media\/364"}],"wp:attachment":[{"href":"https:\/\/lofimusic.com.es\/index.php\/wp-json\/wp\/v2\/media?parent=365"}],"wp:term":[{"taxonomy":"product_cat","embeddable":true,"href":"https:\/\/lofimusic.com.es\/index.php\/wp-json\/wp\/v2\/product_cat?post=365"},{"taxonomy":"product_tag","embeddable":true,"href":"https:\/\/lofimusic.com.es\/index.php\/wp-json\/wp\/v2\/product_tag?post=365"}],"curies":[{"name":"wp","href":"https:\/\/api.w.org\/{rel}","templated":true}]}}