{"id":35466,"date":"2026-04-18T06:52:56","date_gmt":"2026-04-18T06:52:56","guid":{"rendered":"https:\/\/lofimusic.com.es\/index.php\/producto\/b0gl219rb1_fr\/"},"modified":"2026-04-18T06:52:56","modified_gmt":"2026-04-18T06:52:56","slug":"b0gl219rb1_fr","status":"publish","type":"product","link":"https:\/\/lofimusic.com.es\/index.php\/producto\/b0gl219rb1_fr\/","title":{"rendered":"B0GL219RB1_FR"},"content":{"rendered":"<p>&#8211; Nettoyez le visage et les yeux avec de l&#8217;eau ti\u00e8de, puis placez les masques pour les yeux sous les yeux et appuyez l\u00e9g\u00e8rement pour les fixer. Laissez agir pendant 20 minutes, retirez les masques et tapotez d\u00e9licatement l&#8217;essence restante pour la faire p\u00e9n\u00e9trer. Utilisez les masques deux fois par semaine pour des r\u00e9sultats optimaux.<br \/>\n&#8211; Les masques pour les yeux au collag\u00e8ne et \u00e0 l&#8217;acide hyaluronique procurent une hydratation intense et durable. Gr\u00e2ce \u00e0 leur formule avanc\u00e9e, ils r\u00e9g\u00e9n\u00e8rent la peau, am\u00e9liorent l&#8217;\u00e9lasticit\u00e9 et r\u00e9duisent visiblement rides et ridules \u2013 pour un regard jeune et rayonnant.<br \/>\n&#8211; Ces patchs gel pour les yeux sont parfaits pour les voyages, le d\u00e9calage horaire ou pour raviver l&#8217;\u00e9clat des yeux avant une f\u00eate. Nos masques pour les yeux sont plus efficaces qu&#8217;une cr\u00e8me ou un s\u00e9rum et acc\u00e9l\u00e8rent la d\u00e9livrance des ingr\u00e9dients hautement actifs. Les hydrogels restent exactement l\u00e0 o\u00f9 ils sont le plus n\u00e9cessaires.<\/p>\n","protected":false},"excerpt":{"rendered":"<p>publicit\u00e9Masques Hydratants Pour Les Yeux, Set d&#8217;Masques \u00e0 l&#8217;Aloe Vera et \u00e0 la Cafeine, Estompe les Ridules et les Cernes, pour les Soins Quotidiens et avant le Maquillage<\/p>\n","protected":false},"featured_media":35465,"comment_status":"open","ping_status":"closed","template":"","meta":[],"product_cat":[15],"product_tag":[],"class_list":{"0":"post-35466","1":"product","2":"type-product","3":"status-publish","4":"has-post-thumbnail","6":"product_cat-sin-categorizar","7":"nodate","8":"item-wrap","10":"first","11":"instock","12":"shipping-taxable","13":"product-type-external"},"_links":{"self":[{"href":"https:\/\/lofimusic.com.es\/index.php\/wp-json\/wp\/v2\/product\/35466","targetHints":{"allow":["GET"]}}],"collection":[{"href":"https:\/\/lofimusic.com.es\/index.php\/wp-json\/wp\/v2\/product"}],"about":[{"href":"https:\/\/lofimusic.com.es\/index.php\/wp-json\/wp\/v2\/types\/product"}],"replies":[{"embeddable":true,"href":"https:\/\/lofimusic.com.es\/index.php\/wp-json\/wp\/v2\/comments?post=35466"}],"wp:featuredmedia":[{"embeddable":true,"href":"https:\/\/lofimusic.com.es\/index.php\/wp-json\/wp\/v2\/media\/35465"}],"wp:attachment":[{"href":"https:\/\/lofimusic.com.es\/index.php\/wp-json\/wp\/v2\/media?parent=35466"}],"wp:term":[{"taxonomy":"product_cat","embeddable":true,"href":"https:\/\/lofimusic.com.es\/index.php\/wp-json\/wp\/v2\/product_cat?post=35466"},{"taxonomy":"product_tag","embeddable":true,"href":"https:\/\/lofimusic.com.es\/index.php\/wp-json\/wp\/v2\/product_tag?post=35466"}],"curies":[{"name":"wp","href":"https:\/\/api.w.org\/{rel}","templated":true}]}}