{"id":35390,"date":"2026-04-16T18:39:55","date_gmt":"2026-04-16T18:39:55","guid":{"rendered":"https:\/\/lofimusic.com.es\/index.php\/producto\/b0g5ptj973_fr\/"},"modified":"2026-04-16T18:39:55","modified_gmt":"2026-04-16T18:39:55","slug":"b0g5ptj973_fr","status":"publish","type":"product","link":"https:\/\/lofimusic.com.es\/index.php\/producto\/b0g5ptj973_fr\/","title":{"rendered":"B0G5PTJ973_FR"},"content":{"rendered":"<p>&#8211; L&#8217;utilisation de l&#8217;embout buccal anti-ronflement peut r\u00e9duire les ronflements nocturnes, vous permettant ainsi qu&#8217;\u00e0 votre partenaire de profiter d&#8217;un sommeil ininterrompu. Il est r\u00e9utilisable plusieurs fois.<br \/>\n&#8211; Avant utilisation, trempez-le bri\u00e8vement dans de l&#8217;eau chaude. Retirez-le et placez-le dans la bouche pour le mouler \u00e0 diff\u00e9rentes formes de dents, en assurant un ajustement s\u00fbr.<br \/>\n&#8211; Chaque ensemble est livr\u00e9 avec un \u00e9tui de rangement hygi\u00e9nique, adapt\u00e9 au rangement \u00e0 domicile ou au voyage, r\u00e9pondant aux besoins d&#8217;utilisation \u00e0 long terme.<\/p>\n","protected":false},"excerpt":{"rendered":"<p>publicit\u00e96 Pi\u00e8ces Protege Dent Snore, Protege Dent Nuit, Protecteurs Buccaux Mouldable, pour Femme et Homme Am\u00e9liore La Qualit\u00e9 du Sommeil, R\u00e9utilisable<\/p>\n","protected":false},"featured_media":35389,"comment_status":"open","ping_status":"closed","template":"","meta":[],"product_cat":[15],"product_tag":[],"class_list":{"0":"post-35390","1":"product","2":"type-product","3":"status-publish","4":"has-post-thumbnail","6":"product_cat-sin-categorizar","7":"nodate","8":"item-wrap","10":"first","11":"instock","12":"shipping-taxable","13":"product-type-external"},"_links":{"self":[{"href":"https:\/\/lofimusic.com.es\/index.php\/wp-json\/wp\/v2\/product\/35390","targetHints":{"allow":["GET"]}}],"collection":[{"href":"https:\/\/lofimusic.com.es\/index.php\/wp-json\/wp\/v2\/product"}],"about":[{"href":"https:\/\/lofimusic.com.es\/index.php\/wp-json\/wp\/v2\/types\/product"}],"replies":[{"embeddable":true,"href":"https:\/\/lofimusic.com.es\/index.php\/wp-json\/wp\/v2\/comments?post=35390"}],"wp:featuredmedia":[{"embeddable":true,"href":"https:\/\/lofimusic.com.es\/index.php\/wp-json\/wp\/v2\/media\/35389"}],"wp:attachment":[{"href":"https:\/\/lofimusic.com.es\/index.php\/wp-json\/wp\/v2\/media?parent=35390"}],"wp:term":[{"taxonomy":"product_cat","embeddable":true,"href":"https:\/\/lofimusic.com.es\/index.php\/wp-json\/wp\/v2\/product_cat?post=35390"},{"taxonomy":"product_tag","embeddable":true,"href":"https:\/\/lofimusic.com.es\/index.php\/wp-json\/wp\/v2\/product_tag?post=35390"}],"curies":[{"name":"wp","href":"https:\/\/api.w.org\/{rel}","templated":true}]}}