{"id":35370,"date":"2026-04-16T06:46:29","date_gmt":"2026-04-16T06:46:29","guid":{"rendered":"https:\/\/lofimusic.com.es\/index.php\/producto\/b0gghbj35y_fr\/"},"modified":"2026-04-16T06:46:29","modified_gmt":"2026-04-16T06:46:29","slug":"b0gghbj35y_fr","status":"publish","type":"product","link":"https:\/\/lofimusic.com.es\/index.php\/producto\/b0gghbj35y_fr\/","title":{"rendered":"B0GGHBJ35Y_FR"},"content":{"rendered":"<p>&#8211; VKE Kit Ragr\u00e9age, Rouleau Debulleur Ragreage 50 cm avec Pare-\u00c9claboussures, R\u00e2teau Autonivelant 56 cm, Chaussures \u00e0 Pointes, Perche Telescopique 162 cm (une seule Grattoir Vitre)<\/p>\n","protected":false},"excerpt":{"rendered":"<p>publicit\u00e9VKE Kit Ragr\u00e9age, Rouleau Debulleur Ragreage 50 cm avec Pare-\u00c9claboussures, R\u00e2teau Autonivelant 56 cm, Chaussures \u00e0 Pointes, Perche Telescopique 162 cm (une seule Grattoir Vitre)<\/p>\n","protected":false},"featured_media":35369,"comment_status":"open","ping_status":"closed","template":"","meta":[],"product_cat":[15],"product_tag":[],"class_list":{"0":"post-35370","1":"product","2":"type-product","3":"status-publish","4":"has-post-thumbnail","6":"product_cat-sin-categorizar","7":"nodate","8":"item-wrap","10":"first","11":"instock","12":"shipping-taxable","13":"product-type-external"},"_links":{"self":[{"href":"https:\/\/lofimusic.com.es\/index.php\/wp-json\/wp\/v2\/product\/35370","targetHints":{"allow":["GET"]}}],"collection":[{"href":"https:\/\/lofimusic.com.es\/index.php\/wp-json\/wp\/v2\/product"}],"about":[{"href":"https:\/\/lofimusic.com.es\/index.php\/wp-json\/wp\/v2\/types\/product"}],"replies":[{"embeddable":true,"href":"https:\/\/lofimusic.com.es\/index.php\/wp-json\/wp\/v2\/comments?post=35370"}],"wp:featuredmedia":[{"embeddable":true,"href":"https:\/\/lofimusic.com.es\/index.php\/wp-json\/wp\/v2\/media\/35369"}],"wp:attachment":[{"href":"https:\/\/lofimusic.com.es\/index.php\/wp-json\/wp\/v2\/media?parent=35370"}],"wp:term":[{"taxonomy":"product_cat","embeddable":true,"href":"https:\/\/lofimusic.com.es\/index.php\/wp-json\/wp\/v2\/product_cat?post=35370"},{"taxonomy":"product_tag","embeddable":true,"href":"https:\/\/lofimusic.com.es\/index.php\/wp-json\/wp\/v2\/product_tag?post=35370"}],"curies":[{"name":"wp","href":"https:\/\/api.w.org\/{rel}","templated":true}]}}