{"id":35352,"date":"2026-04-15T21:37:00","date_gmt":"2026-04-15T21:37:00","guid":{"rendered":"https:\/\/lofimusic.com.es\/index.php\/producto\/b0g9pzzq7g_de-2\/"},"modified":"2026-04-15T21:37:00","modified_gmt":"2026-04-15T21:37:00","slug":"b0g9pzzq7g_de-2","status":"publish","type":"product","link":"https:\/\/lofimusic.com.es\/index.php\/producto\/b0g9pzzq7g_de-2\/","title":{"rendered":"B0G9PZZQ7G_DE"},"content":{"rendered":"<p>&#8211; Jedes Set enth\u00e4lt 10 Paar schwarze Gel-Augenmasken, die sich angenehm an die Haut anschmiegen und die empfindliche Augenpartie mit Feuchtigkeit versorgen und beruhigen.<br \/>\n&#8211; Nach der Reinigung unter den Augen auftragen und glatt streichen. 15\u201320 Minuten einwirken lassen und dann entfernen. Einfach in der Anwendung.<br \/>\n&#8211; Ideal f\u00fcr die t\u00e4gliche Hautpflege, vor dem Auftragen von Make-up oder zur Beruhigung m\u00fcder Augen. Auch als liebevolles Geschenk geeignet.<\/p>\n","protected":false},"excerpt":{"rendered":"<p>Werbung<br \/>\n10paar Augenpflaster, Pflaster Gegen Augenringe, Reduzieren Tr\u00e4Nens\u00e4Cke Und Augenringe, Feuchtigkeitsspendend, Schwarz<\/p>\n","protected":false},"featured_media":35351,"comment_status":"open","ping_status":"closed","template":"","meta":[],"product_cat":[15],"product_tag":[],"class_list":{"0":"post-35352","1":"product","2":"type-product","3":"status-publish","4":"has-post-thumbnail","6":"product_cat-sin-categorizar","7":"nodate","8":"item-wrap","10":"first","11":"instock","12":"shipping-taxable","13":"product-type-external"},"_links":{"self":[{"href":"https:\/\/lofimusic.com.es\/index.php\/wp-json\/wp\/v2\/product\/35352","targetHints":{"allow":["GET"]}}],"collection":[{"href":"https:\/\/lofimusic.com.es\/index.php\/wp-json\/wp\/v2\/product"}],"about":[{"href":"https:\/\/lofimusic.com.es\/index.php\/wp-json\/wp\/v2\/types\/product"}],"replies":[{"embeddable":true,"href":"https:\/\/lofimusic.com.es\/index.php\/wp-json\/wp\/v2\/comments?post=35352"}],"wp:featuredmedia":[{"embeddable":true,"href":"https:\/\/lofimusic.com.es\/index.php\/wp-json\/wp\/v2\/media\/35351"}],"wp:attachment":[{"href":"https:\/\/lofimusic.com.es\/index.php\/wp-json\/wp\/v2\/media?parent=35352"}],"wp:term":[{"taxonomy":"product_cat","embeddable":true,"href":"https:\/\/lofimusic.com.es\/index.php\/wp-json\/wp\/v2\/product_cat?post=35352"},{"taxonomy":"product_tag","embeddable":true,"href":"https:\/\/lofimusic.com.es\/index.php\/wp-json\/wp\/v2\/product_tag?post=35352"}],"curies":[{"name":"wp","href":"https:\/\/api.w.org\/{rel}","templated":true}]}}