{"id":35340,"date":"2026-04-15T21:33:08","date_gmt":"2026-04-15T21:33:08","guid":{"rendered":"https:\/\/lofimusic.com.es\/index.php\/producto\/b0gd6dlxrb_de\/"},"modified":"2026-04-15T21:33:08","modified_gmt":"2026-04-15T21:33:08","slug":"b0gd6dlxrb_de","status":"publish","type":"product","link":"https:\/\/lofimusic.com.es\/index.php\/producto\/b0gd6dlxrb_de\/","title":{"rendered":"B0GD6DLXRB_DE"},"content":{"rendered":"<p>&#8211; Effiziente und schnelle Entfernung von Nagellackklebstoff, es kann weichen und l\u00f6sen sich in 3-5 Minuten ohne lange Wartezeit. Es ist einfach, Nagellack zu Hause zu entfernen, spart Zeit und Sorgen.<br \/>\n&#8211; Tragbares und leichtes Design, mit einer kompakten Kapazit\u00e4t von 15 ml und einer einfachen Verpackung, was es f\u00fcr die t\u00e4gliche Aufbewahrung zu Hause oder das Reisen bequem macht, was eine einfache Nagelreinigung jederzeit und \u00fcberall erm\u00f6glicht.<br \/>\n&#8211; Hergestellt aus hochwertigen Materialien, sanft und nicht reizend f\u00fcr N\u00e4gel und die umgebende Haut, um Sch\u00e4den an der Nageloberfl\u00e4che w\u00e4hrend der Nageleintfernung zu vermeiden. Die N\u00e4gel bleiben auch nach dem Gebrauch glatt.<\/p>\n","protected":false},"excerpt":{"rendered":"<p>Werbung<br \/>\n2 St\u00fccke Gel Nagellack Entferner, Professionelles Entfernen von gel nagellack, Entfernt Schnell und Einfach Geln\u00e4gel, Wei\u00df<\/p>\n","protected":false},"featured_media":35339,"comment_status":"open","ping_status":"closed","template":"","meta":[],"product_cat":[15],"product_tag":[],"class_list":{"0":"post-35340","1":"product","2":"type-product","3":"status-publish","4":"has-post-thumbnail","6":"product_cat-sin-categorizar","7":"nodate","8":"item-wrap","10":"first","11":"instock","12":"shipping-taxable","13":"product-type-external"},"_links":{"self":[{"href":"https:\/\/lofimusic.com.es\/index.php\/wp-json\/wp\/v2\/product\/35340","targetHints":{"allow":["GET"]}}],"collection":[{"href":"https:\/\/lofimusic.com.es\/index.php\/wp-json\/wp\/v2\/product"}],"about":[{"href":"https:\/\/lofimusic.com.es\/index.php\/wp-json\/wp\/v2\/types\/product"}],"replies":[{"embeddable":true,"href":"https:\/\/lofimusic.com.es\/index.php\/wp-json\/wp\/v2\/comments?post=35340"}],"wp:featuredmedia":[{"embeddable":true,"href":"https:\/\/lofimusic.com.es\/index.php\/wp-json\/wp\/v2\/media\/35339"}],"wp:attachment":[{"href":"https:\/\/lofimusic.com.es\/index.php\/wp-json\/wp\/v2\/media?parent=35340"}],"wp:term":[{"taxonomy":"product_cat","embeddable":true,"href":"https:\/\/lofimusic.com.es\/index.php\/wp-json\/wp\/v2\/product_cat?post=35340"},{"taxonomy":"product_tag","embeddable":true,"href":"https:\/\/lofimusic.com.es\/index.php\/wp-json\/wp\/v2\/product_tag?post=35340"}],"curies":[{"name":"wp","href":"https:\/\/api.w.org\/{rel}","templated":true}]}}