{"id":35332,"date":"2026-04-15T21:29:18","date_gmt":"2026-04-15T21:29:18","guid":{"rendered":"https:\/\/lofimusic.com.es\/index.php\/producto\/b0gdt9wq41_de\/"},"modified":"2026-04-15T21:29:18","modified_gmt":"2026-04-15T21:29:18","slug":"b0gdt9wq41_de","status":"publish","type":"product","link":"https:\/\/lofimusic.com.es\/index.php\/producto\/b0gdt9wq41_de\/","title":{"rendered":"B0GDT9WQ41_DE"},"content":{"rendered":"<p>&#8211; Unser Schlafsch\u00fctzer-Kit enth\u00e4lt 4 Zahnschienen und 1 hygienisches, atmungsaktives Aufbewahrungsetui, so dass Sie gen\u00fcgend Mundsch\u00fctzer zum Austausch haben.<br \/>\n&#8211; Unsere Bruxismus-Schienen bestehen aus hochwertigen Materialien, sind langlebig und bieten einen langen Mundschutz.<br \/>\n&#8211; Unser Knirscherschiene zum zahnschiene knirschen verhindert effektiv die durch zahnschiene knirschen und Bruxismus verursachten Ger\u00e4usche und erm\u00f6glicht Ihnen einen erholsamen Schlaf in einer angenehmen Schlafumgebung.<\/p>\n","protected":false},"excerpt":{"rendered":"<p>Werbung<br \/>\n4 St\u00fcck Knirscherschiene F\u00fcr Nacht, Beisschiene Z\u00e4hne Nacht, Schnarch Reduktion, Besserer Schlaf, Bequemer Sitz<\/p>\n","protected":false},"featured_media":35331,"comment_status":"open","ping_status":"closed","template":"","meta":[],"product_cat":[15],"product_tag":[],"class_list":{"0":"post-35332","1":"product","2":"type-product","3":"status-publish","4":"has-post-thumbnail","6":"product_cat-sin-categorizar","7":"nodate","8":"item-wrap","10":"first","11":"instock","12":"shipping-taxable","13":"product-type-external"},"_links":{"self":[{"href":"https:\/\/lofimusic.com.es\/index.php\/wp-json\/wp\/v2\/product\/35332","targetHints":{"allow":["GET"]}}],"collection":[{"href":"https:\/\/lofimusic.com.es\/index.php\/wp-json\/wp\/v2\/product"}],"about":[{"href":"https:\/\/lofimusic.com.es\/index.php\/wp-json\/wp\/v2\/types\/product"}],"replies":[{"embeddable":true,"href":"https:\/\/lofimusic.com.es\/index.php\/wp-json\/wp\/v2\/comments?post=35332"}],"wp:featuredmedia":[{"embeddable":true,"href":"https:\/\/lofimusic.com.es\/index.php\/wp-json\/wp\/v2\/media\/35331"}],"wp:attachment":[{"href":"https:\/\/lofimusic.com.es\/index.php\/wp-json\/wp\/v2\/media?parent=35332"}],"wp:term":[{"taxonomy":"product_cat","embeddable":true,"href":"https:\/\/lofimusic.com.es\/index.php\/wp-json\/wp\/v2\/product_cat?post=35332"},{"taxonomy":"product_tag","embeddable":true,"href":"https:\/\/lofimusic.com.es\/index.php\/wp-json\/wp\/v2\/product_tag?post=35332"}],"curies":[{"name":"wp","href":"https:\/\/api.w.org\/{rel}","templated":true}]}}