{"id":35326,"date":"2026-04-15T21:25:54","date_gmt":"2026-04-15T21:25:54","guid":{"rendered":"https:\/\/lofimusic.com.es\/index.php\/producto\/b0gfswjxwh_de\/"},"modified":"2026-04-15T21:25:54","modified_gmt":"2026-04-15T21:25:54","slug":"b0gfswjxwh_de","status":"publish","type":"product","link":"https:\/\/lofimusic.com.es\/index.php\/producto\/b0gfswjxwh_de\/","title":{"rendered":"B0GFSWJXWH_DE"},"content":{"rendered":"<p>&#8211; UVUV-Schutz &#8211; Guuteee Spiegelfolie blockiert 99% sch\u00e4dliche UV-Strahlen, kann das Verblassen und Altern von Innenm\u00f6beln reduzieren, kann Hautalterung, Falten und dunkle Flecken reduzieren, Ihre Hautgesundheit sch\u00fctzen. Au\u00dferdem hitzeisolierend im Sommer und w\u00e4rmeisolierend im Winter, daher kostensparend im Winter und die R\u00e4ume bleiben k\u00fchler im Sommer. 10% VLT helfen, Blendung effektiv zu reduzieren, sch\u00fctzen Sie Ihre Augen..<br \/>\n&#8211; PRIVATSPH\u00c4RE GARANTIERT- Die hochwertige Spiegelfolie ist die perfekte L\u00f6sung f\u00fcr eine private Barriere, in der man sich wohlf\u00fchlen kann. Dank der hochglanzverspiegelten Folie kannst Du es tags\u00fcber als Spiegel nutzen und keiner kann Dich sehen.<br \/>\n&#8211; EINFACHE INSTALLATION- Die Thermofolie f\u00fcr fenster ist umweltfreundlich haftet ohne Klebstoff NUR mit Seifenwasser. Wenn Sie sie entfernen m\u00f6chten, keine Sorge, dank ihrer selbstklebenden R\u00fcckseite verbleibt es kein Kleber\u00fcckstand auf der Glasoberfl\u00e4che.<br \/>\n&#8211; EINFACHE INSTALLATION- Die Thermofolie f\u00fcr fenster ist umweltfreundlich haftet ohne Klebstoff NUR mit Seifenwasser. Wenn Sie sie entfernen m\u00f6chten, keine Sorge, dank ihrer selbstklebenden R\u00fcckseite verbleibt es kein Kleber\u00fcckstand auf der Glasoberfl\u00e4che.<br \/>\n&#8211; VERSCHIEDENE ANWENDUNGEN: Unsere transparente fensterfolie selbstklebend kann in K\u00fcchen, Wohnzimmern, Kinderzimmern, B\u00fcros verwendet werden. Wenn Sie \u00fcber die Fensterfolie Sichtschutz Probleme haben, melden Sie sich gerne in Jeder Zeit bei uns. Wir werden inner 24 Stunden f\u00fcr Sie antworten<\/p>\n","protected":false},"excerpt":{"rendered":"<p>Werbung<br \/>\nSilber(44.5X200cm) Spiegelfolie Fenster Hitzeschutz |UV Folie Selbstklebend |Fensterfolie Sonnenschutz Hitzeschutz innen oder au\u00dfen|R\u00fcckstandslose Thermofolie Hitzeschutzfolie Fenster|<\/p>\n","protected":false},"featured_media":35325,"comment_status":"open","ping_status":"closed","template":"","meta":[],"product_cat":[15],"product_tag":[],"class_list":{"0":"post-35326","1":"product","2":"type-product","3":"status-publish","4":"has-post-thumbnail","6":"product_cat-sin-categorizar","7":"nodate","8":"item-wrap","10":"first","11":"instock","12":"shipping-taxable","13":"product-type-external"},"_links":{"self":[{"href":"https:\/\/lofimusic.com.es\/index.php\/wp-json\/wp\/v2\/product\/35326","targetHints":{"allow":["GET"]}}],"collection":[{"href":"https:\/\/lofimusic.com.es\/index.php\/wp-json\/wp\/v2\/product"}],"about":[{"href":"https:\/\/lofimusic.com.es\/index.php\/wp-json\/wp\/v2\/types\/product"}],"replies":[{"embeddable":true,"href":"https:\/\/lofimusic.com.es\/index.php\/wp-json\/wp\/v2\/comments?post=35326"}],"wp:featuredmedia":[{"embeddable":true,"href":"https:\/\/lofimusic.com.es\/index.php\/wp-json\/wp\/v2\/media\/35325"}],"wp:attachment":[{"href":"https:\/\/lofimusic.com.es\/index.php\/wp-json\/wp\/v2\/media?parent=35326"}],"wp:term":[{"taxonomy":"product_cat","embeddable":true,"href":"https:\/\/lofimusic.com.es\/index.php\/wp-json\/wp\/v2\/product_cat?post=35326"},{"taxonomy":"product_tag","embeddable":true,"href":"https:\/\/lofimusic.com.es\/index.php\/wp-json\/wp\/v2\/product_tag?post=35326"}],"curies":[{"name":"wp","href":"https:\/\/api.w.org\/{rel}","templated":true}]}}