{"id":35314,"date":"2026-04-15T13:15:13","date_gmt":"2026-04-15T13:15:13","guid":{"rendered":"https:\/\/lofimusic.com.es\/index.php\/producto\/b0ghyc2s33_de\/"},"modified":"2026-04-15T13:15:13","modified_gmt":"2026-04-15T13:15:13","slug":"b0ghyc2s33_de","status":"publish","type":"product","link":"https:\/\/lofimusic.com.es\/index.php\/producto\/b0ghyc2s33_de\/","title":{"rendered":"B0GHYC2S33_DE"},"content":{"rendered":"<p>&#8211; \u3010Produktverpackung\u3011Das Paket enth\u00e4lt 30 selbstklebende Deckenhaken und 30 Fahnenmastclips. Selbstklebende Deckenhaken 3 cm, Fahnenmastclips 2 cm.<br \/>\n&#8211; \u3010Produktmaterial\u3011Aus hochwertigem PVC-Material, starke Haftung, nicht leicht abzufallen, wasserdicht und staubdicht, sehr langlebig.<br \/>\n&#8211; \u3010Nagelfreie Einfache Installation\u3011Die wandhaken selbstklebend erfordern keine N\u00e4gel oder Bohren und besch\u00e4digen die Wand nicht. Stellen Sie einfach sicher, dass die Oberfl\u00e4che sauber und trocken ist, entfernen Sie die Schutzfolie, kleben Sie sie fest auf die Oberfl\u00e4che und dr\u00fccken Sie sie, um die Luft herauszudr\u00fccken, und montieren Sie dann den Haken. Warten Sie 12 Stunden, bevor Sie es verwenden k\u00f6nnen.<br \/>\n&#8211; \u3010Produktdesign\u3011Unsere klebehaken transparent ein transparentes Design, fast unsichtbar, und sie nimmt keinen zus\u00e4tzlichen Platz ein, h\u00e4lt Ihr Haus organisiert und nutzt Ihren Raum.<br \/>\n&#8211; \u3010Geeignet f\u00fcr Verschiedene Oberfl\u00e4chen\u3011In der K\u00fcche, Badezimmer, Schlafzimmer, Wohnzimmer verwendet. Sie k\u00f6nnen die Haken einfach auf jeder glatten Wandoberfl\u00e4che wie Fliesen, Glas, Metall, Holzt\u00fcr, Edelstahl anbringen.<\/p>\n","protected":false},"excerpt":{"rendered":"<p>Werbung<br \/>\nPagLfinz 30 St\u00fcck Transparente Selbstklebende Deckenhaken, Wandhaken Selbstklebend mit Fahnenmast-Clips, ohne Bohren, f\u00fcr Schlafzimmer, Badezimmer, K\u00fcche, Schlafzimmer Wand<\/p>\n","protected":false},"featured_media":35313,"comment_status":"open","ping_status":"closed","template":"","meta":[],"product_cat":[15],"product_tag":[],"class_list":{"0":"post-35314","1":"product","2":"type-product","3":"status-publish","4":"has-post-thumbnail","6":"product_cat-sin-categorizar","7":"nodate","8":"item-wrap","10":"first","11":"instock","12":"shipping-taxable","13":"product-type-external"},"_links":{"self":[{"href":"https:\/\/lofimusic.com.es\/index.php\/wp-json\/wp\/v2\/product\/35314","targetHints":{"allow":["GET"]}}],"collection":[{"href":"https:\/\/lofimusic.com.es\/index.php\/wp-json\/wp\/v2\/product"}],"about":[{"href":"https:\/\/lofimusic.com.es\/index.php\/wp-json\/wp\/v2\/types\/product"}],"replies":[{"embeddable":true,"href":"https:\/\/lofimusic.com.es\/index.php\/wp-json\/wp\/v2\/comments?post=35314"}],"wp:featuredmedia":[{"embeddable":true,"href":"https:\/\/lofimusic.com.es\/index.php\/wp-json\/wp\/v2\/media\/35313"}],"wp:attachment":[{"href":"https:\/\/lofimusic.com.es\/index.php\/wp-json\/wp\/v2\/media?parent=35314"}],"wp:term":[{"taxonomy":"product_cat","embeddable":true,"href":"https:\/\/lofimusic.com.es\/index.php\/wp-json\/wp\/v2\/product_cat?post=35314"},{"taxonomy":"product_tag","embeddable":true,"href":"https:\/\/lofimusic.com.es\/index.php\/wp-json\/wp\/v2\/product_tag?post=35314"}],"curies":[{"name":"wp","href":"https:\/\/api.w.org\/{rel}","templated":true}]}}