{"id":353,"date":"2024-09-13T18:27:04","date_gmt":"2024-09-13T18:27:04","guid":{"rendered":"https:\/\/lofimusic.com.es\/index.php\/producto\/b0cdz57gdv_it\/"},"modified":"2024-09-13T18:27:04","modified_gmt":"2024-09-13T18:27:04","slug":"b0cdz57gdv_it","status":"publish","type":"product","link":"https:\/\/lofimusic.com.es\/index.php\/producto\/b0cdz57gdv_it\/","title":{"rendered":"B0CDZ57GDV_IT"},"content":{"rendered":"<p>&#8211; Il prodotto contiene: 2 manopole di controllo, 5 adattatori per ogni manopola.<br \/>\n&#8211; Caratteristiche del prodotto: questo prodotto \u00e8 realizzato con materiali di alta qualit\u00e0, robusto e pratico, stabile nelle prestazioni e affidabile nella qualit\u00e0.<br \/>\n&#8211; Adatto ai modelli: universale, si adatta alla maggior parte dei forni e piani cottura a gas ed elettrici, nonch\u00e9 a vari elettrodomestici.<br \/>\n&#8211; Quando acquisti questo prodotto, puoi fare riferimento all&#8217;immagine delle dimensioni e utilizzare l&#8217;immagine per fornirti un aiuto migliore.<br \/>\n&#8211; Se hai domande durante il processo di acquisto, puoi contattarci in qualsiasi momento e ti daremo la risposta pi\u00f9 soddisfacente il prima possibile.<\/p>\n","protected":false},"excerpt":{"rendered":"<p>pubblicit\u00e0<br \/>\nCUIDAKJ 2 Pezzi Manopole Piano Cottura 10 adattatori inclusi,Manopole Cucina Gas UniversaliManopola Forno per Piano Cottura Tutte le Marche di Forno<\/p>\n","protected":false},"featured_media":352,"comment_status":"open","ping_status":"closed","template":"","meta":[],"product_cat":[15],"product_tag":[],"class_list":{"0":"post-353","1":"product","2":"type-product","3":"status-publish","4":"has-post-thumbnail","6":"product_cat-sin-categorizar","7":"nodate","8":"item-wrap","10":"first","11":"instock","12":"shipping-taxable","13":"product-type-external"},"_links":{"self":[{"href":"https:\/\/lofimusic.com.es\/index.php\/wp-json\/wp\/v2\/product\/353","targetHints":{"allow":["GET"]}}],"collection":[{"href":"https:\/\/lofimusic.com.es\/index.php\/wp-json\/wp\/v2\/product"}],"about":[{"href":"https:\/\/lofimusic.com.es\/index.php\/wp-json\/wp\/v2\/types\/product"}],"replies":[{"embeddable":true,"href":"https:\/\/lofimusic.com.es\/index.php\/wp-json\/wp\/v2\/comments?post=353"}],"wp:featuredmedia":[{"embeddable":true,"href":"https:\/\/lofimusic.com.es\/index.php\/wp-json\/wp\/v2\/media\/352"}],"wp:attachment":[{"href":"https:\/\/lofimusic.com.es\/index.php\/wp-json\/wp\/v2\/media?parent=353"}],"wp:term":[{"taxonomy":"product_cat","embeddable":true,"href":"https:\/\/lofimusic.com.es\/index.php\/wp-json\/wp\/v2\/product_cat?post=353"},{"taxonomy":"product_tag","embeddable":true,"href":"https:\/\/lofimusic.com.es\/index.php\/wp-json\/wp\/v2\/product_tag?post=353"}],"curies":[{"name":"wp","href":"https:\/\/api.w.org\/{rel}","templated":true}]}}