{"id":35268,"date":"2026-04-15T04:40:00","date_gmt":"2026-04-15T04:40:00","guid":{"rendered":"https:\/\/lofimusic.com.es\/index.php\/producto\/b0gqpxhkl7_de\/"},"modified":"2026-04-15T04:40:00","modified_gmt":"2026-04-15T04:40:00","slug":"b0gqpxhkl7_de","status":"publish","type":"product","link":"https:\/\/lofimusic.com.es\/index.php\/producto\/b0gqpxhkl7_de\/","title":{"rendered":"B0GQPXHKL7_DE"},"content":{"rendered":"<p>&#8211; \u3010Kosmetisches Pflegeprodukt zur \u00e4u\u00dferen Anwendung\u3011 Dieses Moringa Nano-Mikronadel Pflaster ist ein kosmetisches Pflegeprodukt f\u00fcr die t\u00e4gliche K\u00f6rperpflege. Entwickelt f\u00fcr ein angenehmes, gepflegtes Hautgef\u00fchl im Anwendungsbereich \u2013 ohne Einnahme.<br \/>\n&#8211; \u301010-in-1 Nano-Mikronadel Technologie\u3011 Das fortschrittliche Nano Mikronadel Pflaster verf\u00fcgt \u00fcber eine feine, kaum sp\u00fcrbare Struktur. Es liegt flach auf der Haut auf, ist diskret tragbar und alltagstauglich.<br \/>\n&#8211; \u3010Moringa-basierte kosmetische Pflege\u3011 Das Moringa Pflaster wurde f\u00fcr kosmetische Anwendungen entwickelt und unterst\u00fctzt bei regelm\u00e4\u00dfiger Nutzung ein gleichm\u00e4\u00dfiges, gepflegtes Erscheinungsbild der Haut.<br \/>\n&#8211; \u3010Moringa-basierte kosmetische Pflege\u3011 Das Moringa Pflaster wurde f\u00fcr kosmetische Anwendungen entwickelt und unterst\u00fctzt bei regelm\u00e4\u00dfiger Nutzung ein gleichm\u00e4\u00dfiges, gepflegtes Erscheinungsbild der Haut.<br \/>\n&#8211; \u3010Praktisches Vorteilspack\u3011 14 St\u00fcck pro Packung \u2013 ideal f\u00fcr die regelm\u00e4\u00dfige kosmetische Anwendung. Das diskrete Design eignet sich f\u00fcr Bauch, Taille oder andere gew\u00fcnschte Hautbereiche.<\/p>\n","protected":false},"excerpt":{"rendered":"<p>Werbung<br \/>\n14 St\u00fcck Moringa 10-in-1 Nano-Mikronadel Pflaster \u2013 Kosmetisches Moringa Pflegepatch f\u00fcr K\u00f6rperpflege \u2013 Hautfreundliches Nano-Mikronadel Design im Vorteilspack<\/p>\n","protected":false},"featured_media":35267,"comment_status":"open","ping_status":"closed","template":"","meta":[],"product_cat":[15],"product_tag":[],"class_list":{"0":"post-35268","1":"product","2":"type-product","3":"status-publish","4":"has-post-thumbnail","6":"product_cat-sin-categorizar","7":"nodate","8":"item-wrap","10":"first","11":"instock","12":"shipping-taxable","13":"product-type-external"},"_links":{"self":[{"href":"https:\/\/lofimusic.com.es\/index.php\/wp-json\/wp\/v2\/product\/35268","targetHints":{"allow":["GET"]}}],"collection":[{"href":"https:\/\/lofimusic.com.es\/index.php\/wp-json\/wp\/v2\/product"}],"about":[{"href":"https:\/\/lofimusic.com.es\/index.php\/wp-json\/wp\/v2\/types\/product"}],"replies":[{"embeddable":true,"href":"https:\/\/lofimusic.com.es\/index.php\/wp-json\/wp\/v2\/comments?post=35268"}],"wp:featuredmedia":[{"embeddable":true,"href":"https:\/\/lofimusic.com.es\/index.php\/wp-json\/wp\/v2\/media\/35267"}],"wp:attachment":[{"href":"https:\/\/lofimusic.com.es\/index.php\/wp-json\/wp\/v2\/media?parent=35268"}],"wp:term":[{"taxonomy":"product_cat","embeddable":true,"href":"https:\/\/lofimusic.com.es\/index.php\/wp-json\/wp\/v2\/product_cat?post=35268"},{"taxonomy":"product_tag","embeddable":true,"href":"https:\/\/lofimusic.com.es\/index.php\/wp-json\/wp\/v2\/product_tag?post=35268"}],"curies":[{"name":"wp","href":"https:\/\/api.w.org\/{rel}","templated":true}]}}