{"id":35246,"date":"2026-04-14T19:14:48","date_gmt":"2026-04-14T19:14:48","guid":{"rendered":"https:\/\/lofimusic.com.es\/index.php\/producto\/b0d3vcpdv2_fr-2\/"},"modified":"2026-04-14T19:14:48","modified_gmt":"2026-04-14T19:14:48","slug":"b0d3vcpdv2_fr-2","status":"publish","type":"product","link":"https:\/\/lofimusic.com.es\/index.php\/producto\/b0d3vcpdv2_fr-2\/","title":{"rendered":"B0D3VCPDV2_FR"},"content":{"rendered":"<p>&#8211; \u3010\u00c9clairage solaire\u3011Dot\u00e9 de panneaux solaires, le bain d&#8217;oiseaux vintage stocke de l&#8217;\u00e9nergie pendant la journ\u00e9e. Les 2 lumi\u00e8res LED cr\u00e9eront un effet hypnotisant apr\u00e8s le coucher du soleil, transformant votre jardin en un refuge magique. L&#8217;\u00e9clairage doux vous aide \u00e0 naviguer dans votre jardin la nuit et attire les oiseaux.<br \/>\n&#8211; \u3010Combo bain d&#8217;oiseaux &amp; mangeoire\u3011Dot\u00e9 d&#8217;un plateau sup\u00e9rieur pour contenir des graines, le bain d&#8217;oiseaux est une station \u00e9nerg\u00e9tique pour les oiseaux. Il existe 3 trous de fuite pour garantir que la nourriture reste s\u00e8che. De plus, le grand bassin offre un environnement parfait pour les oiseaux pour batifoler, se baigner ou boire.<br \/>\n&#8211; \u3010Base de fleurs \u00e0 double usage\u3011La mangeoire pour oiseaux avec support pour fleurs vous permet de cultiver des fleurs. La pr\u00e9sence de 6 trous de drainage assure une humidit\u00e9 optimale, permettant une floraison prosp\u00e8re. De plus, vous pouvez mettre des pierres dans le bac \u00e0 fleurs pour renforcer la stabilit\u00e9 du bain d&#8217;oiseaux.<br \/>\n&#8211; \u3010Aspect antique et enchanteur\u3011Le bain d&#8217;oiseaux l\u00e9ger ressemble \u00e0 une vigne poussant avec des fleurs et des feuilles. Et la finition bronze vintage et les pieds de support exquis donnent au bain d&#8217;oiseaux aliment\u00e9 par l&#8217;\u00e9nergie solaire un charme qui en fera un point focal que vous le placiez dans votre jardin, cour ou parc.<br \/>\n&#8211; \u3010Mat\u00e9riaux durables\u3011La mangeoire pour oiseaux sur pied est principalement en m\u00e9tal pulv\u00e9ris\u00e9, r\u00e9sistant \u00e0 la rouille et robuste pour une plus longue dur\u00e9e de vie. De plus, le bassin amovible est en mat\u00e9riau PP \u00e9tanche et s\u00fbr, facile \u00e0 nettoyer et ne nuira pas aux oiseaux.<\/p>\n","protected":false},"excerpt":{"rendered":"<p>publicit\u00e9COSTWAY Abreuvoir Oiseaux \u00c9nergie Solaire 83CM, Bain d&#8217;Oiseaux et Mangeoire sur Pied avec Support pour Fleurs et 2 Lumi\u00e8res LED, D\u00e9coratif avec Feuilles pour Jardin Pelouse, Bronze<\/p>\n","protected":false},"featured_media":35245,"comment_status":"open","ping_status":"closed","template":"","meta":[],"product_cat":[15],"product_tag":[],"class_list":{"0":"post-35246","1":"product","2":"type-product","3":"status-publish","4":"has-post-thumbnail","6":"product_cat-sin-categorizar","7":"nodate","8":"item-wrap","10":"first","11":"instock","12":"shipping-taxable","13":"product-type-external"},"_links":{"self":[{"href":"https:\/\/lofimusic.com.es\/index.php\/wp-json\/wp\/v2\/product\/35246","targetHints":{"allow":["GET"]}}],"collection":[{"href":"https:\/\/lofimusic.com.es\/index.php\/wp-json\/wp\/v2\/product"}],"about":[{"href":"https:\/\/lofimusic.com.es\/index.php\/wp-json\/wp\/v2\/types\/product"}],"replies":[{"embeddable":true,"href":"https:\/\/lofimusic.com.es\/index.php\/wp-json\/wp\/v2\/comments?post=35246"}],"wp:featuredmedia":[{"embeddable":true,"href":"https:\/\/lofimusic.com.es\/index.php\/wp-json\/wp\/v2\/media\/35245"}],"wp:attachment":[{"href":"https:\/\/lofimusic.com.es\/index.php\/wp-json\/wp\/v2\/media?parent=35246"}],"wp:term":[{"taxonomy":"product_cat","embeddable":true,"href":"https:\/\/lofimusic.com.es\/index.php\/wp-json\/wp\/v2\/product_cat?post=35246"},{"taxonomy":"product_tag","embeddable":true,"href":"https:\/\/lofimusic.com.es\/index.php\/wp-json\/wp\/v2\/product_tag?post=35246"}],"curies":[{"name":"wp","href":"https:\/\/api.w.org\/{rel}","templated":true}]}}