{"id":35228,"date":"2026-04-14T18:53:40","date_gmt":"2026-04-14T18:53:40","guid":{"rendered":"https:\/\/lofimusic.com.es\/index.php\/producto\/b0fwy297nx_de\/"},"modified":"2026-04-14T18:53:40","modified_gmt":"2026-04-14T18:53:40","slug":"b0fwy297nx_de","status":"publish","type":"product","link":"https:\/\/lofimusic.com.es\/index.php\/producto\/b0fwy297nx_de\/","title":{"rendered":"B0FWY297NX_DE"},"content":{"rendered":"<p>&#8211; \ud83d\ude34 VERBESSERT ATEMUNG UND SCHLAF: F\u00f6rdert die nat\u00fcrliche Nasenatmung in der Nacht, reduziert Schnarchen und verbessert die Sauerstoffversorgung. Wache mit mehr Energie, Vitalit\u00e4t und Wohlbefinden auf.<br \/>\n&#8211; \ud83d\udca4 SCHLUSS MIT SCHNARCHEN UND TROCKENEM MUND: Unsere Mundpflaster halten den Mund sicher geschlossen, verhindern Mundtrockenheit und st\u00f6rende Ger\u00e4usche. Schaffen Sie eine ruhigere und ges\u00fcndere Schlafumgebung f\u00fcr Sie und Ihren Partner.<br \/>\n&#8211; \ud83d\udd12 VERST\u00c4RKTER KLEBER, DER NICHT ABGEHT: Entwickelt f\u00fcr extra starken und langanhaltenden Halt \u2013 auch bei Schwei\u00df oder Bewegung. H\u00e4lt die ganze Nacht sicher und l\u00e4sst sich trotzdem leicht entfernen, ohne Schmerzen und ohne R\u00fcckst\u00e4nde.<br \/>\n&#8211; \ud83c\udf3f HYPOALLERGENES UND ATMUNGSAKTIVES MATERIAL: Weiches, medizinisches Vlies \u2013 ohne Reizungen oder Allergien. Geeignet f\u00fcr empfindliche Haut und f\u00fcr Haut und Bart. Hinterl\u00e4sst keine Spuren und kein klebriges Gef\u00fchl nach der Anwendung.<br \/>\n&#8211; \ud83e\ude75 UNIVERSELLE PASSFORM UND MAXIMALER KOMFORT: Flexibles Design, das sich an jede Gesichts- und Lippenform anpasst. D\u00fcnn, elastisch und angenehm \u2013 zieht nicht und st\u00f6rt nicht beim Schlafen.<br \/>\n&#8211; \ud83c\udf19 TIEFER NACHTSCHLAF UND ERHOLSAME RUHE: Unterst\u00fctzt einen gleichm\u00e4\u00dfigen, regenerativen Schlafzyklus. Entwickelt nach europ\u00e4ischen medizinischen Standards, hypoallergen, latexfrei und BPA-frei. Qualit\u00e4t und Vertrauen von Haslom.<br \/>\n&#8211; \ud83d\udc69\u200d\ud83d\udcbb Kundendienst nach dem Kauf \u2b50\ufe0f\u2b50\ufe0f\u2b50\ufe0f\u2b50\ufe0f\u2b50\ufe0f: Wenn das Produkt Qualit\u00e4tsprobleme hat, l\u00f6sen wir diese innerhalb von 24 Stunden. Konstruktives Feedback hilft uns, unser Produkt weiter zu verbessern.<\/p>\n","protected":false},"excerpt":{"rendered":"<p>Werbung<br \/>\nHaslom\u00ae 50 MOUTH TAPE for sleeping, mundpflaster schlafen, mundtapes zum schlafen, Anti-Schnarch mund tape schlaf,schlafpflaster, mundtape, hypoallergen, starker Halt auch f\u00fcr Barttr\u00e4ger<\/p>\n","protected":false},"featured_media":35227,"comment_status":"open","ping_status":"closed","template":"","meta":[],"product_cat":[15],"product_tag":[],"class_list":{"0":"post-35228","1":"product","2":"type-product","3":"status-publish","4":"has-post-thumbnail","6":"product_cat-sin-categorizar","7":"nodate","8":"item-wrap","10":"first","11":"instock","12":"shipping-taxable","13":"product-type-external"},"_links":{"self":[{"href":"https:\/\/lofimusic.com.es\/index.php\/wp-json\/wp\/v2\/product\/35228","targetHints":{"allow":["GET"]}}],"collection":[{"href":"https:\/\/lofimusic.com.es\/index.php\/wp-json\/wp\/v2\/product"}],"about":[{"href":"https:\/\/lofimusic.com.es\/index.php\/wp-json\/wp\/v2\/types\/product"}],"replies":[{"embeddable":true,"href":"https:\/\/lofimusic.com.es\/index.php\/wp-json\/wp\/v2\/comments?post=35228"}],"wp:featuredmedia":[{"embeddable":true,"href":"https:\/\/lofimusic.com.es\/index.php\/wp-json\/wp\/v2\/media\/35227"}],"wp:attachment":[{"href":"https:\/\/lofimusic.com.es\/index.php\/wp-json\/wp\/v2\/media?parent=35228"}],"wp:term":[{"taxonomy":"product_cat","embeddable":true,"href":"https:\/\/lofimusic.com.es\/index.php\/wp-json\/wp\/v2\/product_cat?post=35228"},{"taxonomy":"product_tag","embeddable":true,"href":"https:\/\/lofimusic.com.es\/index.php\/wp-json\/wp\/v2\/product_tag?post=35228"}],"curies":[{"name":"wp","href":"https:\/\/api.w.org\/{rel}","templated":true}]}}