{"id":35186,"date":"2026-04-13T07:40:30","date_gmt":"2026-04-13T07:40:30","guid":{"rendered":"https:\/\/lofimusic.com.es\/index.php\/producto\/b0gftypncd_de\/"},"modified":"2026-04-13T07:40:30","modified_gmt":"2026-04-13T07:40:30","slug":"b0gftypncd_de","status":"publish","type":"product","link":"https:\/\/lofimusic.com.es\/index.php\/producto\/b0gftypncd_de\/","title":{"rendered":"B0GFTYPNCD_DE"},"content":{"rendered":"<p>&#8211; 100 % sicher und umweltfreundlich: Es werden keine giftigen Mittel verwendet und keine Strahlung emittiert. Dieser Ultraschall-Sch\u00e4dlingsvertreiber ist sicher f\u00fcr Kinder, schwangere Frauen und Haustiere. Im Vergleich zu herk\u00f6mmlichen Insektiziden besteht keine Vergiftungsgefahr und ist eine umweltfreundlichere Option.<br \/>\n&#8211; \u3010ULTRASCHLAND ABWECH\u3011Nagetiere kratzen in Ihren W\u00e4nden, zu Hause, in Ihrem Haus? Verwendung der Theorie von M\u00fccken, M\u00e4usen, Ameisen, Fliegen, Spinnen. \u00c4ndern Sie die Frequenz, um das H\u00f6rsystem der M\u00fccke und anderer sch\u00e4dlicher Insekten zu stimulieren. Vertreiben Sie effektiv M\u00e4use, Kakerlaken, Spinnen, Ameisen, Insekten, Fliegen, M\u00fccken und andere Sch\u00e4dlinge.<br \/>\n&#8211; \u3010Einfach zu bedienen\u3011: Unser elektrisches Abwehrmittel ist sehr einfach zu bedienen. Einfach an die Steckdose anschlie\u00dfen und es beginnt sofort seine Aktion, sch\u00fctzt Sie effektiv und sicher! Vertrauen Sie unserer Erfahrung, der Ultraschall-Abwehrmittel ist die L\u00f6sung f\u00fcr Sie<br \/>\n&#8211; \u3010Zufriedenheitsgarantie\u3011 Unser professionelles Team von Sch\u00e4dlingsbek\u00e4mpfung ist bereit, Ihnen bei allen Problemen zu helfen.<br \/>\n&#8211; \u3010Gr\u00f6\u00dferer Schutzbereich und geringer Energieverbrauch\u3011Es sch\u00fctzt H\u00e4user, B\u00fcros, Lagerhallen, Schulen und Hotels jederzeit vor dem Eindringen von Sch\u00e4dlingen.<\/p>\n","protected":false},"excerpt":{"rendered":"<p>Werbung<br \/>\nUltraschall-M\u00fcckenabwehr, elektromagnetisches Ultraschall, effektiv, Abwehrmittel f\u00fcr M\u00fccken, M\u00e4use, Ameisen, Fliegen, Spinnen, Kakerlaken, 100 % professionell und effektiv<\/p>\n","protected":false},"featured_media":35185,"comment_status":"open","ping_status":"closed","template":"","meta":[],"product_cat":[15],"product_tag":[],"class_list":{"0":"post-35186","1":"product","2":"type-product","3":"status-publish","4":"has-post-thumbnail","6":"product_cat-sin-categorizar","7":"nodate","8":"item-wrap","10":"first","11":"instock","12":"shipping-taxable","13":"product-type-external"},"_links":{"self":[{"href":"https:\/\/lofimusic.com.es\/index.php\/wp-json\/wp\/v2\/product\/35186","targetHints":{"allow":["GET"]}}],"collection":[{"href":"https:\/\/lofimusic.com.es\/index.php\/wp-json\/wp\/v2\/product"}],"about":[{"href":"https:\/\/lofimusic.com.es\/index.php\/wp-json\/wp\/v2\/types\/product"}],"replies":[{"embeddable":true,"href":"https:\/\/lofimusic.com.es\/index.php\/wp-json\/wp\/v2\/comments?post=35186"}],"wp:featuredmedia":[{"embeddable":true,"href":"https:\/\/lofimusic.com.es\/index.php\/wp-json\/wp\/v2\/media\/35185"}],"wp:attachment":[{"href":"https:\/\/lofimusic.com.es\/index.php\/wp-json\/wp\/v2\/media?parent=35186"}],"wp:term":[{"taxonomy":"product_cat","embeddable":true,"href":"https:\/\/lofimusic.com.es\/index.php\/wp-json\/wp\/v2\/product_cat?post=35186"},{"taxonomy":"product_tag","embeddable":true,"href":"https:\/\/lofimusic.com.es\/index.php\/wp-json\/wp\/v2\/product_tag?post=35186"}],"curies":[{"name":"wp","href":"https:\/\/api.w.org\/{rel}","templated":true}]}}