{"id":35128,"date":"2026-04-12T19:07:28","date_gmt":"2026-04-12T19:07:28","guid":{"rendered":"https:\/\/lofimusic.com.es\/index.php\/producto\/b0bq21vg8w_es\/"},"modified":"2026-04-12T19:07:28","modified_gmt":"2026-04-12T19:07:28","slug":"b0bq21vg8w_es","status":"publish","type":"product","link":"https:\/\/lofimusic.com.es\/index.php\/producto\/b0bq21vg8w_es\/","title":{"rendered":"B0BQ21VG8W_ES"},"content":{"rendered":"<p>&#8211; 15 cubiertos. Gran capacidad de hasta 15 cubiertos para que puedas lavar todo lo que necesites independientemente de la situaci\u00f3n en la que te encuentres: a diario, una celebraci\u00f3n, etc.<br \/>\n&#8211; 6 programas. Elige el programa que m\u00e1s se adapte a tus necesidades en funci\u00f3n de lo que tengas que lavar: ollas, vajilla de diario, cristaler\u00eda delicada, etc, ajust\u00e1ndose en tiempo y temperatura.<br \/>\n&#8211; Clase C: consumo de electricidad \u00f3ptimo en cada lavado. Delay Start: programa el lavavajillas entre 0 y 24 h antes, con el inicio en diferido.<br \/>\n&#8211; Dual Zone Wash: adapta una presi\u00f3n de agua distinta en cada bandeja. Despreoc\u00fapate de separar la vajilla en distintos ciclos de lavado y lava a la vez ollas resistentes, copas delicadas, recipientes muy sucios, menos sucios\u2026<br \/>\n&#8211; O2 Dry: funci\u00f3n que permite la apertura de puerta al finalizar el lavado completo, obteniendo un secado natural de los utensilios. Motor Inverter Plus: ahorro de energ\u00eda y de dinero.<\/p>\n","protected":false},"excerpt":{"rendered":"<p>Publicidad Cecotec Lavavajillas Integrable de 60cm Bolero Aguazero 6500 Full-BI C. 15 Cubiertos, Tercera Bandeja, Bajo Consumo, 6 Programas con Dual Zone Wash, O2 Dry, Motor Inverter Plus, Comienzo Diferido<\/p>\n","protected":false},"featured_media":35127,"comment_status":"open","ping_status":"closed","template":"","meta":[],"product_cat":[15],"product_tag":[],"class_list":{"0":"post-35128","1":"product","2":"type-product","3":"status-publish","4":"has-post-thumbnail","6":"product_cat-sin-categorizar","7":"nodate","8":"item-wrap","10":"first","11":"instock","12":"shipping-taxable","13":"product-type-external"},"_links":{"self":[{"href":"https:\/\/lofimusic.com.es\/index.php\/wp-json\/wp\/v2\/product\/35128","targetHints":{"allow":["GET"]}}],"collection":[{"href":"https:\/\/lofimusic.com.es\/index.php\/wp-json\/wp\/v2\/product"}],"about":[{"href":"https:\/\/lofimusic.com.es\/index.php\/wp-json\/wp\/v2\/types\/product"}],"replies":[{"embeddable":true,"href":"https:\/\/lofimusic.com.es\/index.php\/wp-json\/wp\/v2\/comments?post=35128"}],"wp:featuredmedia":[{"embeddable":true,"href":"https:\/\/lofimusic.com.es\/index.php\/wp-json\/wp\/v2\/media\/35127"}],"wp:attachment":[{"href":"https:\/\/lofimusic.com.es\/index.php\/wp-json\/wp\/v2\/media?parent=35128"}],"wp:term":[{"taxonomy":"product_cat","embeddable":true,"href":"https:\/\/lofimusic.com.es\/index.php\/wp-json\/wp\/v2\/product_cat?post=35128"},{"taxonomy":"product_tag","embeddable":true,"href":"https:\/\/lofimusic.com.es\/index.php\/wp-json\/wp\/v2\/product_tag?post=35128"}],"curies":[{"name":"wp","href":"https:\/\/api.w.org\/{rel}","templated":true}]}}