{"id":35106,"date":"2026-04-12T09:38:23","date_gmt":"2026-04-12T09:38:23","guid":{"rendered":"https:\/\/lofimusic.com.es\/index.php\/producto\/b0gjrvrtzf_de\/"},"modified":"2026-04-12T09:38:23","modified_gmt":"2026-04-12T09:38:23","slug":"b0gjrvrtzf_de","status":"publish","type":"product","link":"https:\/\/lofimusic.com.es\/index.php\/producto\/b0gjrvrtzf_de\/","title":{"rendered":"B0GJRVRTZF_DE"},"content":{"rendered":"<p>&#8211; Die Flasche ist klein und leicht und passt in eine tragbare Kosmetiktasche. Sie ist fest verschlossen und gew\u00e4hrleistet eine zuverl\u00e4ssige Pflege sowohl auf Gesch\u00e4ftsreisen als auch auf Urlaubsreisen.<br \/>\n&#8211; Eyeliner-Stift mit feiner B\u00fcrste f\u00fcr einfaches und pr\u00e4zises Auftragen. Zieht schnell ein, ohne R\u00fcckst\u00e4nde zu hinterlassen, und ist f\u00fcr die Anwendung am Abend geeignet. Kein Absp\u00fclen erforderlich.<br \/>\n&#8211; Die hochwertige Formel sorgt f\u00fcr nat\u00fcrlich bezaubernde Augen, f\u00f6rdert das Wimpernwachstum und macht die Wimpern dick und schlank.<\/p>\n","protected":false},"excerpt":{"rendered":"<p>Werbung<br \/>\n8ml Wimpernserum Wimpern Serum, Wimpern Conditioner, St\u00e4Rkt Die Wimpernstruktur, sorgt f\u00fcr lange dichte Zilien, Tiefviolett<\/p>\n","protected":false},"featured_media":35105,"comment_status":"open","ping_status":"closed","template":"","meta":[],"product_cat":[15],"product_tag":[],"class_list":{"0":"post-35106","1":"product","2":"type-product","3":"status-publish","4":"has-post-thumbnail","6":"product_cat-sin-categorizar","7":"nodate","8":"item-wrap","10":"first","11":"instock","12":"shipping-taxable","13":"product-type-external"},"_links":{"self":[{"href":"https:\/\/lofimusic.com.es\/index.php\/wp-json\/wp\/v2\/product\/35106","targetHints":{"allow":["GET"]}}],"collection":[{"href":"https:\/\/lofimusic.com.es\/index.php\/wp-json\/wp\/v2\/product"}],"about":[{"href":"https:\/\/lofimusic.com.es\/index.php\/wp-json\/wp\/v2\/types\/product"}],"replies":[{"embeddable":true,"href":"https:\/\/lofimusic.com.es\/index.php\/wp-json\/wp\/v2\/comments?post=35106"}],"wp:featuredmedia":[{"embeddable":true,"href":"https:\/\/lofimusic.com.es\/index.php\/wp-json\/wp\/v2\/media\/35105"}],"wp:attachment":[{"href":"https:\/\/lofimusic.com.es\/index.php\/wp-json\/wp\/v2\/media?parent=35106"}],"wp:term":[{"taxonomy":"product_cat","embeddable":true,"href":"https:\/\/lofimusic.com.es\/index.php\/wp-json\/wp\/v2\/product_cat?post=35106"},{"taxonomy":"product_tag","embeddable":true,"href":"https:\/\/lofimusic.com.es\/index.php\/wp-json\/wp\/v2\/product_tag?post=35106"}],"curies":[{"name":"wp","href":"https:\/\/api.w.org\/{rel}","templated":true}]}}