{"id":35092,"date":"2026-04-12T09:19:10","date_gmt":"2026-04-12T09:19:10","guid":{"rendered":"https:\/\/lofimusic.com.es\/index.php\/producto\/b0gfclsjlk_de\/"},"modified":"2026-04-12T09:19:10","modified_gmt":"2026-04-12T09:19:10","slug":"b0gfclsjlk_de","status":"publish","type":"product","link":"https:\/\/lofimusic.com.es\/index.php\/producto\/b0gfclsjlk_de\/","title":{"rendered":"B0GFCLSJLK_DE"},"content":{"rendered":"<p>&#8211; Dieses Paket enth\u00e4lt 144 Pflaster in verschiedenen Gr\u00f6\u00dfen, die grundlegende Unterst\u00fctzung beim Verbergen und Sch\u00fctzen von Hautunreinheiten w\u00e4hrend der t\u00e4glichen Hautpflege bieten.<br \/>\n&#8211; Die Pflaster bestehen aus leichtem, atmungsaktivem Material und verf\u00fcgen \u00fcber eine dezente, matte Oberfl\u00e4che mit wasserabweisenden Eigenschaften f\u00fcr sicheren Halt.<br \/>\n&#8211; Nach dem Aufkleben bilden sie eine sch\u00fctzende Umgebung um Hautunreinheiten herum, tragen zur Sauberkeit bei und unterst\u00fctzen den nat\u00fcrlichen Heilungsprozess der Haut. Eine ideale L\u00f6sung f\u00fcr die Abdeckung und den Schutz von Hautunreinheiten unterwegs.<br \/>\n&#8211; W\u00e4hlen Sie nach der Reinigung der Haut die passende Pflastergr\u00f6\u00dfe aus und kleben Sie das Pflaster auf die Hautunreinheit. Dr\u00fccken Sie es leicht an, damit es gut haftet. Sie k\u00f6nnen es tags\u00fcber und nachts bequem tragen.<br \/>\n&#8211; Geeignet f\u00fcr die vor\u00fcbergehende Abdeckung von Hautunreinheiten w\u00e4hrend der t\u00e4glichen Hautpflege, zu Hause oder unterwegs. Empfohlen f\u00fcr Anwender, die ein sauberes, gepflegtes Aussehen bewahren m\u00f6chten.<\/p>\n","protected":false},"excerpt":{"rendered":"<p>Werbung<br \/>\n144 St\u00fcck Unsichtbare Pickel Patch, Pickel Pflaster, Pimple Patches f\u00fcr das Gesicht, Pflaster Wasserdicht &amp; Atmungsaktiv Absorptions Acne Patches, Patch Tag &amp; Nacht, Reduziert Pickelgr\u00f6\u00dfe<\/p>\n","protected":false},"featured_media":35091,"comment_status":"open","ping_status":"closed","template":"","meta":[],"product_cat":[15],"product_tag":[],"class_list":{"0":"post-35092","1":"product","2":"type-product","3":"status-publish","4":"has-post-thumbnail","6":"product_cat-sin-categorizar","7":"nodate","8":"item-wrap","10":"first","11":"instock","12":"shipping-taxable","13":"product-type-external"},"_links":{"self":[{"href":"https:\/\/lofimusic.com.es\/index.php\/wp-json\/wp\/v2\/product\/35092","targetHints":{"allow":["GET"]}}],"collection":[{"href":"https:\/\/lofimusic.com.es\/index.php\/wp-json\/wp\/v2\/product"}],"about":[{"href":"https:\/\/lofimusic.com.es\/index.php\/wp-json\/wp\/v2\/types\/product"}],"replies":[{"embeddable":true,"href":"https:\/\/lofimusic.com.es\/index.php\/wp-json\/wp\/v2\/comments?post=35092"}],"wp:featuredmedia":[{"embeddable":true,"href":"https:\/\/lofimusic.com.es\/index.php\/wp-json\/wp\/v2\/media\/35091"}],"wp:attachment":[{"href":"https:\/\/lofimusic.com.es\/index.php\/wp-json\/wp\/v2\/media?parent=35092"}],"wp:term":[{"taxonomy":"product_cat","embeddable":true,"href":"https:\/\/lofimusic.com.es\/index.php\/wp-json\/wp\/v2\/product_cat?post=35092"},{"taxonomy":"product_tag","embeddable":true,"href":"https:\/\/lofimusic.com.es\/index.php\/wp-json\/wp\/v2\/product_tag?post=35092"}],"curies":[{"name":"wp","href":"https:\/\/api.w.org\/{rel}","templated":true}]}}