{"id":35062,"date":"2026-04-11T20:52:39","date_gmt":"2026-04-11T20:52:39","guid":{"rendered":"https:\/\/lofimusic.com.es\/index.php\/producto\/b0g4g43spb_es\/"},"modified":"2026-04-11T20:52:39","modified_gmt":"2026-04-11T20:52:39","slug":"b0g4g43spb_es","status":"publish","type":"product","link":"https:\/\/lofimusic.com.es\/index.php\/producto\/b0g4g43spb_es\/","title":{"rendered":"B0G4G43SPB_ES"},"content":{"rendered":"<p>&#8211; \u3010Brillo ajustable\u3011: Cada luz armario sensor movimiento cuenta con 42 LEDs de alta intensidad, ofreciendo tres niveles de brillo para adaptarse a diferentes necesidades de iluminaci\u00f3n y entornos. Ya sea para cocinas, dormitorios o incluso espacios peque\u00f1os como cajones y armarios, esta luz de armario a pilas es una excelente opci\u00f3n.<br \/>\n&#8211; \u3010Luz led con Sensor de Movimiento\u3011: Se encienden autom\u00e1ticamente cuando se detecta movimiento a menos de 5 metros, proporcionando seguridad y comodidad en poca luz o oscuridad. La luz sensor movimiento interior se apaga tras 15 segundos sin moverse. El modo Always On ofrece iluminaci\u00f3n continua para el uso diario.<br \/>\n&#8211; \u3010Bater\u00eda Recargable\u3011: Equipadas con una bater\u00eda de 1000mAh, estas luces recargables bajo el armario duran hasta 5 horas en modo siempre encendido y entre 7 y 30 d\u00edas en modo sensor de movimiento. No hace falta recargarse con frecuencia. Puedes cargar completamente las luces bajo el armario en 3-5 horas mediante un cable tipo C 3 en 1.<br \/>\n&#8211; \u3010Instalaci\u00f3n f\u00e1cil\u3011: La led cocina bajo mueble viene con piezas magn\u00e9ticas, lo que permite adsorberla en algunos productos de hierro. La chapa de hierro viene incluida en el paquete, puedes colocar f\u00e1cilmente las luces bajo el armario donde quieras, no necesitas otras herramientas ni tornillos.<br \/>\n&#8211; \u3010Regalo Perfecto \u3011: Un embalaje exquisito hace que estas luz con sensor de movimiento sean un regalo ideal para los seres queridos. La iluminaci\u00f3n bajo los armarios Daphomeu es ideal para la cocina, dormitorio, armario, armario, taller, garaje, escalera, pasillo, trastero, etc. Si el producto llega da\u00f1ado o si hay problemas de calidad, por favor cont\u00e1ctanos libremente y te proporcionaremos una soluci\u00f3n satisfactoria.<\/p>\n","protected":false},"excerpt":{"rendered":"<p>Publicidad daphomeu 5 Pack 30CM Luces led Cocina Recargables, Luz Armario Sensor Movimiento Atenuable tipo C carga, Blanco fr\u00edo Luz Sensor Movimiento Interior, Lampara Led para estanter\u00eda, armario de escaleras<\/p>\n","protected":false},"featured_media":35061,"comment_status":"open","ping_status":"closed","template":"","meta":[],"product_cat":[15],"product_tag":[],"class_list":{"0":"post-35062","1":"product","2":"type-product","3":"status-publish","4":"has-post-thumbnail","6":"product_cat-sin-categorizar","7":"nodate","8":"item-wrap","10":"first","11":"instock","12":"shipping-taxable","13":"product-type-external"},"_links":{"self":[{"href":"https:\/\/lofimusic.com.es\/index.php\/wp-json\/wp\/v2\/product\/35062","targetHints":{"allow":["GET"]}}],"collection":[{"href":"https:\/\/lofimusic.com.es\/index.php\/wp-json\/wp\/v2\/product"}],"about":[{"href":"https:\/\/lofimusic.com.es\/index.php\/wp-json\/wp\/v2\/types\/product"}],"replies":[{"embeddable":true,"href":"https:\/\/lofimusic.com.es\/index.php\/wp-json\/wp\/v2\/comments?post=35062"}],"wp:featuredmedia":[{"embeddable":true,"href":"https:\/\/lofimusic.com.es\/index.php\/wp-json\/wp\/v2\/media\/35061"}],"wp:attachment":[{"href":"https:\/\/lofimusic.com.es\/index.php\/wp-json\/wp\/v2\/media?parent=35062"}],"wp:term":[{"taxonomy":"product_cat","embeddable":true,"href":"https:\/\/lofimusic.com.es\/index.php\/wp-json\/wp\/v2\/product_cat?post=35062"},{"taxonomy":"product_tag","embeddable":true,"href":"https:\/\/lofimusic.com.es\/index.php\/wp-json\/wp\/v2\/product_tag?post=35062"}],"curies":[{"name":"wp","href":"https:\/\/api.w.org\/{rel}","templated":true}]}}