{"id":34860,"date":"2026-04-07T09:33:15","date_gmt":"2026-04-07T09:33:15","guid":{"rendered":"https:\/\/lofimusic.com.es\/index.php\/producto\/b0fb3gnbtd_es-5\/"},"modified":"2026-04-07T09:33:15","modified_gmt":"2026-04-07T09:33:15","slug":"b0fb3gnbtd_es-5","status":"publish","type":"product","link":"https:\/\/lofimusic.com.es\/index.php\/producto\/b0fb3gnbtd_es-5\/","title":{"rendered":"B0FB3GNBTD_ES"},"content":{"rendered":"<p>&#8211; \ud83e\uddf1\u3010Dise\u00f1o de Dibujos Animados y P\u00edxeles\u3011La mini m\u00e1quina de karaoke OYAKG est\u00e1 dise\u00f1ada en estilo pixel art, combinando bloques de colores llamativos y elementos cuadrados retro para una apariencia \u00fanica y brillante, brindando diversi\u00f3n tanto tecnol\u00f3gica como infantil y permitiendo que la creatividad de su hijo se inspire en la m\u00fasica. juguetes ni\u00f1os 3 a\u00f1os, juguetes ni\u00f1os 4 a\u00f1os, juguetes ni\u00f1os 5 a\u00f1os<br \/>\n&#8211; \ud83c\udfa4\u3010Micr\u00f3fono Dual, Actualizaci\u00f3n Interactiva\u3011El karaoke incluye dos micr\u00f3fonos inal\u00e1mbricos que permiten a dos personas cantar juntas. Es ideal para que hermanos, amigos o padres e hijos se diviertan juntos, creando una experiencia de karaoke familiar exclusiva. Mejora f\u00e1cilmente la expresi\u00f3n oral y la confianza en s\u00ed mismo de tu hijo. juguetes ni\u00f1os 6 a\u00f1os, juguetes ni\u00f1os 7 a\u00f1os, juguetes ni\u00f1os 8 a\u00f1os<br \/>\n&#8211; \ud83c\udfe0\u3010Voz M\u00e1gica, LED Colorido\u3011Esta m\u00e1quina de karaoke cuenta con 4 m\u00e1gicos efectos de voz que se activan con solo pulsar un bot\u00f3n para dar rienda suelta a la creatividad. Al encenderla, se ilumina y las luces cambian al ritmo de la voz, ofreciendo a los ni\u00f1os un doble disfrute visual y auditivo, como si estuvieran en el centro del escenario. regalo ni\u00f1os 3 a\u00f1os, regalo ni\u00f1os 4 a\u00f1os, regalo ni\u00f1os 5 a\u00f1os<br \/>\n&#8211; \ud83c\udfb5\u3010Conexi\u00f3n Bluetooth, Tarjeta TF\u3011Esta m\u00e1quina de karaoke admite la conexi\u00f3n Bluetooth a tel\u00e9fonos m\u00f3viles, tabletas y otros dispositivos para reproducir m\u00fasica, cuentos y canciones infantiles. El dise\u00f1o de la ranura para tarjeta TF tambi\u00e9n es conveniente para jugar sin conexi\u00f3n, ya sea en casa o de viaje, el ni\u00f1o puede disfrutar del acompa\u00f1amiento musical.<br \/>\n&#8211; \ud83c\udf81\u3010Port\u00e1til y F\u00e1cil de Usar, Perfecto Regalo\u3011Su cuerpo ligero y correa de transporte facilitan su transporte. El panel de control es sencillo e intuitivo, ideal para ni\u00f1os mayores de 3 a\u00f1os. Es un regalo creativo ideal para cumplea\u00f1os, Navidad y otras festividades. regalo ni\u00f1os 6 a\u00f1os, regalo ni\u00f1os 7 a\u00f1os, regalo ni\u00f1os 8 a\u00f1os<\/p>\n","protected":false},"excerpt":{"rendered":"<p>Publicidad Super Bro Karaoke Infantil 2 Microfonos Inalambricos, Karaoke Juguetes para Ni\u00f1os 3-12 A\u00f1os, Micr\u00f3fono Inal\u00e1mbrico Bluetooth para Cantar Juguetes Ni\u00f1o 3-12 A\u00f1os, Regalo Ni\u00f1os Ni\u00f1a<\/p>\n","protected":false},"featured_media":34859,"comment_status":"open","ping_status":"closed","template":"","meta":[],"product_cat":[15],"product_tag":[],"class_list":{"0":"post-34860","1":"product","2":"type-product","3":"status-publish","4":"has-post-thumbnail","6":"product_cat-sin-categorizar","7":"nodate","8":"item-wrap","10":"first","11":"instock","12":"shipping-taxable","13":"product-type-external"},"_links":{"self":[{"href":"https:\/\/lofimusic.com.es\/index.php\/wp-json\/wp\/v2\/product\/34860","targetHints":{"allow":["GET"]}}],"collection":[{"href":"https:\/\/lofimusic.com.es\/index.php\/wp-json\/wp\/v2\/product"}],"about":[{"href":"https:\/\/lofimusic.com.es\/index.php\/wp-json\/wp\/v2\/types\/product"}],"replies":[{"embeddable":true,"href":"https:\/\/lofimusic.com.es\/index.php\/wp-json\/wp\/v2\/comments?post=34860"}],"wp:featuredmedia":[{"embeddable":true,"href":"https:\/\/lofimusic.com.es\/index.php\/wp-json\/wp\/v2\/media\/34859"}],"wp:attachment":[{"href":"https:\/\/lofimusic.com.es\/index.php\/wp-json\/wp\/v2\/media?parent=34860"}],"wp:term":[{"taxonomy":"product_cat","embeddable":true,"href":"https:\/\/lofimusic.com.es\/index.php\/wp-json\/wp\/v2\/product_cat?post=34860"},{"taxonomy":"product_tag","embeddable":true,"href":"https:\/\/lofimusic.com.es\/index.php\/wp-json\/wp\/v2\/product_tag?post=34860"}],"curies":[{"name":"wp","href":"https:\/\/api.w.org\/{rel}","templated":true}]}}