{"id":345,"date":"2024-09-13T18:21:05","date_gmt":"2024-09-13T18:21:05","guid":{"rendered":"https:\/\/lofimusic.com.es\/index.php\/producto\/b0d56v6dkt_it\/"},"modified":"2024-09-13T18:21:05","modified_gmt":"2024-09-13T18:21:05","slug":"b0d56v6dkt_it","status":"publish","type":"product","link":"https:\/\/lofimusic.com.es\/index.php\/producto\/b0d56v6dkt_it\/","title":{"rendered":"B0D56V6DKT_IT"},"content":{"rendered":"<p>&#8211; [ LED Notturno Incorporato ] Accendete la luce LED superluminosa costruita per individuare le mosche nel buio, agitate il batacchio nella mano e tenete premuto il pulsante motorizzato per distruggere gli insetti volanti! Perfetto per godersi un barbecue al crepuscolo, sedersi sul patio di notte o andare in campeggio nei boschi.<br \/>\n&#8211; [ 18 Perle LED ] In modalit\u00e0 automatica, \u00e8 sufficiente inserire lo scacciamosche elettrico ricaricabile nella base di ricarica per farlo funzionare automaticamente. 18 perle LED super luminose elettrizzeranno l&#8217;intero scacciamosche e attireranno gli insetti verso la griglia ad alta tensione per poi fulminarli.<br \/>\n&#8211; [ Efficient Mosquito Killer ] Lo Racchetta Zanzare Elettrica \u00e8 dotato di una potente griglia ad alta tensione da 4000V. Premendo un pulsante, la potente lampada ammazzamosche uccide efficacemente mosche, zanzare e altri insetti volanti. Le specifiche lunghezze d&#8217;onda UV 365-395NM attirano le zanzare che si avvicinano alla griglia ad alta tensione e vengono immediatamente fulminate.<br \/>\n&#8211; [ Durata della batteria sufficiente ] La Racchetta Zanzare Elettrica da volo \u00e8 dotata di serie di una batteria da 1800 mAh. \u00c8 possibile caricarla attraverso le 2 porte di tipo C e, quando si rimuove l&#8217;impugnatura della batteria, \u00e8 possibile collegare la porta di tipo C all&#8217;impugnatura della racchetta da mosca per mantenerla in funzione.<br \/>\n&#8211; [ Design portatile ] Progettato per i viaggi, la funzione di smontaggio consente di trasportarlo facilmente, di riporlo in borse e zaini e di portarlo con s\u00e9 ovunque si desideri utilizzarlo. Inoltre, non smontarlo troppo spesso pu\u00f2 compromettere l&#8217;utilizzo di un contatto scadente.<\/p>\n","protected":false},"excerpt":{"rendered":"<p>pubblicit\u00e0<br \/>\nPALONE Racchetta Zanzare Elettrica 4000V con 2 Type-C, Portatile Ricaricabile 1800mAh Scacciamosche Elettrico Rimovibile, Notte LED &amp; Base di Ricarica USB C<\/p>\n","protected":false},"featured_media":344,"comment_status":"open","ping_status":"closed","template":"","meta":[],"product_cat":[15],"product_tag":[],"class_list":{"0":"post-345","1":"product","2":"type-product","3":"status-publish","4":"has-post-thumbnail","6":"product_cat-sin-categorizar","7":"nodate","8":"item-wrap","10":"first","11":"instock","12":"shipping-taxable","13":"product-type-external"},"_links":{"self":[{"href":"https:\/\/lofimusic.com.es\/index.php\/wp-json\/wp\/v2\/product\/345","targetHints":{"allow":["GET"]}}],"collection":[{"href":"https:\/\/lofimusic.com.es\/index.php\/wp-json\/wp\/v2\/product"}],"about":[{"href":"https:\/\/lofimusic.com.es\/index.php\/wp-json\/wp\/v2\/types\/product"}],"replies":[{"embeddable":true,"href":"https:\/\/lofimusic.com.es\/index.php\/wp-json\/wp\/v2\/comments?post=345"}],"wp:featuredmedia":[{"embeddable":true,"href":"https:\/\/lofimusic.com.es\/index.php\/wp-json\/wp\/v2\/media\/344"}],"wp:attachment":[{"href":"https:\/\/lofimusic.com.es\/index.php\/wp-json\/wp\/v2\/media?parent=345"}],"wp:term":[{"taxonomy":"product_cat","embeddable":true,"href":"https:\/\/lofimusic.com.es\/index.php\/wp-json\/wp\/v2\/product_cat?post=345"},{"taxonomy":"product_tag","embeddable":true,"href":"https:\/\/lofimusic.com.es\/index.php\/wp-json\/wp\/v2\/product_tag?post=345"}],"curies":[{"name":"wp","href":"https:\/\/api.w.org\/{rel}","templated":true}]}}