{"id":331,"date":"2024-09-13T18:13:03","date_gmt":"2024-09-13T18:13:03","guid":{"rendered":"https:\/\/lofimusic.com.es\/index.php\/producto\/b0ctc1jz93_fr\/"},"modified":"2024-09-13T18:13:03","modified_gmt":"2024-09-13T18:13:03","slug":"b0ctc1jz93_fr","status":"publish","type":"product","link":"https:\/\/lofimusic.com.es\/index.php\/producto\/b0ctc1jz93_fr\/","title":{"rendered":"B0CTC1JZ93_FR"},"content":{"rendered":"<p>&#8211; \u2744\ufe0f\u3010Rafra\u00eechisseur multifonctionnels\u3011Le rafra\u00eechisseur d&#8217;air qui a plusieurs fonctions, sert de refroidisseur d&#8217;air, de chauffage, d&#8217;humidificateur et de purificateur d&#8217;air. Avec une seule machine, tous vos besoins sont parfaitement satisfaits. Gr\u00e2ce \u00e0 l&#8217;\u00e9vaporation, il refroidit la temp\u00e9rature. Alors qu&#8217;en hiver, il d\u00e9gage de la chaleur gr\u00e2ce au chauffage.<br \/>\n&#8211; \ud83c\udf1e\u30103 vitesses &amp; minuterie 8 h\u3011Dot\u00e9 d&#8217;une fonction de minuterie, le rafra\u00eechisseur d&#8217;air avec chauffage vous permet de dormir confortablement toute la nuit \u00e0 une temp\u00e9rature ad\u00e9quate. De plus, le rafra\u00eechisseur peut \u00eatre r\u00e9gl\u00e9 sur 3 vitesses pour vous donner la temp\u00e9rature dont vous avez besoin.<br \/>\n&#8211; \u2744\ufe0f\u3010Sant\u00e9 et air pur\u3011En plus d&#8217;offrir de la fra\u00eecheur et de la chaleur, il cr\u00e9e un environnement sain avec de l&#8217;air pur. Sp\u00e9cialement con\u00e7u avec une fonction de purification de l&#8217;air, le refroidisseur d&#8217;air avec chauffage aide \u00e0 purifier et \u00e0 st\u00e9riliser l&#8217;air en lib\u00e9rant des ions n\u00e9gatifs, cela garantit votre sant\u00e9.<br \/>\n&#8211; \ud83c\udf1e\u3010Conceptions faciles \u00e0 utiliser\u3011L&#8217;\u00e9cran LCD peut indiquer clairement la vitesse et la dur\u00e9e pour une utilisation facile. Conforme pour apporter un maximum de confort, il est \u00e9galement livr\u00e9 avec la t\u00e9l\u00e9commande pour une utilisation instantan\u00e9e. Vous pouvez contr\u00f4ler librement le refroidisseur d&#8217;air dans la pi\u00e8ce.<br \/>\n&#8211; \u2744\ufe0f\u3010Roues mobiles &amp; taille compacte\u3011Les 4 roues sont utiles pour le d\u00e9placement, ce qui permet d&#8217;apporter la fra\u00eecheur partout. Le rafra\u00eechisseur d&#8217;air avec chauffage mesure 38 x 28,5 x 74,5cm, et p\u00e8se 8kg. De taille compacte, il s&#8217;adapte parfaitement \u00e0 la plupart des pi\u00e8ces.<\/p>\n","protected":false},"excerpt":{"rendered":"<p>publicit\u00e9<br \/>\nCOSTWAY Rafra\u00eechisseur d&#8217;Air 5 EN 1,Mini Climatiseur Portable 7L Climatiseur Mobile sans \u00c9vacuation Refroidissement,Chauffage,Ventilateur,Humidificateur,Purification,Minuterie 8H<\/p>\n","protected":false},"featured_media":330,"comment_status":"open","ping_status":"closed","template":"","meta":[],"product_cat":[15],"product_tag":[],"class_list":{"0":"post-331","1":"product","2":"type-product","3":"status-publish","4":"has-post-thumbnail","6":"product_cat-sin-categorizar","7":"nodate","8":"item-wrap","10":"first","11":"instock","12":"shipping-taxable","13":"product-type-external"},"_links":{"self":[{"href":"https:\/\/lofimusic.com.es\/index.php\/wp-json\/wp\/v2\/product\/331","targetHints":{"allow":["GET"]}}],"collection":[{"href":"https:\/\/lofimusic.com.es\/index.php\/wp-json\/wp\/v2\/product"}],"about":[{"href":"https:\/\/lofimusic.com.es\/index.php\/wp-json\/wp\/v2\/types\/product"}],"replies":[{"embeddable":true,"href":"https:\/\/lofimusic.com.es\/index.php\/wp-json\/wp\/v2\/comments?post=331"}],"wp:featuredmedia":[{"embeddable":true,"href":"https:\/\/lofimusic.com.es\/index.php\/wp-json\/wp\/v2\/media\/330"}],"wp:attachment":[{"href":"https:\/\/lofimusic.com.es\/index.php\/wp-json\/wp\/v2\/media?parent=331"}],"wp:term":[{"taxonomy":"product_cat","embeddable":true,"href":"https:\/\/lofimusic.com.es\/index.php\/wp-json\/wp\/v2\/product_cat?post=331"},{"taxonomy":"product_tag","embeddable":true,"href":"https:\/\/lofimusic.com.es\/index.php\/wp-json\/wp\/v2\/product_tag?post=331"}],"curies":[{"name":"wp","href":"https:\/\/api.w.org\/{rel}","templated":true}]}}