{"id":299,"date":"2024-09-13T17:53:03","date_gmt":"2024-09-13T17:53:03","guid":{"rendered":"https:\/\/lofimusic.com.es\/index.php\/producto\/b0d73sgy24_fr\/"},"modified":"2024-09-13T17:53:03","modified_gmt":"2024-09-13T17:53:03","slug":"b0d73sgy24_fr","status":"publish","type":"product","link":"https:\/\/lofimusic.com.es\/index.php\/producto\/b0d73sgy24_fr\/","title":{"rendered":"B0D73SGY24_FR"},"content":{"rendered":"<p>&#8211; D\u00e9tecteurs de cam\u00e9ras cach\u00e9es 4 en 1\uff1a4 fonctions.1.D\u00e9tection de signaux comme les cam\u00e9ras cach\u00e9es, les traceurs GPS, les mouchards audio. 2. D\u00e9tecteur de cam\u00e9ra cach\u00e9e pour rep\u00e9rer la cam\u00e9ra cach\u00e9e \u00e0 st\u00e9nop\u00e9 par une simple inspection visuelle via un balayage laser infrarouge. 3. D\u00e9tection infrarouge, pour les cam\u00e9ras de vision nocturne infrarouge. 4. D\u00e9tection de champ magn\u00e9tique, pour les traceurs GPS magn\u00e9tis\u00e9s. Ce d\u00e9tecteur de cam\u00e9ra anti-espion est dot\u00e9 de 2 modes d&#8217;alarme : un bip sonore et une vibration.<br \/>\n&#8211; Note : Camera Detector &amp; Camera Lens Finder pour d\u00e9couvrir les cam\u00e9ras cach\u00e9es avec une inspection visuelle directe avec un balayage laser infrarouge, pas d&#8217;alarme. D\u00e9tection infrarouge, pour les cam\u00e9ras de vision nocturne infrarouge. Ce d\u00e9tecteur de cam\u00e9ra \u00e9mettra une alarme lors de la d\u00e9tection, mais il est n\u00e9cessaire de garder la pi\u00e8ce aussi sombre que possible d&#8217;abord.<br \/>\n&#8211; Sa conception compacte et portable vous permet de l&#8217;emporter partout, offrant une protection de la vie priv\u00e9e en d\u00e9placement aussi pratique qu&#8217;un super pouvoir de poche ! Dot\u00e9 d&#8217;une technologie de pointe, ce d\u00e9tecteur d&#8217;insectes offre des r\u00e9sultats de d\u00e9tection pr\u00e9cis et fiables qui font mouche ! Vous pouvez l&#8217;utiliser dans les vestiaires ou les salles de bains pour vous assurer que votre vie priv\u00e9e n&#8217;est pas compromise.<br \/>\n&#8211; Compact et portable : Ce d\u00e9tecteur de cam\u00e9ra cach\u00e9e et de mouchard est parfaitement adapt\u00e9 \u00e0 la maison, au bureau, aux voyages, \u00e0 la voiture, etc. Il est \u00e9galement recommand\u00e9 de scanner les chambres \u00e0 coucher, les salles de bains, les pi\u00e8ces, les pots de fleurs, les horloges murales, les miroirs, les ampoules, les haut-parleurs, etc&#8230; Les cam\u00e9ras, les d\u00e9tecteurs de traceurs GPS, peuvent \u00eatre utilis\u00e9s pour d\u00e9tecter les traceurs GPS de voiture, et d&#8217;autres dispositifs.<br \/>\n&#8211; Satisfaction et assurance qualit\u00e9 : Notre \u00e9quipe d&#8217;assistance \u00e0 la client\u00e8le est pr\u00eate \u00e0 vous aider en vous fournissant une assistance professionnelle. Nos produits offrent un service de remplacement gratuit de 30 jours, un service de maintenance premium d&#8217;un an, ce qui r\u00e9sout compl\u00e8tement vos probl\u00e8mes. Nous sommes toujours convaincus qu&#8217;un service apr\u00e8s-vente parfait est le meilleur moyen de vous faire confiance. En cas de probl\u00e8me lors de l&#8217;utilisation du produit, veuillez nous contacter \u00e0 temps, nous r\u00e9soudrons le probl\u00e8me du premier coup.<\/p>\n","protected":false},"excerpt":{"rendered":"<p>publicit\u00e9<br \/>\nD\u00e9tecteur Micro Espion, D\u00e9tecteur De Cam\u00e9ra Espion, D\u00e9tecteur Anti-Espion Bug, Scanner De Traceur GPS Anti-Espion, D\u00e9Tecteur D&#8217;\u00e9Coute GSM GPS Tracker Scanner pour Les H\u00f4Tels<\/p>\n","protected":false},"featured_media":298,"comment_status":"open","ping_status":"closed","template":"","meta":[],"product_cat":[15],"product_tag":[],"class_list":{"0":"post-299","1":"product","2":"type-product","3":"status-publish","4":"has-post-thumbnail","6":"product_cat-sin-categorizar","7":"nodate","8":"item-wrap","10":"first","11":"instock","12":"shipping-taxable","13":"product-type-external"},"_links":{"self":[{"href":"https:\/\/lofimusic.com.es\/index.php\/wp-json\/wp\/v2\/product\/299","targetHints":{"allow":["GET"]}}],"collection":[{"href":"https:\/\/lofimusic.com.es\/index.php\/wp-json\/wp\/v2\/product"}],"about":[{"href":"https:\/\/lofimusic.com.es\/index.php\/wp-json\/wp\/v2\/types\/product"}],"replies":[{"embeddable":true,"href":"https:\/\/lofimusic.com.es\/index.php\/wp-json\/wp\/v2\/comments?post=299"}],"wp:featuredmedia":[{"embeddable":true,"href":"https:\/\/lofimusic.com.es\/index.php\/wp-json\/wp\/v2\/media\/298"}],"wp:attachment":[{"href":"https:\/\/lofimusic.com.es\/index.php\/wp-json\/wp\/v2\/media?parent=299"}],"wp:term":[{"taxonomy":"product_cat","embeddable":true,"href":"https:\/\/lofimusic.com.es\/index.php\/wp-json\/wp\/v2\/product_cat?post=299"},{"taxonomy":"product_tag","embeddable":true,"href":"https:\/\/lofimusic.com.es\/index.php\/wp-json\/wp\/v2\/product_tag?post=299"}],"curies":[{"name":"wp","href":"https:\/\/api.w.org\/{rel}","templated":true}]}}